{"id":736707,"date":"2025-08-27T23:13:36","date_gmt":"2025-08-27T20:13:36","guid":{"rendered":"https:\/\/roveyayinevi.com.tr\/index.php\/urun\/spor-yonetim-blimlerinde-guncel-konular\/"},"modified":"2026-04-16T02:45:46","modified_gmt":"2026-04-15T23:45:46","slug":"spor-yonetim-blimlerinde-guncel-konular","status":"publish","type":"product","link":"https:\/\/roveyayinevi.com.tr\/index.php\/urun\/spor-yonetim-blimlerinde-guncel-konular\/","title":{"rendered":"Spor Y\u00f6netim Blimlerinde G\u00fcncel Konular"},"content":{"rendered":"<p>\u00b7         CUMHUR\u0130YET D\u00d6NEM\u0130NDE BEDEN E\u011e\u0130T\u0130M\u0130 VE SPOR \u00d6\u011eRETMEN\u0130N\u0130N YET\u0130\u015eT\u0130R\u0130LMES\u0130   \u00b7         \u0130SPANYA&#8217;DA SPOR   \u00b7         SPOR Y\u00d6NET\u0130M\u0130NDE \u00d6RG\u00dcTSEL DAVRANI\u015e   \u00b7         SPOR Y\u00d6NET\u0130M\u0130NDE \u00d6RG\u00dcT \u0130KL\u0130M\u0130   \u00b7         K\u00dcRESELLE\u015eME VE SPOR EKONOM\u0130S\u0130   \u00b7         SPOR Y\u00d6NET\u0130M\u0130NDE Z\u0130H\u0130NSEL HAZIRLIK <\/p>\n","protected":false},"excerpt":{"rendered":"<p>\u00b7 CUMHUR\u0130YET D\u00d6NEM\u0130NDE BEDEN E\u011e\u0130T\u0130M\u0130 VE SPOR \u00d6\u011eRETMEN\u0130N\u0130N YET\u0130\u015eT\u0130R\u0130LMES\u0130 \u00b7 \u0130SPANYA&#8217;DA SPOR \u00b7 SPOR Y\u00d6NET\u0130M\u0130NDE \u00d6RG\u00dcTSEL DAVRANI\u015e \u00b7 SPOR Y\u00d6NET\u0130M\u0130NDE \u00d6RG\u00dcT \u0130KL\u0130M\u0130 \u00b7 K\u00dcRESELLE\u015eME VE SPOR<span class=\"excerpt-hellip\"> [\u2026]<\/span><\/p>\n","protected":false},"featured_media":0,"template":"","meta":{"_monsterinsights_skip_tracking":false,"_monsterinsights_sitenote_active":false,"_monsterinsights_sitenote_note":"","_monsterinsights_sitenote_category":0},"product_brand":[],"product_cat":[15563,15564],"product_tag":[],"class_list":{"0":"post-736707","1":"product","2":"type-product","3":"status-publish","5":"product_cat-hobi","6":"product_cat-spor","7":"pa_cilt-ciltsiz","8":"pa_tur-kitap","9":"pa_yayinevi-gazi-kitabevi","10":"pa_yazar-hakan-sunay","12":"first","13":"instock","14":"sale","15":"shipping-taxable","16":"purchasable","17":"product-type-simple"},"_links":{"self":[{"href":"https:\/\/roveyayinevi.com.tr\/index.php\/wp-json\/wp\/v2\/product\/736707","targetHints":{"allow":["GET"]}}],"collection":[{"href":"https:\/\/roveyayinevi.com.tr\/index.php\/wp-json\/wp\/v2\/product"}],"about":[{"href":"https:\/\/roveyayinevi.com.tr\/index.php\/wp-json\/wp\/v2\/types\/product"}],"wp:attachment":[{"href":"https:\/\/roveyayinevi.com.tr\/index.php\/wp-json\/wp\/v2\/media?parent=736707"}],"wp:term":[{"taxonomy":"product_brand","embeddable":true,"href":"https:\/\/roveyayinevi.com.tr\/index.php\/wp-json\/wp\/v2\/product_brand?post=736707"},{"taxonomy":"product_cat","embeddable":true,"href":"https:\/\/roveyayinevi.com.tr\/index.php\/wp-json\/wp\/v2\/product_cat?post=736707"},{"taxonomy":"product_tag","embeddable":true,"href":"https:\/\/roveyayinevi.com.tr\/index.php\/wp-json\/wp\/v2\/product_tag?post=736707"}],"curies":[{"name":"wp","href":"https:\/\/api.w.org\/{rel}","templated":true}]}}