{"id":736704,"date":"2025-08-27T23:13:34","date_gmt":"2025-08-27T20:13:34","guid":{"rendered":"https:\/\/roveyayinevi.com.tr\/index.php\/urun\/uzaktan-calismada-yonetsel-konular\/"},"modified":"2026-04-16T02:45:46","modified_gmt":"2026-04-15T23:45:46","slug":"uzaktan-calismada-yonetsel-konular","status":"publish","type":"product","link":"https:\/\/roveyayinevi.com.tr\/index.php\/urun\/uzaktan-calismada-yonetsel-konular\/","title":{"rendered":"Uzaktan \u00c7al\u0131\u015fmada Y\u00f6netsel Konular"},"content":{"rendered":"<p>B\u00d6L\u00dcM 1 UZAKTAN \u00c7ALI\u015eMANIN TAR\u0130H\u00c7ES\u0130   B\u00d6L\u00dcM 2 A\u011e TOPLUMUNDA B\u0130LG\u0130 \u00c7ALI\u015eANLARI VE ESNEK \u00c7ALI\u015eMA   B\u00d6L\u00dcM 3 DE\u011e\u0130\u015eEN D\u00dcNYADA UZAKTAN \u00c7ALI\u015eMA   B\u00d6L\u00dcM 4 KAMU KURUMLARINDA UZAKTAN \u00c7ALI\u015eMA   B\u00d6L\u00dcM 5 UZAKTAN \u00c7ALI\u015eMADA KULLANILAN TEKNOLOJ\u0130LER   B\u00d6L\u00dcM 6 UZAKTAN \u00c7ALI\u015eMAYA UYGUN MESLEKLER   B\u00d6L\u00dcM 7 UZAKTAN \u00c7ALI\u015eMA \u00d6RG\u00dcTLENMES\u0130   B\u00d6L\u00dcM 8 \u00c7ALI\u015eANLARIN PERSPEKT\u0130F\u0130NDEN UZAKTAN \u00c7ALI\u015eMA VE \u0130\u015e-A\u0130LE DENGES\u0130   B\u00d6L\u00dcM 9 UZAKTAN \u00c7ALI\u015eMADA BA\u015eARI FAKT\u00d6R\u00dc OLARAK \u00c7ALI\u015eAN PS\u0130KOLOJ\u0130S\u0130   B\u00d6L\u00dcM 10 UZAKTAN \u00c7ALI\u015eMA VE L\u0130DERL\u0130K   B\u00d6L\u00dcM 11 UZAKTAN Y\u00d6NETME VE \u00c7ALI\u015eMA ZORLUKLARI   B\u00d6L\u00dcM 12 UZAKTAN \u00c7ALI\u015eMADA KONTROL, DENET\u0130M VE G\u00d6ZET\u0130M   B\u00d6L\u00dcM 13 UZAKTAN \u00c7ALI\u015eMA VE KR\u0130Z Y\u00d6NET\u0130M\u0130   B\u00d6L\u00dcM 14 UZAKTAN \u00c7ALI\u015eMANIN HUKUK\u0130 BOYUTU   B\u00d6L\u00dcM 15 UZAKTAN \u00c7ALI\u015eMADA \u0130\u015e SA\u011eLI\u011eI VE G\u00dcVENL\u0130\u011e\u0130<\/p>\n","protected":false},"excerpt":{"rendered":"<p>B\u00d6L\u00dcM 1 UZAKTAN \u00c7ALI\u015eMANIN TAR\u0130H\u00c7ES\u0130 B\u00d6L\u00dcM 2 A\u011e TOPLUMUNDA B\u0130LG\u0130 \u00c7ALI\u015eANLARI VE ESNEK \u00c7ALI\u015eMA B\u00d6L\u00dcM 3 DE\u011e\u0130\u015eEN D\u00dcNYADA UZAKTAN \u00c7ALI\u015eMA B\u00d6L\u00dcM 4 KAMU KURUMLARINDA UZAKTAN \u00c7ALI\u015eMA<span class=\"excerpt-hellip\"> [\u2026]<\/span><\/p>\n","protected":false},"featured_media":0,"template":"","meta":{"_monsterinsights_skip_tracking":false,"_monsterinsights_sitenote_active":false,"_monsterinsights_sitenote_note":"","_monsterinsights_sitenote_category":0},"product_brand":[],"product_cat":[13043,17647],"product_tag":[],"class_list":{"0":"post-736704","1":"product","2":"type-product","3":"status-publish","5":"product_cat-ekonomi","6":"product_cat-is-dunyasi","7":"pa_cilt-ciltsiz","8":"pa_tur-kitap","9":"pa_yayinevi-gazi-kitabevi","10":"pa_yazar-murat-sagbas","12":"first","13":"instock","14":"sale","15":"shipping-taxable","16":"purchasable","17":"product-type-simple"},"_links":{"self":[{"href":"https:\/\/roveyayinevi.com.tr\/index.php\/wp-json\/wp\/v2\/product\/736704","targetHints":{"allow":["GET"]}}],"collection":[{"href":"https:\/\/roveyayinevi.com.tr\/index.php\/wp-json\/wp\/v2\/product"}],"about":[{"href":"https:\/\/roveyayinevi.com.tr\/index.php\/wp-json\/wp\/v2\/types\/product"}],"wp:attachment":[{"href":"https:\/\/roveyayinevi.com.tr\/index.php\/wp-json\/wp\/v2\/media?parent=736704"}],"wp:term":[{"taxonomy":"product_brand","embeddable":true,"href":"https:\/\/roveyayinevi.com.tr\/index.php\/wp-json\/wp\/v2\/product_brand?post=736704"},{"taxonomy":"product_cat","embeddable":true,"href":"https:\/\/roveyayinevi.com.tr\/index.php\/wp-json\/wp\/v2\/product_cat?post=736704"},{"taxonomy":"product_tag","embeddable":true,"href":"https:\/\/roveyayinevi.com.tr\/index.php\/wp-json\/wp\/v2\/product_tag?post=736704"}],"curies":[{"name":"wp","href":"https:\/\/api.w.org\/{rel}","templated":true}]}}