{"id":736701,"date":"2025-08-27T23:13:30","date_gmt":"2025-08-27T20:13:30","guid":{"rendered":"https:\/\/roveyayinevi.com.tr\/index.php\/urun\/i-love-unicorn-en-sevimli-boyama-cok-cok-cikartmali\/"},"modified":"2026-04-16T02:45:46","modified_gmt":"2026-04-15T23:45:46","slug":"i-love-unicorn-en-sevimli-boyama-cok-cok-cikartmali","status":"publish","type":"product","link":"https:\/\/roveyayinevi.com.tr\/index.php\/urun\/i-love-unicorn-en-sevimli-boyama-cok-cok-cikartmali\/","title":{"rendered":"I Love Unicorn En Sevimli Boyama &#8211; \u00c7ok \u00c7ok \u00c7\u0131kartmal\u0131!"},"content":{"rendered":"<p>Bu kitap \u00e7ok tatl\u0131, hem de \u00e7ok \u00e7ok \u00e7\u0131kartmal\u0131! Birbirinden harika resimleri reng\u00e2renk boya, \u00e7\u0131kartmalarla s\u00fcsle, Unicorn d\u00fcnyas\u0131n\u0131n tad\u0131n\u0131 \u00e7\u0131kar! <\/p>\n","protected":false},"excerpt":{"rendered":"<p>Bu kitap \u00e7ok tatl\u0131, hem de \u00e7ok \u00e7ok \u00e7\u0131kartmal\u0131! Birbirinden harika resimleri reng\u00e2renk boya, \u00e7\u0131kartmalarla s\u00fcsle, Unicorn d\u00fcnyas\u0131n\u0131n tad\u0131n\u0131 \u00e7\u0131kar!<\/p>\n","protected":false},"featured_media":0,"template":"","meta":{"_monsterinsights_skip_tracking":false,"_monsterinsights_sitenote_active":false,"_monsterinsights_sitenote_note":"","_monsterinsights_sitenote_category":0},"product_brand":[],"product_cat":[12644,12274],"product_tag":[],"class_list":{"0":"post-736701","1":"product","2":"type-product","3":"status-publish","5":"product_cat-boyama-kitaplari","6":"product_cat-cocuk-ve-genclik-kitaplari","7":"pa_cilt-ciltsiz","8":"pa_tur-kitap","9":"pa_yayinevi-dogan-cocuk","10":"pa_yazar-dogan-cocuk-kolektif","12":"first","13":"instock","14":"sale","15":"shipping-taxable","16":"purchasable","17":"product-type-simple"},"_links":{"self":[{"href":"https:\/\/roveyayinevi.com.tr\/index.php\/wp-json\/wp\/v2\/product\/736701","targetHints":{"allow":["GET"]}}],"collection":[{"href":"https:\/\/roveyayinevi.com.tr\/index.php\/wp-json\/wp\/v2\/product"}],"about":[{"href":"https:\/\/roveyayinevi.com.tr\/index.php\/wp-json\/wp\/v2\/types\/product"}],"wp:attachment":[{"href":"https:\/\/roveyayinevi.com.tr\/index.php\/wp-json\/wp\/v2\/media?parent=736701"}],"wp:term":[{"taxonomy":"product_brand","embeddable":true,"href":"https:\/\/roveyayinevi.com.tr\/index.php\/wp-json\/wp\/v2\/product_brand?post=736701"},{"taxonomy":"product_cat","embeddable":true,"href":"https:\/\/roveyayinevi.com.tr\/index.php\/wp-json\/wp\/v2\/product_cat?post=736701"},{"taxonomy":"product_tag","embeddable":true,"href":"https:\/\/roveyayinevi.com.tr\/index.php\/wp-json\/wp\/v2\/product_tag?post=736701"}],"curies":[{"name":"wp","href":"https:\/\/api.w.org\/{rel}","templated":true}]}}