{"id":736699,"date":"2025-08-27T23:13:28","date_gmt":"2025-08-27T20:13:28","guid":{"rendered":"https:\/\/roveyayinevi.com.tr\/index.php\/urun\/saglikli-bagirsak\/"},"modified":"2026-02-03T03:01:26","modified_gmt":"2026-02-03T00:01:26","slug":"saglikli-bagirsak","status":"publish","type":"product","link":"https:\/\/roveyayinevi.com.tr\/index.php\/urun\/saglikli-bagirsak\/","title":{"rendered":"Sa\u011fl\u0131kl\u0131 Ba\u011f\u0131rsak"},"content":{"rendered":"<p>Mikroplar d\u00fc\u015fman de\u011fil en b\u00fcy\u00fck m\u00fcttefikimiz olabilir!   Bug\u00fcne kadar bize hep mikroplar\u0131n d\u00fc\u015fman oldu\u011fu \u00f6\u011fretildi. Sa\u011fl\u0131\u011f\u0131 korumak i\u00e7in onlarla sava\u015fmak gerekti\u011fi \u00f6\u011fretildi. Peki ya \u00f6yle de\u011filse? Ya mikroplar dostumuz hatta sa\u011fl\u0131\u011f\u0131m\u0131z\u0131 korumak i\u00e7in en b\u00fcy\u00fck m\u00fcttefikimizse?    V\u00fccudumuzun b\u00fct\u00fcn y\u00fczeyi, delikleri ve bo\u015fluklar\u0131 mikroplarla doludur ve bu mikroplar\u0131n b\u00fcy\u00fck \u00e7o\u011funlu\u011fu kal\u0131nba\u011f\u0131rsa\u011f\u0131m\u0131zdad\u0131r. Ba\u011f\u0131rsak mikrobiyotam\u0131z ba\u011f\u0131\u015f\u0131kl\u0131k sistemimizin nas\u0131l i\u015fledi\u011fini belirler. \u0130yi \u00e7al\u0131\u015ft\u0131\u011f\u0131 zaman, enfeksiyonlarla verimli bir \u015fekilde sava\u015f\u0131r\u0131z ve k\u00f6t\u00fc huylu h\u00fccreleri en erken d\u00f6nemde ortadan kald\u0131r\u0131r\u0131z. Yetersiz \u00e7al\u0131\u015ft\u0131\u011f\u0131nda ise otoimm\u00fcn rahats\u0131zl\u0131klardan kansere pek \u00e7ok hastal\u0131\u011fa kap\u0131 a\u00e7\u0131lm\u0131\u015f olur&#8230;    Dost mikroplar\u0131 korumak \u00f6nemlidir. Onlar\u0131 koruman\u0131n en iyi yolu ise do\u011fal beslenmekten ve kirlenmek g\u00fczeldir demekten ge\u00e7iyor&#8230;    Justin Sonnenburg ve Erica Sonnenburg uzun y\u0131llard\u0131r bedenimizin sakinleri trilyonlarca organizmay\u0131 ara\u015ft\u0131r\u0131yorlar. Bu organizmalar\u0131n beden ve ruh sa\u011fl\u0131\u011f\u0131m\u0131z \u00fczerindeki etkilerini inceliyorlar. Kendi evlerinde kendi aileleri i\u00e7in de mikrobiyota dostu bir ortam yaratan, t\u00fcm \u00f6\u011f\u00fcnlerini bu prensibe g\u00f6re haz\u0131rlayan \u00e7ift Stanford \u00dcniversitesi T\u0131p Fak\u00fcltesi Mikrobiyoloji ve \u0130mmunoloji b\u00f6l\u00fcm\u00fcnde \u00e7al\u0131\u015fmaktad\u0131r.  <\/p>\n","protected":false},"excerpt":{"rendered":"<p>Mikroplar d\u00fc\u015fman de\u011fil en b\u00fcy\u00fck m\u00fcttefikimiz olabilir! Bug\u00fcne kadar bize hep mikroplar\u0131n d\u00fc\u015fman oldu\u011fu \u00f6\u011fretildi. Sa\u011fl\u0131\u011f\u0131 korumak i\u00e7in onlarla sava\u015fmak gerekti\u011fi \u00f6\u011fretildi. Peki ya \u00f6yle de\u011filse?<span class=\"excerpt-hellip\"> [\u2026]<\/span><\/p>\n","protected":false},"featured_media":0,"template":"","meta":{"_monsterinsights_skip_tracking":false,"_monsterinsights_sitenote_active":false,"_monsterinsights_sitenote_note":"","_monsterinsights_sitenote_category":0},"product_brand":[],"product_cat":[16965,13365],"product_tag":[],"class_list":{"0":"post-736699","1":"product","2":"type-product","3":"status-publish","5":"product_cat-genel-saglik-kitaplari","6":"product_cat-saglik","7":"pa_cilt-ciltsiz","8":"pa_tur-kitap","9":"pa_yayinevi-dogan-kitap","10":"pa_yazar-justin-sonnenburg-erica-sonnenburg","12":"first","13":"instock","14":"sale","15":"shipping-taxable","16":"purchasable","17":"product-type-simple"},"_links":{"self":[{"href":"https:\/\/roveyayinevi.com.tr\/index.php\/wp-json\/wp\/v2\/product\/736699","targetHints":{"allow":["GET"]}}],"collection":[{"href":"https:\/\/roveyayinevi.com.tr\/index.php\/wp-json\/wp\/v2\/product"}],"about":[{"href":"https:\/\/roveyayinevi.com.tr\/index.php\/wp-json\/wp\/v2\/types\/product"}],"wp:attachment":[{"href":"https:\/\/roveyayinevi.com.tr\/index.php\/wp-json\/wp\/v2\/media?parent=736699"}],"wp:term":[{"taxonomy":"product_brand","embeddable":true,"href":"https:\/\/roveyayinevi.com.tr\/index.php\/wp-json\/wp\/v2\/product_brand?post=736699"},{"taxonomy":"product_cat","embeddable":true,"href":"https:\/\/roveyayinevi.com.tr\/index.php\/wp-json\/wp\/v2\/product_cat?post=736699"},{"taxonomy":"product_tag","embeddable":true,"href":"https:\/\/roveyayinevi.com.tr\/index.php\/wp-json\/wp\/v2\/product_tag?post=736699"}],"curies":[{"name":"wp","href":"https:\/\/api.w.org\/{rel}","templated":true}]}}