{"id":736678,"date":"2025-08-27T23:13:02","date_gmt":"2025-08-27T20:13:02","guid":{"rendered":"https:\/\/roveyayinevi.com.tr\/index.php\/urun\/bilinc-2\/"},"modified":"2025-12-30T10:48:32","modified_gmt":"2025-12-30T07:48:32","slug":"bilinc-2","status":"publish","type":"product","link":"https:\/\/roveyayinevi.com.tr\/index.php\/urun\/bilinc-2\/","title":{"rendered":"Bilin\u00e7"},"content":{"rendered":"<p>Bu kitap, zihnin ve bilincin do\u011fas\u0131yla ilgili en \u00f6nemli bilimsel ve felsefi teorileri incelemektedir. Zihin-beden sorunu ve bilincin sinirsel ba\u011f\u0131nt\u0131lar\u0131 \u00fczerine mevcut teoriler; zihin felsefesi, psikoloji ve sinirbilim alanlar\u0131ndaki son zamanlar\u0131n en etkili d\u00fc\u015f\u00fcn\u00fcrlerinin biyografileriyle birlikte sunulmaktad\u0131r. Bu y\u00f6n\u00fcyle bu kitap, sinirbilim ve zihin felsefesi dersleri i\u00e7in ideal bir kaynak eserdir.   Kitap iki b\u00f6l\u00fcme ayr\u0131lm\u0131\u015ft\u0131r: \u0130lkinde zihin filozoflar\u0131na, ikincisinde ise sinirbilimcilere ve deneysel psikologlara yer verilmi\u015ftir. Her b\u00f6l\u00fcm, on be\u015f ba\u015fl\u0131ktan olu\u015fur ve bu ba\u015fl\u0131klar\u0131n her biri, tan\u0131nm\u0131\u015f uzman ve filozoflar taraf\u0131ndan yaz\u0131lm\u0131\u015ft\u0131r. Ba\u015fl\u0131klardan hemen sonra yazarlar\u0131n hayat\u0131, eserleri ve etkileri hakk\u0131nda k\u0131sa bir giri\u015f yap\u0131l\u0131r. Daha sonra bu yazarlar\u0131n geli\u015ftirdikleri en \u00f6nemli teoriler, bilincin do\u011fas\u0131na y\u00f6nelik farkl\u0131 yakla\u015f\u0131mlar\u0131n g\u00fc\u00e7l\u00fc ve zay\u0131f y\u00f6nlerini incelemek amac\u0131yla dikkatlice a\u00e7\u0131klan\u0131r ve incelenir.   Bu kitap \u015funlar\u0131 i\u00e7erir: \u2022  Bilin\u00e7 \u00e7al\u0131\u015fmalar\u0131 alan\u0131ndaki son yakla\u015f\u0131mlar \u2022  Fonksiyonalizm, biyolojik nat\u00fcralizm, \u00e7oklu zihin kuram\u0131 vd. \u2022  Zihin-beden ve benlik sorunlar\u0131na \u00e7\u00f6z\u00fcm \u00f6nerileri \u2022  Beynin g\u00f6r\u00fcnt\u00fclenmesinin bug\u00fcn geldi\u011fi nokta \u2022  Teorik ve ampirik yakla\u015f\u0131mlar\u0131n e\u011flenceli anlat\u0131m\u0131  \u2022  Ara\u015ft\u0131rmac\u0131, akademisyen ve klinik\u00e7iler i\u00e7in pratik bilgiler \u2022  Her b\u00f6l\u00fcm\u00fcn sonunda a\u00e7\u0131klamal\u0131 temel eserler listesi <\/p>\n","protected":false},"excerpt":{"rendered":"<p>Bu kitap, zihnin ve bilincin do\u011fas\u0131yla ilgili en \u00f6nemli bilimsel ve felsefi teorileri incelemektedir. Zihin-beden sorunu ve bilincin sinirsel ba\u011f\u0131nt\u0131lar\u0131 \u00fczerine mevcut teoriler; zihin felsefesi, psikoloji<span class=\"excerpt-hellip\"> [\u2026]<\/span><\/p>\n","protected":false},"featured_media":0,"template":"","meta":{"_monsterinsights_skip_tracking":false,"_monsterinsights_sitenote_active":false,"_monsterinsights_sitenote_note":"","_monsterinsights_sitenote_category":0},"product_brand":[],"product_cat":[12389,12388],"product_tag":[],"class_list":{"0":"post-736678","1":"product","2":"type-product","3":"status-publish","5":"product_cat-diger-felsefe","6":"product_cat-felsefe","7":"pa_cilt-ciltsiz","8":"pa_tur-kitap","9":"pa_yayinevi-episteme-yayinlari","10":"pa_yazar-andrea-e-cavanna-andrea-nani","12":"first","13":"instock","14":"sale","15":"shipping-taxable","16":"purchasable","17":"product-type-simple"},"_links":{"self":[{"href":"https:\/\/roveyayinevi.com.tr\/index.php\/wp-json\/wp\/v2\/product\/736678","targetHints":{"allow":["GET"]}}],"collection":[{"href":"https:\/\/roveyayinevi.com.tr\/index.php\/wp-json\/wp\/v2\/product"}],"about":[{"href":"https:\/\/roveyayinevi.com.tr\/index.php\/wp-json\/wp\/v2\/types\/product"}],"wp:attachment":[{"href":"https:\/\/roveyayinevi.com.tr\/index.php\/wp-json\/wp\/v2\/media?parent=736678"}],"wp:term":[{"taxonomy":"product_brand","embeddable":true,"href":"https:\/\/roveyayinevi.com.tr\/index.php\/wp-json\/wp\/v2\/product_brand?post=736678"},{"taxonomy":"product_cat","embeddable":true,"href":"https:\/\/roveyayinevi.com.tr\/index.php\/wp-json\/wp\/v2\/product_cat?post=736678"},{"taxonomy":"product_tag","embeddable":true,"href":"https:\/\/roveyayinevi.com.tr\/index.php\/wp-json\/wp\/v2\/product_tag?post=736678"}],"curies":[{"name":"wp","href":"https:\/\/api.w.org\/{rel}","templated":true}]}}