{"id":736661,"date":"2025-08-27T23:12:41","date_gmt":"2025-08-27T20:12:41","guid":{"rendered":"https:\/\/roveyayinevi.com.tr\/index.php\/urun\/kerem-ile-minik-canavarlar-canavarlar-kampta\/"},"modified":"2026-04-16T02:45:44","modified_gmt":"2026-04-15T23:45:44","slug":"kerem-ile-minik-canavarlar-canavarlar-kampta","status":"publish","type":"product","link":"https:\/\/roveyayinevi.com.tr\/index.php\/urun\/kerem-ile-minik-canavarlar-canavarlar-kampta\/","title":{"rendered":"Kerem \u0130le Minik Canavarlar-Canavarlar Kampta"},"content":{"rendered":"<p>Okulun kamp gezisi Kerem\u2019i \u00e7ok endi\u015felendiriyordu. En b\u00fcy\u00fck korkusu, karanl\u0131kta tuvalete gitmek zorunda kalmakt\u0131. Ya ay\u0131lar varsa? Ya da kurt adamlar? M\u0130N\u0130K CANAVARLAR gelip Kerem\u2019e g\u00f6z kulak olacaklar\u0131na s\u00f6z verdiler. Acaba yard\u0131m edebilecekler mi? Yoksa her \u015feyi daha da m\u0131 k\u00f6t\u00fcle\u015ftirecekler? <\/p>\n","protected":false},"excerpt":{"rendered":"<p>Okulun kamp gezisi Kerem\u2019i \u00e7ok endi\u015felendiriyordu. En b\u00fcy\u00fck korkusu, karanl\u0131kta tuvalete gitmek zorunda kalmakt\u0131. Ya ay\u0131lar varsa? Ya da kurt adamlar? M\u0130N\u0130K CANAVARLAR gelip Kerem\u2019e g\u00f6z<span class=\"excerpt-hellip\"> [\u2026]<\/span><\/p>\n","protected":false},"featured_media":0,"template":"","meta":{"_monsterinsights_skip_tracking":false,"_monsterinsights_sitenote_active":false,"_monsterinsights_sitenote_note":"","_monsterinsights_sitenote_category":0},"product_brand":[],"product_cat":[12275,12274],"product_tag":[],"class_list":{"0":"post-736661","1":"product","2":"type-product","3":"status-publish","5":"product_cat-6-12-yas-kitaplari","6":"product_cat-cocuk-ve-genclik-kitaplari","7":"pa_cilt-ciltsiz","8":"pa_tur-kitap","9":"pa_yayinevi-is-bankasi-kultur-yayinlari","10":"pa_yazar-zanna-davidson","12":"first","13":"instock","14":"sale","15":"shipping-taxable","16":"purchasable","17":"product-type-simple"},"_links":{"self":[{"href":"https:\/\/roveyayinevi.com.tr\/index.php\/wp-json\/wp\/v2\/product\/736661","targetHints":{"allow":["GET"]}}],"collection":[{"href":"https:\/\/roveyayinevi.com.tr\/index.php\/wp-json\/wp\/v2\/product"}],"about":[{"href":"https:\/\/roveyayinevi.com.tr\/index.php\/wp-json\/wp\/v2\/types\/product"}],"wp:attachment":[{"href":"https:\/\/roveyayinevi.com.tr\/index.php\/wp-json\/wp\/v2\/media?parent=736661"}],"wp:term":[{"taxonomy":"product_brand","embeddable":true,"href":"https:\/\/roveyayinevi.com.tr\/index.php\/wp-json\/wp\/v2\/product_brand?post=736661"},{"taxonomy":"product_cat","embeddable":true,"href":"https:\/\/roveyayinevi.com.tr\/index.php\/wp-json\/wp\/v2\/product_cat?post=736661"},{"taxonomy":"product_tag","embeddable":true,"href":"https:\/\/roveyayinevi.com.tr\/index.php\/wp-json\/wp\/v2\/product_tag?post=736661"}],"curies":[{"name":"wp","href":"https:\/\/api.w.org\/{rel}","templated":true}]}}