{"id":736659,"date":"2025-08-27T23:12:38","date_gmt":"2025-08-27T20:12:38","guid":{"rendered":"https:\/\/roveyayinevi.com.tr\/index.php\/urun\/sisler-bulvari-ciltli\/"},"modified":"2026-02-03T03:01:25","modified_gmt":"2026-02-03T00:01:25","slug":"sisler-bulvari-ciltli","status":"publish","type":"product","link":"https:\/\/roveyayinevi.com.tr\/index.php\/urun\/sisler-bulvari-ciltli\/","title":{"rendered":"Sisler Bulvar\u0131 (Ciltli)"},"content":{"rendered":"<p>D\u00fc\u015flenen, t\u00fcm\u00fcyle d\u00fc\u015fsel olan sevgililer, topu topu \u00fc\u00e7 geceye s\u0131\u011fd\u0131r\u0131lan, doyas\u0131ya ya\u015fanamayan a\u015fklar, g\u00f6zlerinden y\u0131ld\u0131z r\u00fczg\u00e2rlar\u0131 ge\u00e7en sevgililer, Paris sokaklar\u0131, limanlar, yolculuklar, deniz insanlar\u0131&#8230; ve Anadolu. Uzun havalar, halk t\u00fcrk\u00fcleri&#8230; Sisler Bulvar\u0131\u2019yla ba\u015fka d\u00fcnyalara do\u011fru yolculu\u011fa \u00e7\u0131kaca\u011f\u0131z biz de, Emperyal Oteli\u2019nde \u00fc\u00e7 gece kalaca\u011f\u0131z, biraz mehtab\u0131 i\u00e7ece\u011fiz, i\u00e7imizde isyanlar \u00e7\u0131kacak ve Sisler Bulvar\u0131\u2019nda \u00f6lece\u011fiz&#8230;   *Ba\u015fka Yerde Olmak \/\u015e\u00e2h\u00e2ne Serseri \/Ba\u015fka Adam \/Bir, \u00dc\u00e7 ve Be\u015f \/Eski Deniz Halk\u0131 \/Liman \/Tatyos\u2019un Kahr\u0131 \/Cinayet Saati \/Ba\u015fka Yerde Olmak *Kaptan \/La Donna e Mobili \/M\u0131r\u00e7 \/Kaptan \/Emperyal Oteli \/Pia \/Sisler Bulvar\u0131 *Yeralt\u0131 Ordusu \/Bence Mal\u00fbmdur \/Silezya Da\u011flar\u0131\u2019ndan Uzakta *Bursa\u2019dan Yayl\u0131mate\u015f \/Tarz-\u0131 Kadim \/Kirli Y\u00fczl\u00fc Melekler \/\u00dcmitten \u00dcmit Kesilmez \/Hu \/\u00d6l\u00fcler \u0130htiyarlad\u0131 \/Eskimi\u015f Bir Saban Korkuyor \/\u0130stanbul \u015eehri A\u011fl\u0131yor \/Bursa\u2019dan Yayl\u0131mate\u015f *Barakmuslu Mezarl\u0131\u011f\u0131 \/Dilek\u00e7e \/Cazg\u0131r \/\u00d6k\u00fcz \/Bat\u0131 \/T\u00fct\u00fcnke\u015f \/Rinna-Rinnan-Nay \/\u0130skeletler Dans\u0131 \/Bu\u011fda \/Uzun Hava \/Derecikviran \/Mustafa Kemal \/Hay\u0131r \/Dokuz Eyl\u00fcl <\/p>\n","protected":false},"excerpt":{"rendered":"<p>D\u00fc\u015flenen, t\u00fcm\u00fcyle d\u00fc\u015fsel olan sevgililer, topu topu \u00fc\u00e7 geceye s\u0131\u011fd\u0131r\u0131lan, doyas\u0131ya ya\u015fanamayan a\u015fklar, g\u00f6zlerinden y\u0131ld\u0131z r\u00fczg\u00e2rlar\u0131 ge\u00e7en sevgililer, Paris sokaklar\u0131, limanlar, yolculuklar, deniz insanlar\u0131&#8230; ve Anadolu.<span class=\"excerpt-hellip\"> [\u2026]<\/span><\/p>\n","protected":false},"featured_media":0,"template":"","meta":{"_monsterinsights_skip_tracking":false,"_monsterinsights_sitenote_active":false,"_monsterinsights_sitenote_note":"","_monsterinsights_sitenote_category":0},"product_brand":[],"product_cat":[12291,26797],"product_tag":[],"class_list":{"0":"post-736659","1":"product","2":"type-product","3":"status-publish","5":"product_cat-edebiyat","6":"product_cat-modern-klasikler","7":"pa_cilt-ciltli","8":"pa_tur-kitap","9":"pa_yayinevi-is-bankasi-kultur-yayinlari","10":"pa_yazar-attila-ilhan","12":"first","13":"instock","14":"sale","15":"shipping-taxable","16":"purchasable","17":"product-type-simple"},"_links":{"self":[{"href":"https:\/\/roveyayinevi.com.tr\/index.php\/wp-json\/wp\/v2\/product\/736659","targetHints":{"allow":["GET"]}}],"collection":[{"href":"https:\/\/roveyayinevi.com.tr\/index.php\/wp-json\/wp\/v2\/product"}],"about":[{"href":"https:\/\/roveyayinevi.com.tr\/index.php\/wp-json\/wp\/v2\/types\/product"}],"wp:attachment":[{"href":"https:\/\/roveyayinevi.com.tr\/index.php\/wp-json\/wp\/v2\/media?parent=736659"}],"wp:term":[{"taxonomy":"product_brand","embeddable":true,"href":"https:\/\/roveyayinevi.com.tr\/index.php\/wp-json\/wp\/v2\/product_brand?post=736659"},{"taxonomy":"product_cat","embeddable":true,"href":"https:\/\/roveyayinevi.com.tr\/index.php\/wp-json\/wp\/v2\/product_cat?post=736659"},{"taxonomy":"product_tag","embeddable":true,"href":"https:\/\/roveyayinevi.com.tr\/index.php\/wp-json\/wp\/v2\/product_tag?post=736659"}],"curies":[{"name":"wp","href":"https:\/\/api.w.org\/{rel}","templated":true}]}}