{"id":736651,"date":"2025-08-27T23:12:30","date_gmt":"2025-08-27T20:12:30","guid":{"rendered":"https:\/\/roveyayinevi.com.tr\/index.php\/urun\/dunya-ornekleri-ile-suc-onleme-stratejileri-ve-guvenlik\/"},"modified":"2026-04-16T02:45:43","modified_gmt":"2026-04-15T23:45:43","slug":"dunya-ornekleri-ile-suc-onleme-stratejileri-ve-guvenlik","status":"publish","type":"product","link":"https:\/\/roveyayinevi.com.tr\/index.php\/urun\/dunya-ornekleri-ile-suc-onleme-stratejileri-ve-guvenlik\/","title":{"rendered":"D\u00fcnya \u00d6rnekleri ile Su\u00e7 \u00d6nleme Stratejileri ve G\u00fcvenlik"},"content":{"rendered":"<p>Su\u00e7 hen\u00fcz meydana gelmeden su\u00e7u olu\u015fturan bireysel, durumsal ve sosyal fakt\u00f6rlerin kontrol edilmesini, su\u00e7un olu\u015fabilece\u011fi yer ve zaman\u0131n \u00f6ng\u00f6r\u00fclerek \u00f6nleyici tedbirlerin al\u0131nmas\u0131n\u0131 esas alan proaktif su\u00e7 \u00f6nleme yakla\u015f\u0131mlar\u0131 \u00f6zellikle 1960\u2019l\u0131 y\u0131llardan itibaren ba\u015fta Amerika Birle\u015fik Devletleri ve \u0130ngiltere olmak \u00fczere d\u00fcnyan\u0131n pek \u00e7ok \u00fclkesinde uygulamaya konulmu\u015ftur. Modern \u00e7a\u011f su\u00e7 \u00f6nleme stratejileri olarak adland\u0131r\u0131lan Topluluk Destekli Kolluk ve Problem Odakl\u0131 Kolluk gibi yeni kolluk uygulamalar\u0131 ile su\u00e7 hen\u00fcz olu\u015fmadan sosyal ve durumsal tedbirler geli\u015ftirilmeye gayret edilmektedir. Bilgisayar tabanl\u0131 teknolojik sistemlerde meydana gelen geli\u015fmelerle birlikte S\u0131cak Noktalar Kollu\u011fu, Compstat ve \u00d6ng\u00fcr\u00fcc\u00fc Kolluk uygulamalar\u0131 ile su\u00e7un zaman\u0131 ve mek\u00e2n\u0131 tahmin edilmeye \u00e7al\u0131\u015f\u0131lmaktad\u0131r. Yukar\u0131da an\u0131lan modern \u00e7a\u011f kolluk uygulamalar\u0131n\u0131n etkinli\u011fi AnthonyBraga ve David Weisburd\u2019un \u00f6nc\u00fcl\u00fc\u011f\u00fcn\u00fc yapt\u0131\u011f\u0131 akademisyenlerin y\u00fcr\u00fctt\u00fc\u011f\u00fc say\u0131s\u0131z ara\u015ft\u0131rmaya konu olmu\u015f ve su\u00e7 \u00f6nleme alanyaz\u0131n\u0131 \u00f6nemli geli\u015fmeler kaydetmi\u015ftir. Ancak, \u00fclkemizde su\u00e7 ara\u015ft\u0131rmalar\u0131na olan ilgi giderek artmakla birlikte su\u00e7 \u00f6nleme stratejilerinin etkinli\u011fini \u00f6l\u00e7en ampirik \u00e7al\u0131\u015fmalar\u0131n azl\u0131\u011f\u0131 dikkat \u00e7ekmektedir. Su\u00e7 \u00f6nleme \u00e7al\u0131\u015fmalar\u0131na olan ilginin azl\u0131\u011f\u0131n\u0131n nedenlerinden birisinin alanyaz\u0131nda T\u00fcrk\u00e7e eserlerin say\u0131s\u0131n\u0131n k\u0131s\u0131tl\u0131 oldu\u011funu de\u011ferlendirilmektedir. Bu ba\u011flamda Jandarma ve Sahil G\u00fcvenlik Akademisi ve \u0130\u00e7i\u015fleri Bakanl\u0131\u011f\u0131n\u0131n katk\u0131lar\u0131yla haz\u0131rlanan bu \u00e7al\u0131\u015fman\u0131n \u00f6ncelikli amac\u0131 su\u00e7 \u00f6nleme \u00e7al\u0131\u015fmalar\u0131na olan akademik ilgiyi artt\u0131rmakt\u0131r. Demircio\u011flu, \u0130. H., Akdemir, N.ve C. O. Tuncer (Ed.) (2021)D\u00fcnya \u00d6rneklerile Su\u00e7 \u00d6nleme Stratejileri ve G\u00fcvenlik, Ankara: T\u0130AV Yay\u0131nlar\u0131. <\/p>\n","protected":false},"excerpt":{"rendered":"<p>Su\u00e7 hen\u00fcz meydana gelmeden su\u00e7u olu\u015fturan bireysel, durumsal ve sosyal fakt\u00f6rlerin kontrol edilmesini, su\u00e7un olu\u015fabilece\u011fi yer ve zaman\u0131n \u00f6ng\u00f6r\u00fclerek \u00f6nleyici tedbirlerin al\u0131nmas\u0131n\u0131 esas alan proaktif su\u00e7<span class=\"excerpt-hellip\"> [\u2026]<\/span><\/p>\n","protected":false},"featured_media":0,"template":"","meta":{"_monsterinsights_skip_tracking":false,"_monsterinsights_sitenote_active":false,"_monsterinsights_sitenote_note":"","_monsterinsights_sitenote_category":0},"product_brand":[],"product_cat":[12573,12566],"product_tag":[],"class_list":{"0":"post-736651","1":"product","2":"type-product","3":"status-publish","5":"product_cat-akademik-kitaplar","6":"product_cat-egitim","7":"pa_cilt-ciltsiz","8":"pa_tur-kitap","9":"pa_yayinevi-tiav","10":"pa_yazar-tiav-kolektif","12":"first","13":"instock","14":"sale","15":"shipping-taxable","16":"purchasable","17":"product-type-simple"},"_links":{"self":[{"href":"https:\/\/roveyayinevi.com.tr\/index.php\/wp-json\/wp\/v2\/product\/736651","targetHints":{"allow":["GET"]}}],"collection":[{"href":"https:\/\/roveyayinevi.com.tr\/index.php\/wp-json\/wp\/v2\/product"}],"about":[{"href":"https:\/\/roveyayinevi.com.tr\/index.php\/wp-json\/wp\/v2\/types\/product"}],"wp:attachment":[{"href":"https:\/\/roveyayinevi.com.tr\/index.php\/wp-json\/wp\/v2\/media?parent=736651"}],"wp:term":[{"taxonomy":"product_brand","embeddable":true,"href":"https:\/\/roveyayinevi.com.tr\/index.php\/wp-json\/wp\/v2\/product_brand?post=736651"},{"taxonomy":"product_cat","embeddable":true,"href":"https:\/\/roveyayinevi.com.tr\/index.php\/wp-json\/wp\/v2\/product_cat?post=736651"},{"taxonomy":"product_tag","embeddable":true,"href":"https:\/\/roveyayinevi.com.tr\/index.php\/wp-json\/wp\/v2\/product_tag?post=736651"}],"curies":[{"name":"wp","href":"https:\/\/api.w.org\/{rel}","templated":true}]}}