{"id":736643,"date":"2025-08-27T23:12:19","date_gmt":"2025-08-27T20:12:19","guid":{"rendered":"https:\/\/roveyayinevi.com.tr\/index.php\/urun\/kopek-adam-4-kopek-adam-ve-kedi-cocuk\/"},"modified":"2026-04-16T02:45:43","modified_gmt":"2026-04-15T23:45:43","slug":"kopek-adam-4-kopek-adam-ve-kedi-cocuk","status":"publish","type":"product","link":"https:\/\/roveyayinevi.com.tr\/index.php\/urun\/kopek-adam-4-kopek-adam-ve-kedi-cocuk\/","title":{"rendered":"K\u00f6pek Adam 4 &#8211; K\u00f6pek Adam ve Kedi \u00c7ocuk"},"content":{"rendered":"<p>K\u00f6pek Adam geri d\u00f6nd\u00fc! Yar\u0131 k\u00f6pek yar\u0131 insan ve tam bir kahraman! Bu sefer yaln\u0131z de\u011fil. Yan\u0131nda K\u00fc\u00e7\u00fck Petey\u2019le birlikte sahtek\u00e2r kedi bak\u0131c\u0131s\u0131n\u0131 bulmak ve bir film y\u0131ld\u0131z\u0131n\u0131 kurtarmak zorunda!Bakal\u0131m K\u00f6pek Adam ve Kedi \u00c7ocuk g\u00fcn\u00fc kurtarabilecek mi?Yoksa D\u00fcnyan\u0131n En K\u00f6t\u00fc Kedisi Petey onlara tekmeyi basacak m\u0131?Uluya uluya g\u00fclmeye haz\u0131r olun!<\/p>\n","protected":false},"excerpt":{"rendered":"<p>K\u00f6pek Adam geri d\u00f6nd\u00fc! Yar\u0131 k\u00f6pek yar\u0131 insan ve tam bir kahraman! Bu sefer yaln\u0131z de\u011fil. Yan\u0131nda K\u00fc\u00e7\u00fck Petey\u2019le birlikte sahtek\u00e2r kedi bak\u0131c\u0131s\u0131n\u0131 bulmak ve bir<span class=\"excerpt-hellip\"> [\u2026]<\/span><\/p>\n","protected":false},"featured_media":0,"template":"","meta":{"_monsterinsights_skip_tracking":false,"_monsterinsights_sitenote_active":false,"_monsterinsights_sitenote_note":"","_monsterinsights_sitenote_category":0},"product_brand":[],"product_cat":[12275,12274],"product_tag":[],"class_list":{"0":"post-736643","1":"product","2":"type-product","3":"status-publish","5":"product_cat-6-12-yas-kitaplari","6":"product_cat-cocuk-ve-genclik-kitaplari","7":"pa_cilt-ciltsiz","8":"pa_tur-kitap","9":"pa_yayinevi-altin-kitaplar-cocuk-kitaplari","10":"pa_yazar-dav-pilkey","12":"first","13":"instock","14":"sale","15":"shipping-taxable","16":"purchasable","17":"product-type-simple"},"_links":{"self":[{"href":"https:\/\/roveyayinevi.com.tr\/index.php\/wp-json\/wp\/v2\/product\/736643","targetHints":{"allow":["GET"]}}],"collection":[{"href":"https:\/\/roveyayinevi.com.tr\/index.php\/wp-json\/wp\/v2\/product"}],"about":[{"href":"https:\/\/roveyayinevi.com.tr\/index.php\/wp-json\/wp\/v2\/types\/product"}],"wp:attachment":[{"href":"https:\/\/roveyayinevi.com.tr\/index.php\/wp-json\/wp\/v2\/media?parent=736643"}],"wp:term":[{"taxonomy":"product_brand","embeddable":true,"href":"https:\/\/roveyayinevi.com.tr\/index.php\/wp-json\/wp\/v2\/product_brand?post=736643"},{"taxonomy":"product_cat","embeddable":true,"href":"https:\/\/roveyayinevi.com.tr\/index.php\/wp-json\/wp\/v2\/product_cat?post=736643"},{"taxonomy":"product_tag","embeddable":true,"href":"https:\/\/roveyayinevi.com.tr\/index.php\/wp-json\/wp\/v2\/product_tag?post=736643"}],"curies":[{"name":"wp","href":"https:\/\/api.w.org\/{rel}","templated":true}]}}