{"id":736619,"date":"2025-08-27T23:11:22","date_gmt":"2025-08-27T20:11:22","guid":{"rendered":"https:\/\/roveyayinevi.com.tr\/index.php\/urun\/gecenin-cagrisi-ciltli\/"},"modified":"2026-04-16T02:45:42","modified_gmt":"2026-04-15T23:45:42","slug":"gecenin-cagrisi-ciltli","status":"publish","type":"product","link":"https:\/\/roveyayinevi.com.tr\/index.php\/urun\/gecenin-cagrisi-ciltli\/","title":{"rendered":"Gecenin \u00c7a\u011fr\u0131s\u0131 (Ciltli)"},"content":{"rendered":"<p>\u201c\u0130NT\u0130KAM \u00d6LENLER \u0130\u00c7\u0130N DE\u011e\u0130L, ARKASINDA BIRAKTIKLARI \u0130\u00c7\u0130N ALINIR. BELK\u0130 DE BU Y\u00dcZDEN EN BENC\u0130L DUYGULARDAN B\u0130R\u0130D\u0130R.\u201d   Y\u0131llar \u00f6nce ortas\u0131nda kald\u0131\u011f\u0131 bir katliamla kurtlarla ve onlar\u0131nac\u0131mas\u0131z d\u00fcnyas\u0131yla tan\u0131\u015fan Ada i\u00e7in esas oyun vakti gelmi\u015ftir.Dawson ise hen\u00fcz \u00e7ok gen\u00e7ken Ya\u015fl\u0131lardan birini \u00f6ld\u00fcrmesiyle sonu\u00e7lanan g\u00f6revinin onun t\u00fcm hayat\u0131n\u0131 nas\u0131l etkiledi\u011fini fark etmi\u015ftir.   Remus ve Aleutlar\u0131n ittifak\u0131 k\u0131r\u0131lgan bir dengenin \u00fczerindey\u00fckselmeye ba\u015flarken Ada, Doktor unvan\u0131yla tan\u0131nan babas\u0131 i\u00e7inbir mahkeme kurulmas\u0131 ad\u0131na \u00e7abalamaktad\u0131r. Kurtlar\u0131n aras\u0131na kat\u0131l\u0131rken etti\u011fiintikam yeminini ailesinin \u00f6l\u00fcm y\u0131l d\u00f6n\u00fcm\u00fcndealmak ister ve bunu engelleyebilecek her \u015fey Ada\u2019n\u0131n \u00e7\u00f6zmesi gerekenbir soruna d\u00f6n\u00fc\u015f\u00fcr. Aleut lideri, Lanston\u2019la zor yoldan anla\u015fm\u0131\u015f;tahmin etmedi\u011fi \u015fekilde liderlerinin farkl\u0131 bir y\u00fcz\u00fcyle tan\u0131\u015fm\u0131\u015ft\u0131r.   Bunlar\u0131n yan\u0131nda Eksen Turu da denen bir e\u011fitim,Gavin\u2019i endi\u015felendirmektedir. \u00dc\u00e7 haftal\u0131\u011f\u0131na ormana g\u00f6nderilen \u00f6\u011frencilerin i\u015fini hava ko\u015fullar\u0131 zorla\u015ft\u0131r\u0131rken Gavin\u2019in e\u011fitmenli\u011fi tehlike alt\u0131ndad\u0131r. Gavin,\u00f6\u011frencilerinin hayat\u0131 ve kendi gelece\u011fi i\u00e7in endi\u015fe i\u00e7indeyken babas\u0131n\u0131n Kanada\u2019ya gelmesiyle s\u00fcreklierteledi\u011fi bir y\u00fczle\u015fmeyi ger\u00e7ekle\u015ftirmek zorunda kal\u0131r.   Ada, aralar\u0131na kat\u0131ld\u0131\u011f\u0131ndan beri ailesine d\u00f6n\u00fc\u015fen arkada\u015flar\u0131 i\u00e7ing\u00f6z\u00fcn\u00fc k\u0131rpmadan sava\u015fm\u0131\u015ft\u0131r. \u015eimdi ise arkada\u015flar\u0131,t\u00fcm ama\u00e7lar\u0131n\u0131 ger\u00e7ekle\u015ftirmesini umarak onun yan\u0131ndam\u00fccadele verecektir. Bu t\u00fcm kurtlar\u0131 kar\u015f\u0131lar\u0131na almakanlam\u0131na gelse dahi\u2026 <\/p>\n","protected":false},"excerpt":{"rendered":"<p>\u201c\u0130NT\u0130KAM \u00d6LENLER \u0130\u00c7\u0130N DE\u011e\u0130L, ARKASINDA BIRAKTIKLARI \u0130\u00c7\u0130N ALINIR. BELK\u0130 DE BU Y\u00dcZDEN EN BENC\u0130L DUYGULARDAN B\u0130R\u0130D\u0130R.\u201d Y\u0131llar \u00f6nce ortas\u0131nda kald\u0131\u011f\u0131 bir katliamla kurtlarla ve onlar\u0131nac\u0131mas\u0131z d\u00fcnyas\u0131yla<span class=\"excerpt-hellip\"> [\u2026]<\/span><\/p>\n","protected":false},"featured_media":0,"template":"","meta":{"_monsterinsights_skip_tracking":false,"_monsterinsights_sitenote_active":false,"_monsterinsights_sitenote_note":"","_monsterinsights_sitenote_category":0},"product_brand":[],"product_cat":[12291,12711],"product_tag":[],"class_list":{"0":"post-736619","1":"product","2":"type-product","3":"status-publish","5":"product_cat-edebiyat","6":"product_cat-roman-oyku","7":"pa_cilt-ciltli","8":"pa_tur-kitap","9":"pa_yayinevi-ephesus-yayinlari","10":"pa_yazar-busra-toraman","12":"first","13":"instock","14":"sale","15":"shipping-taxable","16":"purchasable","17":"product-type-simple"},"_links":{"self":[{"href":"https:\/\/roveyayinevi.com.tr\/index.php\/wp-json\/wp\/v2\/product\/736619","targetHints":{"allow":["GET"]}}],"collection":[{"href":"https:\/\/roveyayinevi.com.tr\/index.php\/wp-json\/wp\/v2\/product"}],"about":[{"href":"https:\/\/roveyayinevi.com.tr\/index.php\/wp-json\/wp\/v2\/types\/product"}],"wp:attachment":[{"href":"https:\/\/roveyayinevi.com.tr\/index.php\/wp-json\/wp\/v2\/media?parent=736619"}],"wp:term":[{"taxonomy":"product_brand","embeddable":true,"href":"https:\/\/roveyayinevi.com.tr\/index.php\/wp-json\/wp\/v2\/product_brand?post=736619"},{"taxonomy":"product_cat","embeddable":true,"href":"https:\/\/roveyayinevi.com.tr\/index.php\/wp-json\/wp\/v2\/product_cat?post=736619"},{"taxonomy":"product_tag","embeddable":true,"href":"https:\/\/roveyayinevi.com.tr\/index.php\/wp-json\/wp\/v2\/product_tag?post=736619"}],"curies":[{"name":"wp","href":"https:\/\/api.w.org\/{rel}","templated":true}]}}