{"id":736614,"date":"2025-08-27T23:11:17","date_gmt":"2025-08-27T20:11:17","guid":{"rendered":"https:\/\/roveyayinevi.com.tr\/index.php\/urun\/kultur-turizmi-motivasyonlari\/"},"modified":"2026-04-16T02:45:42","modified_gmt":"2026-04-15T23:45:42","slug":"kultur-turizmi-motivasyonlari","status":"publish","type":"product","link":"https:\/\/roveyayinevi.com.tr\/index.php\/urun\/kultur-turizmi-motivasyonlari\/","title":{"rendered":"K\u00fclt\u00fcr Turizmi Motivasyonlar\u0131"},"content":{"rendered":"<p>\u00b7         K\u00fclt\u00fcrel Miras Turizmi ve Motivasyonlar\u0131 \u00b7         \u0130nan\u00e7 Turizmi ve \u0130nan\u00e7 Turist Motivasyonlar\u0131 \u00b7         H\u00fcz\u00fcn Turizmi ve H\u00fcz\u00fcn Turist Motivasyonlar\u0131 \u00b7         Etnik Turizm ve Etnik Turist Motivasyonlar\u0131 \u00b7         Gastronomi Turizmi ve Gastro Turist Motivasyonlar\u0131 \u00b7         Festival Turizmi ve Festival Motivasyonlar\u0131 \u00b7         \u015eehir Turizmi ve Motivasyonlar\u0131 <\/p>\n","protected":false},"excerpt":{"rendered":"<p>\u00b7 K\u00fclt\u00fcrel Miras Turizmi ve Motivasyonlar\u0131 \u00b7 \u0130nan\u00e7 Turizmi ve \u0130nan\u00e7 Turist Motivasyonlar\u0131 \u00b7 H\u00fcz\u00fcn Turizmi ve H\u00fcz\u00fcn Turist Motivasyonlar\u0131 \u00b7 Etnik Turizm ve Etnik Turist<span class=\"excerpt-hellip\"> [\u2026]<\/span><\/p>\n","protected":false},"featured_media":0,"template":"","meta":{"_monsterinsights_skip_tracking":false,"_monsterinsights_sitenote_active":false,"_monsterinsights_sitenote_note":"","_monsterinsights_sitenote_category":0},"product_brand":[],"product_cat":[12573,12566],"product_tag":[],"class_list":{"0":"post-736614","1":"product","2":"type-product","3":"status-publish","5":"product_cat-akademik-kitaplar","6":"product_cat-egitim","7":"pa_cilt-ciltsiz","8":"pa_tur-kitap","9":"pa_yayinevi-gazi-kitabevi","10":"pa_yazar-emrullah-toren","12":"first","13":"instock","14":"sale","15":"shipping-taxable","16":"purchasable","17":"product-type-simple"},"_links":{"self":[{"href":"https:\/\/roveyayinevi.com.tr\/index.php\/wp-json\/wp\/v2\/product\/736614","targetHints":{"allow":["GET"]}}],"collection":[{"href":"https:\/\/roveyayinevi.com.tr\/index.php\/wp-json\/wp\/v2\/product"}],"about":[{"href":"https:\/\/roveyayinevi.com.tr\/index.php\/wp-json\/wp\/v2\/types\/product"}],"wp:attachment":[{"href":"https:\/\/roveyayinevi.com.tr\/index.php\/wp-json\/wp\/v2\/media?parent=736614"}],"wp:term":[{"taxonomy":"product_brand","embeddable":true,"href":"https:\/\/roveyayinevi.com.tr\/index.php\/wp-json\/wp\/v2\/product_brand?post=736614"},{"taxonomy":"product_cat","embeddable":true,"href":"https:\/\/roveyayinevi.com.tr\/index.php\/wp-json\/wp\/v2\/product_cat?post=736614"},{"taxonomy":"product_tag","embeddable":true,"href":"https:\/\/roveyayinevi.com.tr\/index.php\/wp-json\/wp\/v2\/product_tag?post=736614"}],"curies":[{"name":"wp","href":"https:\/\/api.w.org\/{rel}","templated":true}]}}