{"id":736596,"date":"2025-08-27T23:10:58","date_gmt":"2025-08-27T20:10:58","guid":{"rendered":"https:\/\/roveyayinevi.com.tr\/index.php\/urun\/babaannem-kime-benziyor\/"},"modified":"2026-04-16T02:45:41","modified_gmt":"2026-04-15T23:45:41","slug":"babaannem-kime-benziyor","status":"publish","type":"product","link":"https:\/\/roveyayinevi.com.tr\/index.php\/urun\/babaannem-kime-benziyor\/","title":{"rendered":"Babaannem Kime Benziyor"},"content":{"rendered":"<p>Ali resim yapmay\u0131, hayvanlar\u0131 ve babaannesini \u00e7ok seviyordu.Babaannesi ona masal anlat\u0131rken hayvan taklitleri yap\u0131yor; ke\u00e7i gibi meliyor, kedi gibi miyavl\u0131yor, takma di\u015flerini tak\u0131rdatarak \u00e7ok \u00fc\u015f\u00fcm\u00fc\u015f bir penguen bile oluyordu!Bir sabah, \u201cDede, babaannem kime benziyor\u201d diye sordu.Uzun kulakl\u0131 bir tav\u015fana m\u0131, bir kediye mi, yoksa bir b\u00fclb\u00fcle mi?Hayat dolu \u00e7izgileriyle \u00e7ocuklar i\u00e7in b\u00fcy\u00fcl\u00fc d\u00fcnyalar yaratan Feridun Oral\u2019dan reng\u00e2renk, s\u0131ms\u0131cak bir hik\u00e2ye\u2026 <\/p>\n","protected":false},"excerpt":{"rendered":"<p>Ali resim yapmay\u0131, hayvanlar\u0131 ve babaannesini \u00e7ok seviyordu.Babaannesi ona masal anlat\u0131rken hayvan taklitleri yap\u0131yor; ke\u00e7i gibi meliyor, kedi gibi miyavl\u0131yor, takma di\u015flerini tak\u0131rdatarak \u00e7ok \u00fc\u015f\u00fcm\u00fc\u015f bir<span class=\"excerpt-hellip\"> [\u2026]<\/span><\/p>\n","protected":false},"featured_media":0,"template":"","meta":{"_monsterinsights_skip_tracking":false,"_monsterinsights_sitenote_active":false,"_monsterinsights_sitenote_note":"","_monsterinsights_sitenote_category":0},"product_brand":[],"product_cat":[12913,12274],"product_tag":[],"class_list":{"0":"post-736596","1":"product","2":"type-product","3":"status-publish","5":"product_cat-3-6-yas-kitaplari","6":"product_cat-cocuk-ve-genclik-kitaplari","7":"pa_cilt-ciltsiz","8":"pa_tur-kitap","9":"pa_yayinevi-yapi-kredi-yayinlari","10":"pa_yazar-feridun-oral","12":"first","13":"instock","14":"sale","15":"shipping-taxable","16":"purchasable","17":"product-type-simple"},"_links":{"self":[{"href":"https:\/\/roveyayinevi.com.tr\/index.php\/wp-json\/wp\/v2\/product\/736596","targetHints":{"allow":["GET"]}}],"collection":[{"href":"https:\/\/roveyayinevi.com.tr\/index.php\/wp-json\/wp\/v2\/product"}],"about":[{"href":"https:\/\/roveyayinevi.com.tr\/index.php\/wp-json\/wp\/v2\/types\/product"}],"wp:attachment":[{"href":"https:\/\/roveyayinevi.com.tr\/index.php\/wp-json\/wp\/v2\/media?parent=736596"}],"wp:term":[{"taxonomy":"product_brand","embeddable":true,"href":"https:\/\/roveyayinevi.com.tr\/index.php\/wp-json\/wp\/v2\/product_brand?post=736596"},{"taxonomy":"product_cat","embeddable":true,"href":"https:\/\/roveyayinevi.com.tr\/index.php\/wp-json\/wp\/v2\/product_cat?post=736596"},{"taxonomy":"product_tag","embeddable":true,"href":"https:\/\/roveyayinevi.com.tr\/index.php\/wp-json\/wp\/v2\/product_tag?post=736596"}],"curies":[{"name":"wp","href":"https:\/\/api.w.org\/{rel}","templated":true}]}}