{"id":736589,"date":"2025-08-27T23:10:50","date_gmt":"2025-08-27T20:10:50","guid":{"rendered":"https:\/\/roveyayinevi.com.tr\/index.php\/urun\/bir-albumde-dort-mevsim\/"},"modified":"2026-04-16T02:45:41","modified_gmt":"2026-04-15T23:45:41","slug":"bir-albumde-dort-mevsim","status":"publish","type":"product","link":"https:\/\/roveyayinevi.com.tr\/index.php\/urun\/bir-albumde-dort-mevsim\/","title":{"rendered":"Bir Alb\u00fcmde D\u00f6rt Mevsim"},"content":{"rendered":"<p>Edebiyatta 60. y\u0131l\u0131n\u0131 geride b\u0131rakan G\u00fcven Turan\u2019\u0131n Toplu \u015eiirler (1963-1993) (YKY, 1995) kitab\u0131nda yer alan; 1991 Yunus Nadi Yay\u0131mlanmam\u0131\u015f \u015eiir Kitab\u0131 \u00d6d\u00fcl\u00fc sahibi Bir Alb\u00fcmde D\u00f6rt Mevsim ayr\u0131 bask\u0131s\u0131yla yay\u0131mland\u0131.Denize giren at \u00e7\u0131lg\u0131n solu\u011fuyla d\u00f6v\u00fcyor havay\u0131 suya d\u00f6n\u00fc\u015f\u00fcyor yelesi ve kuyru\u011fu   Neyi hat\u0131rlat\u0131yor k\u0131y\u0131ya \u00e7\u0131k\u0131\u015f\u0131   Bir cambaz ipten inen Silkindik\u00e7e<\/p>\n","protected":false},"excerpt":{"rendered":"<p>Edebiyatta 60. y\u0131l\u0131n\u0131 geride b\u0131rakan G\u00fcven Turan\u2019\u0131n Toplu \u015eiirler (1963-1993) (YKY, 1995) kitab\u0131nda yer alan; 1991 Yunus Nadi Yay\u0131mlanmam\u0131\u015f \u015eiir Kitab\u0131 \u00d6d\u00fcl\u00fc sahibi Bir Alb\u00fcmde D\u00f6rt<span class=\"excerpt-hellip\"> [\u2026]<\/span><\/p>\n","protected":false},"featured_media":0,"template":"","meta":{"_monsterinsights_skip_tracking":false,"_monsterinsights_sitenote_active":false,"_monsterinsights_sitenote_note":"","_monsterinsights_sitenote_category":0},"product_brand":[],"product_cat":[12291,12509],"product_tag":[],"class_list":{"0":"post-736589","1":"product","2":"type-product","3":"status-publish","5":"product_cat-edebiyat","6":"product_cat-siir","7":"pa_cilt-ciltsiz","8":"pa_tur-kitap","9":"pa_yayinevi-yapi-kredi-yayinlari","10":"pa_yazar-guven-turan","12":"first","13":"instock","14":"sale","15":"shipping-taxable","16":"purchasable","17":"product-type-simple"},"_links":{"self":[{"href":"https:\/\/roveyayinevi.com.tr\/index.php\/wp-json\/wp\/v2\/product\/736589","targetHints":{"allow":["GET"]}}],"collection":[{"href":"https:\/\/roveyayinevi.com.tr\/index.php\/wp-json\/wp\/v2\/product"}],"about":[{"href":"https:\/\/roveyayinevi.com.tr\/index.php\/wp-json\/wp\/v2\/types\/product"}],"wp:attachment":[{"href":"https:\/\/roveyayinevi.com.tr\/index.php\/wp-json\/wp\/v2\/media?parent=736589"}],"wp:term":[{"taxonomy":"product_brand","embeddable":true,"href":"https:\/\/roveyayinevi.com.tr\/index.php\/wp-json\/wp\/v2\/product_brand?post=736589"},{"taxonomy":"product_cat","embeddable":true,"href":"https:\/\/roveyayinevi.com.tr\/index.php\/wp-json\/wp\/v2\/product_cat?post=736589"},{"taxonomy":"product_tag","embeddable":true,"href":"https:\/\/roveyayinevi.com.tr\/index.php\/wp-json\/wp\/v2\/product_tag?post=736589"}],"curies":[{"name":"wp","href":"https:\/\/api.w.org\/{rel}","templated":true}]}}