{"id":736571,"date":"2025-08-27T23:10:33","date_gmt":"2025-08-27T20:10:33","guid":{"rendered":"https:\/\/roveyayinevi.com.tr\/index.php\/urun\/kozmik-colin-koca-burunlu-uzaylilarin-saldirisi\/"},"modified":"2026-04-16T02:45:40","modified_gmt":"2026-04-15T23:45:40","slug":"kozmik-colin-koca-burunlu-uzaylilarin-saldirisi","status":"publish","type":"product","link":"https:\/\/roveyayinevi.com.tr\/index.php\/urun\/kozmik-colin-koca-burunlu-uzaylilarin-saldirisi\/","title":{"rendered":"Kozmik Colin &#8211; Koca Burunlu Uzayl\u0131lar\u0131n Sald\u0131r\u0131s\u0131"},"content":{"rendered":"<p>Colin\u2019in David ad\u0131nda, \u00e7ok sinir bozucu bir erkek karde\u015fi vard\u0131r. Bir g\u00fcn David\u2019in, Colin\u2019in sinirlerini yine bozmay\u0131 ba\u015fard\u0131\u011f\u0131 bir anda, bir \u00e7\u00f6p tenekesiyle birlikte Harry \u00e7\u0131kagelir. Yanl\u0131\u015f okumad\u0131n\u0131z, bir \u00e7\u00f6p tenekesiyle! Colin ve Harry, s\u0131radanm\u0131\u015f gibi g\u00f6r\u00fcnen bu \u00e7\u00f6p tenekesiyle uzayda ve zamanda yolculuk yapabiliyorlard\u0131r. O g\u00fcn uzaya giderken yanlar\u0131nda David\u2019i de g\u00f6t\u00fcrmek zorunda kal\u0131rlar. Bela \u00e7\u0131karmakta \u00fcst\u00fcne olmayan David, gittikleri gezegende ortadan kaybolur. \u00dcst\u00fcne bir de hap\u015f\u0131r\u0131\u011fa benzer sesler \u00e7\u0131karan uzayl\u0131larla kar\u015f\u0131la\u015f\u0131rlar. \u00c7ok ge\u00e7meden i\u015fler daha da kar\u0131\u015f\u0131r. Acaba Colin, Harry ve David i\u015fleri yoluna koyup evlerine d\u00f6nebilecekler midir? Bildiklerinizden \u00e7ok farkl\u0131 bir uzay maceras\u0131 elinizde tuttu\u011funuz bu kitapta!<\/p>\n","protected":false},"excerpt":{"rendered":"<p>Colin\u2019in David ad\u0131nda, \u00e7ok sinir bozucu bir erkek karde\u015fi vard\u0131r. Bir g\u00fcn David\u2019in, Colin\u2019in sinirlerini yine bozmay\u0131 ba\u015fard\u0131\u011f\u0131 bir anda, bir \u00e7\u00f6p tenekesiyle birlikte Harry \u00e7\u0131kagelir.<span class=\"excerpt-hellip\"> [\u2026]<\/span><\/p>\n","protected":false},"featured_media":0,"template":"","meta":{"_monsterinsights_skip_tracking":false,"_monsterinsights_sitenote_active":false,"_monsterinsights_sitenote_note":"","_monsterinsights_sitenote_category":0},"product_brand":[],"product_cat":[12275,12274],"product_tag":[],"class_list":{"0":"post-736571","1":"product","2":"type-product","3":"status-publish","5":"product_cat-6-12-yas-kitaplari","6":"product_cat-cocuk-ve-genclik-kitaplari","7":"pa_cilt-ciltsiz","8":"pa_tur-kitap","9":"pa_yayinevi-epsilon-yayinlari","10":"pa_yazar-epsilon-yayinlari-kolektif","12":"first","13":"instock","14":"sale","15":"shipping-taxable","16":"purchasable","17":"product-type-simple"},"_links":{"self":[{"href":"https:\/\/roveyayinevi.com.tr\/index.php\/wp-json\/wp\/v2\/product\/736571","targetHints":{"allow":["GET"]}}],"collection":[{"href":"https:\/\/roveyayinevi.com.tr\/index.php\/wp-json\/wp\/v2\/product"}],"about":[{"href":"https:\/\/roveyayinevi.com.tr\/index.php\/wp-json\/wp\/v2\/types\/product"}],"wp:attachment":[{"href":"https:\/\/roveyayinevi.com.tr\/index.php\/wp-json\/wp\/v2\/media?parent=736571"}],"wp:term":[{"taxonomy":"product_brand","embeddable":true,"href":"https:\/\/roveyayinevi.com.tr\/index.php\/wp-json\/wp\/v2\/product_brand?post=736571"},{"taxonomy":"product_cat","embeddable":true,"href":"https:\/\/roveyayinevi.com.tr\/index.php\/wp-json\/wp\/v2\/product_cat?post=736571"},{"taxonomy":"product_tag","embeddable":true,"href":"https:\/\/roveyayinevi.com.tr\/index.php\/wp-json\/wp\/v2\/product_tag?post=736571"}],"curies":[{"name":"wp","href":"https:\/\/api.w.org\/{rel}","templated":true}]}}