{"id":736554,"date":"2025-08-27T23:10:12","date_gmt":"2025-08-27T20:10:12","guid":{"rendered":"https:\/\/roveyayinevi.com.tr\/index.php\/urun\/siddetsizligin-gucu\/"},"modified":"2026-04-16T02:45:39","modified_gmt":"2026-04-15T23:45:39","slug":"siddetsizligin-gucu","status":"publish","type":"product","link":"https:\/\/roveyayinevi.com.tr\/index.php\/urun\/siddetsizligin-gucu\/","title":{"rendered":"\u015eiddetsizli\u011fin G\u00fcc\u00fc"},"content":{"rendered":"<p>Toplumsal \u00e7at\u0131\u015fmalarda \u015fiddete ve \u015fiddetsizli\u011fe ba\u015fvurman\u0131n siyasi ve etik boyutlar\u0131n\u0131 tart\u0131\u015fan Butler a\u00e7\u0131k\u00e7a \u015fiddetsizlikten yana tav\u0131r al\u0131yor. Butler, me\u015fru \u015fiddet tekelini elinde tutan akt\u00f6r olarak devletin \u015fiddet tan\u0131m\u0131ndaki mu\u011flakl\u0131\u011f\u0131 kendi ama\u00e7lar\u0131 do\u011frultusunda nas\u0131l kullanabildi\u011fini g\u00f6sterirken, bir yandan da \u015fiddetsizli\u011fi savunmak i\u00e7in yeni bir tasavvur geli\u015ftiriyor ve \u015fiddetsizli\u011fi toplumsal e\u015fitli\u011fin bir gere\u011fi olarak temellendiriyor. \u015eiddetin \u00f6zsavunma olarak me\u015frula\u015ft\u0131r\u0131lmas\u0131nda sorunlu buldu\u011fu s\u0131n\u0131r\u0131, kimin \u201c\u00f6z\u201d, yani \u201cbiz\u201d olarak tan\u0131mlanageldi\u011fini ve bu s\u0131n\u0131r var oldu\u011fu s\u00fcrece \u015fiddeti \u00f6zsavunmayla gerek\u00e7elendirmenin nas\u0131l bir d\u0131\u015flama, dolay\u0131s\u0131yla e\u015fitsizlik yaratt\u0131\u011f\u0131n\u0131 tart\u0131\u015f\u0131yor. Yine e\u015fitlik a\u00e7\u0131s\u0131ndan, b\u00fct\u00fcn ya\u015famlar\u0131n ayn\u0131 derecede \u00f6nemli addedilmesi i\u00e7in insanlar daha hayattayken \u201cyas\u0131 tutulabilirli\u011fin\u201d nas\u0131l pay edildi\u011fini d\u00fc\u015f\u00fcnmeye \u00e7a\u011f\u0131r\u0131yor. Klasik s\u00f6zle\u015fmecili\u011fin temelinde yatan bireycili\u011fin ele\u015ftirisiyle birlikte, Butler \u015fiddetsizli\u011fi kar\u015f\u0131l\u0131kl\u0131 ba\u011f\u0131ml\u0131l\u0131\u011f\u0131n ka\u00e7\u0131n\u0131lmazl\u0131\u011f\u0131na dayand\u0131r\u0131yor. Siyaset ve felsefeyle ilgilenen okurlar\u0131m\u0131z\u0131n zevkle okuyaca\u011f\u0131na inan\u0131yoruz. <\/p>\n","protected":false},"excerpt":{"rendered":"<p>Toplumsal \u00e7at\u0131\u015fmalarda \u015fiddete ve \u015fiddetsizli\u011fe ba\u015fvurman\u0131n siyasi ve etik boyutlar\u0131n\u0131 tart\u0131\u015fan Butler a\u00e7\u0131k\u00e7a \u015fiddetsizlikten yana tav\u0131r al\u0131yor. Butler, me\u015fru \u015fiddet tekelini elinde tutan akt\u00f6r olarak devletin<span class=\"excerpt-hellip\"> [\u2026]<\/span><\/p>\n","protected":false},"featured_media":0,"template":"","meta":{"_monsterinsights_skip_tracking":false,"_monsterinsights_sitenote_active":false,"_monsterinsights_sitenote_note":"","_monsterinsights_sitenote_category":0},"product_brand":[],"product_cat":[12325,12324],"product_tag":[],"class_list":{"0":"post-736554","1":"product","2":"type-product","3":"status-publish","5":"product_cat-diger-sosyoloji","6":"product_cat-sosyoloji","7":"pa_cilt-ciltsiz","8":"pa_tur-kitap","9":"pa_yayinevi-metis-yayinlari","10":"pa_yazar-judith-butler","12":"first","13":"instock","14":"sale","15":"shipping-taxable","16":"purchasable","17":"product-type-simple"},"_links":{"self":[{"href":"https:\/\/roveyayinevi.com.tr\/index.php\/wp-json\/wp\/v2\/product\/736554","targetHints":{"allow":["GET"]}}],"collection":[{"href":"https:\/\/roveyayinevi.com.tr\/index.php\/wp-json\/wp\/v2\/product"}],"about":[{"href":"https:\/\/roveyayinevi.com.tr\/index.php\/wp-json\/wp\/v2\/types\/product"}],"wp:attachment":[{"href":"https:\/\/roveyayinevi.com.tr\/index.php\/wp-json\/wp\/v2\/media?parent=736554"}],"wp:term":[{"taxonomy":"product_brand","embeddable":true,"href":"https:\/\/roveyayinevi.com.tr\/index.php\/wp-json\/wp\/v2\/product_brand?post=736554"},{"taxonomy":"product_cat","embeddable":true,"href":"https:\/\/roveyayinevi.com.tr\/index.php\/wp-json\/wp\/v2\/product_cat?post=736554"},{"taxonomy":"product_tag","embeddable":true,"href":"https:\/\/roveyayinevi.com.tr\/index.php\/wp-json\/wp\/v2\/product_tag?post=736554"}],"curies":[{"name":"wp","href":"https:\/\/api.w.org\/{rel}","templated":true}]}}