{"id":736535,"date":"2025-08-27T23:09:52","date_gmt":"2025-08-27T20:09:52","guid":{"rendered":"https:\/\/roveyayinevi.com.tr\/index.php\/urun\/nazende\/"},"modified":"2026-04-16T02:45:38","modified_gmt":"2026-04-15T23:45:38","slug":"nazende","status":"publish","type":"product","link":"https:\/\/roveyayinevi.com.tr\/index.php\/urun\/nazende\/","title":{"rendered":"Nazende"},"content":{"rendered":"<p>Sessizlik lisan iken demde Binbir s\u00f6z ettim de geldim Yaln\u0131zl\u0131k fersahken \u00e2demde Koca arza yettim de geldim   N\u00e2r-\u0131 a\u015fkta g\u00f6zlerin k\u00f6m\u00fcr Al bu a\u015fk\u0131 g\u00f6nl\u00fcnce s\u00f6m\u00fcr Fani canda s\u00fcrer iken \u00f6m\u00fcr Ben \u00f6zde bittim de geldim Ere mihnet midir do\u011fu bat\u0131 Cana minnet \u015fahta iken at\u0131 Senden gayr\u0131 her bir f\u0131rsat\u0131 El tersimle ittim de geldim   G\u00f6\u011fe uzan\u0131r \u00e2\u015f\u0131\u011f\u0131n iki kolu Ma\u015fuk\u2019un yolu dikenle dolu A\u015fk\u0131n g\u00f6sterdi\u011fi c\u00fcmle yolu Yal\u0131n ayak gittim de geldim <\/p>\n","protected":false},"excerpt":{"rendered":"<p>Sessizlik lisan iken demde Binbir s\u00f6z ettim de geldim Yaln\u0131zl\u0131k fersahken \u00e2demde Koca arza yettim de geldim N\u00e2r-\u0131 a\u015fkta g\u00f6zlerin k\u00f6m\u00fcr Al bu a\u015fk\u0131 g\u00f6nl\u00fcnce s\u00f6m\u00fcr<span class=\"excerpt-hellip\"> [\u2026]<\/span><\/p>\n","protected":false},"featured_media":0,"template":"","meta":{"_monsterinsights_skip_tracking":false,"_monsterinsights_sitenote_active":false,"_monsterinsights_sitenote_note":"","_monsterinsights_sitenote_category":0},"product_brand":[],"product_cat":[12291,12509],"product_tag":[],"class_list":{"0":"post-736535","1":"product","2":"type-product","3":"status-publish","5":"product_cat-edebiyat","6":"product_cat-siir","7":"pa_cilt-ciltsiz","8":"pa_tur-kitap","9":"pa_yayinevi-luna-yayinlari","10":"pa_yazar-muhammed-akif-bayraktar","12":"first","13":"instock","14":"sale","15":"shipping-taxable","16":"purchasable","17":"product-type-simple"},"_links":{"self":[{"href":"https:\/\/roveyayinevi.com.tr\/index.php\/wp-json\/wp\/v2\/product\/736535","targetHints":{"allow":["GET"]}}],"collection":[{"href":"https:\/\/roveyayinevi.com.tr\/index.php\/wp-json\/wp\/v2\/product"}],"about":[{"href":"https:\/\/roveyayinevi.com.tr\/index.php\/wp-json\/wp\/v2\/types\/product"}],"wp:attachment":[{"href":"https:\/\/roveyayinevi.com.tr\/index.php\/wp-json\/wp\/v2\/media?parent=736535"}],"wp:term":[{"taxonomy":"product_brand","embeddable":true,"href":"https:\/\/roveyayinevi.com.tr\/index.php\/wp-json\/wp\/v2\/product_brand?post=736535"},{"taxonomy":"product_cat","embeddable":true,"href":"https:\/\/roveyayinevi.com.tr\/index.php\/wp-json\/wp\/v2\/product_cat?post=736535"},{"taxonomy":"product_tag","embeddable":true,"href":"https:\/\/roveyayinevi.com.tr\/index.php\/wp-json\/wp\/v2\/product_tag?post=736535"}],"curies":[{"name":"wp","href":"https:\/\/api.w.org\/{rel}","templated":true}]}}