{"id":736522,"date":"2025-08-27T23:09:38","date_gmt":"2025-08-27T20:09:38","guid":{"rendered":"https:\/\/roveyayinevi.com.tr\/index.php\/urun\/psikolojik-iskence-teknikleri\/"},"modified":"2026-04-16T02:45:37","modified_gmt":"2026-04-15T23:45:37","slug":"psikolojik-iskence-teknikleri","status":"publish","type":"product","link":"https:\/\/roveyayinevi.com.tr\/index.php\/urun\/psikolojik-iskence-teknikleri\/","title":{"rendered":"Psikolojik \u0130\u015fkence Teknikleri"},"content":{"rendered":"<p>Bu kitap size ne verebilir? O\u0308ncelikle bireysel bir uyan\u0131s\u0327, bir fark\u0131ndal\u0131k verebilir.   \u201cYeter, art\u0131k aptal yerine konulmak istemiyorum\u201d cu\u0308mlesinin ag\u0306z\u0131n\u0131zdan ve yu\u0308reg\u0306inizden c\u0327\u0131kmas\u0131n\u0131 sag\u0306lamak istiyorum.   Peki sonra? Sonras\u0131 insanlar\u0131n rica ederek ya da tatl\u0131 dille de olsa size eziyet etmelerini durdurmak; s\u00f6m\u00fcr\u00fclmedi\u011finiz, bo\u015fu bo\u015funa ba\u015fkas\u0131n\u0131n stresini y\u00fcklenmedi\u011finiz bir hayat.   Maniple edilmekten s\u0131k\u0131ld\u0131n\u0131z m\u0131? Korkuyor musunuz? Ya da\u2026 Ba\u015fkalar\u0131na zarar verdi\u011finizi mi d\u00fc\u015f\u00fcn\u00fcyorsunuz?   Duygu s\u00f6m\u00fcr\u00fcs\u00fcnden kaprise, love bombing\u2019ten mobbing\u2019e akl\u0131n\u0131za gelebilecek her t\u00fcrl\u00fc manip\u00fclasyon ile i\u015fkence tekni\u011fi ve bunlardan korunma yollar\u0131\u2026   Haluk Tatar, bilgiyi e\u011flenceyle harmanlad\u0131 ve Psikolojik \u0130\u015fkence Teknikleri i\u015fte b\u00f6yle ortaya \u00e7\u0131kt\u0131.   Psikolojik \u0130\u015fkence Teknikleri i\u015f, a\u015fk, aile ve arkada\u015fl\u0131k ili\u015fkilerinizde size rehber olacak. <\/p>\n","protected":false},"excerpt":{"rendered":"<p>Bu kitap size ne verebilir? O\u0308ncelikle bireysel bir uyan\u0131s\u0327, bir fark\u0131ndal\u0131k verebilir. \u201cYeter, art\u0131k aptal yerine konulmak istemiyorum\u201d cu\u0308mlesinin ag\u0306z\u0131n\u0131zdan ve yu\u0308reg\u0306inizden c\u0327\u0131kmas\u0131n\u0131 sag\u0306lamak istiyorum. Peki<span class=\"excerpt-hellip\"> [\u2026]<\/span><\/p>\n","protected":false},"featured_media":0,"template":"","meta":{"_monsterinsights_skip_tracking":false,"_monsterinsights_sitenote_active":false,"_monsterinsights_sitenote_note":"","_monsterinsights_sitenote_category":0},"product_brand":[],"product_cat":[12364,12376],"product_tag":[],"class_list":{"0":"post-736522","1":"product","2":"type-product","3":"status-publish","5":"product_cat-genel-konular","6":"product_cat-kisisel-gelisim","7":"pa_cilt-ciltsiz","8":"pa_tur-kitap","9":"pa_yayinevi-sahi-kitap","10":"pa_yazar-haluk-tatar","12":"first","13":"instock","14":"sale","15":"shipping-taxable","16":"purchasable","17":"product-type-simple"},"_links":{"self":[{"href":"https:\/\/roveyayinevi.com.tr\/index.php\/wp-json\/wp\/v2\/product\/736522","targetHints":{"allow":["GET"]}}],"collection":[{"href":"https:\/\/roveyayinevi.com.tr\/index.php\/wp-json\/wp\/v2\/product"}],"about":[{"href":"https:\/\/roveyayinevi.com.tr\/index.php\/wp-json\/wp\/v2\/types\/product"}],"wp:attachment":[{"href":"https:\/\/roveyayinevi.com.tr\/index.php\/wp-json\/wp\/v2\/media?parent=736522"}],"wp:term":[{"taxonomy":"product_brand","embeddable":true,"href":"https:\/\/roveyayinevi.com.tr\/index.php\/wp-json\/wp\/v2\/product_brand?post=736522"},{"taxonomy":"product_cat","embeddable":true,"href":"https:\/\/roveyayinevi.com.tr\/index.php\/wp-json\/wp\/v2\/product_cat?post=736522"},{"taxonomy":"product_tag","embeddable":true,"href":"https:\/\/roveyayinevi.com.tr\/index.php\/wp-json\/wp\/v2\/product_tag?post=736522"}],"curies":[{"name":"wp","href":"https:\/\/api.w.org\/{rel}","templated":true}]}}