{"id":736519,"date":"2025-08-27T23:09:35","date_gmt":"2025-08-27T20:09:35","guid":{"rendered":"https:\/\/roveyayinevi.com.tr\/index.php\/urun\/havuckafa\/"},"modified":"2026-04-16T02:45:37","modified_gmt":"2026-04-15T23:45:37","slug":"havuckafa","status":"publish","type":"product","link":"https:\/\/roveyayinevi.com.tr\/index.php\/urun\/havuckafa\/","title":{"rendered":"Havu\u00e7kafa"},"content":{"rendered":"<p>Victor Hugo ve niceleri \u00e7ocu\u011fu hep bir melek olarak g\u00f6rd\u00fcler. As\u0131l onda \u015feytani ve gaddar olan\u0131 g\u00f6rmemiz gerekir. \u00c7ocu\u011fa dair yaz\u0131lanlar da ancak bu bak\u0131\u015f a\u00e7\u0131s\u0131yla yenilenebilir. \u00c7ocu\u011fun k\u00fc\u00e7\u00fck bir hayvan olmas\u0131 ka\u00e7\u0131n\u0131lmazd\u0131r.\u201d Jules Renard, 1894\u2019te yay\u0131mlanan Havu\u00e7kafa\u2019yla edebiyatta masum \u00e7ocukluk ve kutsal annelik temsiliyle ilgili kal\u0131plar\u0131 y\u0131kmay\u0131 ama\u00e7lad\u0131\u011f\u0131n\u0131 bu s\u00f6zlerle duyuruyordu. Ger\u00e7ekten de yeti\u015fkinlerin ikiy\u00fczl\u00fcl\u00fc\u011f\u00fcne ve sahtek\u00e2rl\u0131\u011f\u0131na kar\u015f\u0131, e\u015fit olmayan ko\u015fullarda m\u00fccadeleye giri\u015fen \u00e7ocu\u011fu, \u00e7\u0131\u011f\u0131r a\u00e7an bir ger\u00e7ek\u00e7ilik ve incelikle yans\u0131tan bu roman, yazar\u0131na \u00e2n\u0131nda b\u00fcy\u00fck bir \u00fcn kazand\u0131rd\u0131 ve Frans\u0131z edebiyat\u0131n\u0131n en g\u00fc\u00e7l\u00fc ve \u00e7arp\u0131c\u0131 tan\u0131kl\u0131klar\u0131ndan biri olarak klasikle\u015fti. Onlarca dile \u00e7evrilerek t\u00fcm d\u00fcnyada yank\u0131 uyand\u0131ran Havu\u00e7kafa, tiyatro, sinema, TV dizisi, animasyon ve opera uyarlamalar\u0131yla g\u00fcncelli\u011fini koruyor.   Ta\u015fra zengini Lepic ailesinin en k\u00fc\u00e7\u00fck o\u011flu Havu\u00e7kafa, k\u0131z\u0131l sa\u00e7lar\u0131, \u00e7illi y\u00fcz\u00fc ve geni\u015f hayal g\u00fcc\u00fcyle sevimli ve zeki bir \u00e7ocuktur ancak annesinden sevgi g\u00f6remez. A\u011fabeyi tembel, ablas\u0131 sinsi, babas\u0131 da genellikle ilgisiz olunca ailenin g\u00fcnah ke\u00e7isine d\u00f6n\u00fc\u015fen Havu\u00e7kafa, \u00e7areyi yaramazl\u0131k ve kurnazl\u0131kta bulur. D\u00f6nemin sert disiplin anlay\u0131\u015f\u0131yla da per\u00e7inlenen bu sevgisiz ortamda pes etmez, k\u00fc\u00e7\u00fck ya\u015f\u0131na ra\u011fmen y\u00fcksek kavray\u0131\u015f\u0131 ve derin sezgisiyle ayakta kalmay\u0131 hatta isyan etmeyi ba\u015far\u0131r.   \u201cAnnemin ve kar\u0131m\u0131n tutumlar\u0131 beni bu kitab\u0131 yazmaya itti,\u201d diyen Jules Renard\u2019\u0131n kendi \u00e7ocuklu\u011fundan esinlenen Havu\u00e7kafa son derece ac\u0131kl\u0131 olabilecek bir \u00f6yk\u00fcy\u00fc g\u00fc\u00e7l\u00fc bir mizahla dengeleyebilen, hem kederli hem ironik hem de rahats\u0131z edici olmay\u0131 ba\u015faran, derin bir roman.     \u201cB\u00f6yle bir yap\u0131t\u0131 okuyan, bir daha unutamaz.\u201d Robert Sabatier <\/p>\n","protected":false},"excerpt":{"rendered":"<p>Victor Hugo ve niceleri \u00e7ocu\u011fu hep bir melek olarak g\u00f6rd\u00fcler. As\u0131l onda \u015feytani ve gaddar olan\u0131 g\u00f6rmemiz gerekir. \u00c7ocu\u011fa dair yaz\u0131lanlar da ancak bu bak\u0131\u015f a\u00e7\u0131s\u0131yla<span class=\"excerpt-hellip\"> [\u2026]<\/span><\/p>\n","protected":false},"featured_media":0,"template":"","meta":{"_monsterinsights_skip_tracking":false,"_monsterinsights_sitenote_active":false,"_monsterinsights_sitenote_note":"","_monsterinsights_sitenote_category":0},"product_brand":[],"product_cat":[12291,12711],"product_tag":[],"class_list":{"0":"post-736519","1":"product","2":"type-product","3":"status-publish","5":"product_cat-edebiyat","6":"product_cat-roman-oyku","7":"pa_cilt-ciltsiz","8":"pa_tur-kitap","9":"pa_yayinevi-can-yayinlari","10":"pa_yazar-jules-renard","12":"first","13":"instock","14":"sale","15":"shipping-taxable","16":"purchasable","17":"product-type-simple"},"_links":{"self":[{"href":"https:\/\/roveyayinevi.com.tr\/index.php\/wp-json\/wp\/v2\/product\/736519","targetHints":{"allow":["GET"]}}],"collection":[{"href":"https:\/\/roveyayinevi.com.tr\/index.php\/wp-json\/wp\/v2\/product"}],"about":[{"href":"https:\/\/roveyayinevi.com.tr\/index.php\/wp-json\/wp\/v2\/types\/product"}],"wp:attachment":[{"href":"https:\/\/roveyayinevi.com.tr\/index.php\/wp-json\/wp\/v2\/media?parent=736519"}],"wp:term":[{"taxonomy":"product_brand","embeddable":true,"href":"https:\/\/roveyayinevi.com.tr\/index.php\/wp-json\/wp\/v2\/product_brand?post=736519"},{"taxonomy":"product_cat","embeddable":true,"href":"https:\/\/roveyayinevi.com.tr\/index.php\/wp-json\/wp\/v2\/product_cat?post=736519"},{"taxonomy":"product_tag","embeddable":true,"href":"https:\/\/roveyayinevi.com.tr\/index.php\/wp-json\/wp\/v2\/product_tag?post=736519"}],"curies":[{"name":"wp","href":"https:\/\/api.w.org\/{rel}","templated":true}]}}