{"id":736501,"date":"2025-08-27T23:09:15","date_gmt":"2025-08-27T20:09:15","guid":{"rendered":"https:\/\/roveyayinevi.com.tr\/index.php\/urun\/epigenetik\/"},"modified":"2026-04-16T02:45:36","modified_gmt":"2026-04-15T23:45:36","slug":"epigenetik","status":"publish","type":"product","link":"https:\/\/roveyayinevi.com.tr\/index.php\/urun\/epigenetik\/","title":{"rendered":"Epigenetik"},"content":{"rendered":"<p>Do\u011fu\u015ftan gelen \u00f6zelliklerin \u201cgen\u201d denen aktif DNA dizilimleriyle ku\u015faktan ku\u015fa\u011fa aktar\u0131ld\u0131\u011f\u0131n\u0131 biliyoruz. Fakat bilim insanlar\u0131 yak\u0131n zaman i\u00e7erisinde, sonradan kazan\u0131lan \u00f6zelliklerin de ku\u015faktan ku\u015fa\u011fa aktar\u0131labildi\u011fini ke\u015ffettiler. Gelgelelim, tuhaf bir \u015fey vard\u0131: Sonradan kazan\u0131lan bu \u00f6zellikler DNA dizilimlerinde bir de\u011fi\u015fikli\u011fe yol a\u00e7m\u0131yor ama yine de sonraki ku\u015faklara aktar\u0131labiliyordu. \u00c7ok ge\u00e7meden DNA dizilimleriyle ba\u011flant\u0131l\u0131 ikincil enformasyon yap\u0131lar\u0131 ke\u015ffedildi. Epigenetik s\u00f6zc\u00fc\u011f\u00fc i\u015fte bu yap\u0131lar\u0131 ifade ediyor. Bu epigenetik \u201cprogramlar\u201d, genleri, hatta bir kromozomun tamam\u0131n\u0131 \u201ca\u00e7\u0131p kapatabiliyor\u201d, \u00e7evre ile genom aras\u0131nda ara halka g\u00f6revi yap\u0131yor. Bernhard Kegel epigeneti\u011fin sonu\u00e7lar\u0131n\u0131 etrafl\u0131ca ve ustaca betimliyor. Biyolojide etkileyici bir paradigma de\u011fi\u015fimine tan\u0131k olacaks\u0131n\u0131z.   \u201cBerhard Kegel h\u00fccre \u00e7ekirde\u011finin i\u00e7inde olup bitenleri \u00f6yle iyi anlat\u0131yor ki, biyoloji bilmeyenler bile konuyu anlayabiliyor.\u201d \u2014 Spiegel online <\/p>\n","protected":false},"excerpt":{"rendered":"<p>Do\u011fu\u015ftan gelen \u00f6zelliklerin \u201cgen\u201d denen aktif DNA dizilimleriyle ku\u015faktan ku\u015fa\u011fa aktar\u0131ld\u0131\u011f\u0131n\u0131 biliyoruz. Fakat bilim insanlar\u0131 yak\u0131n zaman i\u00e7erisinde, sonradan kazan\u0131lan \u00f6zelliklerin de ku\u015faktan ku\u015fa\u011fa aktar\u0131labildi\u011fini ke\u015ffettiler.<span class=\"excerpt-hellip\"> [\u2026]<\/span><\/p>\n","protected":false},"featured_media":0,"template":"","meta":{"_monsterinsights_skip_tracking":false,"_monsterinsights_sitenote_active":false,"_monsterinsights_sitenote_note":"","_monsterinsights_sitenote_category":0},"product_brand":[],"product_cat":[13005,13006],"product_tag":[],"class_list":{"0":"post-736501","1":"product","2":"type-product","3":"status-publish","5":"product_cat-bilim-muhendislik","6":"product_cat-populer-bilim","7":"pa_cilt-ciltsiz","8":"pa_tur-kitap","9":"pa_yayinevi-say-yayinlari","10":"pa_yazar-bernhard-kegel","12":"first","13":"instock","14":"sale","15":"shipping-taxable","16":"purchasable","17":"product-type-simple"},"_links":{"self":[{"href":"https:\/\/roveyayinevi.com.tr\/index.php\/wp-json\/wp\/v2\/product\/736501","targetHints":{"allow":["GET"]}}],"collection":[{"href":"https:\/\/roveyayinevi.com.tr\/index.php\/wp-json\/wp\/v2\/product"}],"about":[{"href":"https:\/\/roveyayinevi.com.tr\/index.php\/wp-json\/wp\/v2\/types\/product"}],"wp:attachment":[{"href":"https:\/\/roveyayinevi.com.tr\/index.php\/wp-json\/wp\/v2\/media?parent=736501"}],"wp:term":[{"taxonomy":"product_brand","embeddable":true,"href":"https:\/\/roveyayinevi.com.tr\/index.php\/wp-json\/wp\/v2\/product_brand?post=736501"},{"taxonomy":"product_cat","embeddable":true,"href":"https:\/\/roveyayinevi.com.tr\/index.php\/wp-json\/wp\/v2\/product_cat?post=736501"},{"taxonomy":"product_tag","embeddable":true,"href":"https:\/\/roveyayinevi.com.tr\/index.php\/wp-json\/wp\/v2\/product_tag?post=736501"}],"curies":[{"name":"wp","href":"https:\/\/api.w.org\/{rel}","templated":true}]}}