{"id":736498,"date":"2025-08-27T23:09:12","date_gmt":"2025-08-27T20:09:12","guid":{"rendered":"https:\/\/roveyayinevi.com.tr\/index.php\/urun\/isim-sehir-hayvan-bitki-esya\/"},"modified":"2026-04-16T02:45:36","modified_gmt":"2026-04-15T23:45:36","slug":"isim-sehir-hayvan-bitki-esya","status":"publish","type":"product","link":"https:\/\/roveyayinevi.com.tr\/index.php\/urun\/isim-sehir-hayvan-bitki-esya\/","title":{"rendered":"\u0130sim, \u015eehir, Hayvan, Bitki, E\u015fya"},"content":{"rendered":"<p>Bilgi hazinenizi geli\u015ftirmenizde size yard\u0131mc\u0131 olurken,ayn\u0131 zamanda boyama ve \u00e7izim aktiviteleri ile yarat\u0131c\u0131l\u0131\u011f\u0131n\u0131z\u0131 ortaya \u00e7\u0131karman\u0131z i\u00e7in tasarlanm\u0131\u015f e\u011flenceli biraktivite kitab\u0131.Alfabemizdeki harflerden yararlan\u0131lark olu\u015fturulan bu kitapta, bildi\u011finiz ve ara\u015ft\u0131rd\u0131\u011f\u0131n\u0131z isimleri ve \u015fehirleri siz yaz\u0131yorsunuz;160\u2019\u0131 a\u015fk\u0131n hayvan ve e\u015fya,150\u2019yi a\u015fk\u0131n bitki t\u00fcr\u00fc ise sizin taraf\u0131n\u0131zdan ke\u015ffedilmeyi, renklendirilmeyi ve tasarlanmay\u0131 bekliyor!\u0130sim-\u015eehir-Hayvan oyunu esas al\u0131narak haz\u0131rlanan bu kitapla e\u011flenerek \u00f6\u011frenmeye haz\u0131r m\u0131s\u0131n\u0131z?<\/p>\n","protected":false},"excerpt":{"rendered":"<p>Bilgi hazinenizi geli\u015ftirmenizde size yard\u0131mc\u0131 olurken,ayn\u0131 zamanda boyama ve \u00e7izim aktiviteleri ile yarat\u0131c\u0131l\u0131\u011f\u0131n\u0131z\u0131 ortaya \u00e7\u0131karman\u0131z i\u00e7in tasarlanm\u0131\u015f e\u011flenceli biraktivite kitab\u0131.Alfabemizdeki harflerden yararlan\u0131lark olu\u015fturulan bu kitapta, bildi\u011finiz<span class=\"excerpt-hellip\"> [\u2026]<\/span><\/p>\n","protected":false},"featured_media":0,"template":"","meta":{"_monsterinsights_skip_tracking":false,"_monsterinsights_sitenote_active":false,"_monsterinsights_sitenote_note":"","_monsterinsights_sitenote_category":0},"product_brand":[],"product_cat":[12275,12274],"product_tag":[],"class_list":{"0":"post-736498","1":"product","2":"type-product","3":"status-publish","5":"product_cat-6-12-yas-kitaplari","6":"product_cat-cocuk-ve-genclik-kitaplari","7":"pa_cilt-ciltsiz","8":"pa_tur-kitap","9":"pa_yayinevi-abm-yayinevi","10":"pa_yazar-alp-gokalp","12":"first","13":"instock","14":"sale","15":"shipping-taxable","16":"purchasable","17":"product-type-simple"},"_links":{"self":[{"href":"https:\/\/roveyayinevi.com.tr\/index.php\/wp-json\/wp\/v2\/product\/736498","targetHints":{"allow":["GET"]}}],"collection":[{"href":"https:\/\/roveyayinevi.com.tr\/index.php\/wp-json\/wp\/v2\/product"}],"about":[{"href":"https:\/\/roveyayinevi.com.tr\/index.php\/wp-json\/wp\/v2\/types\/product"}],"wp:attachment":[{"href":"https:\/\/roveyayinevi.com.tr\/index.php\/wp-json\/wp\/v2\/media?parent=736498"}],"wp:term":[{"taxonomy":"product_brand","embeddable":true,"href":"https:\/\/roveyayinevi.com.tr\/index.php\/wp-json\/wp\/v2\/product_brand?post=736498"},{"taxonomy":"product_cat","embeddable":true,"href":"https:\/\/roveyayinevi.com.tr\/index.php\/wp-json\/wp\/v2\/product_cat?post=736498"},{"taxonomy":"product_tag","embeddable":true,"href":"https:\/\/roveyayinevi.com.tr\/index.php\/wp-json\/wp\/v2\/product_tag?post=736498"}],"curies":[{"name":"wp","href":"https:\/\/api.w.org\/{rel}","templated":true}]}}