{"id":736496,"date":"2025-08-27T23:09:09","date_gmt":"2025-08-27T20:09:09","guid":{"rendered":"https:\/\/roveyayinevi.com.tr\/index.php\/urun\/dogada-saklambac\/"},"modified":"2026-04-16T02:45:36","modified_gmt":"2026-04-15T23:45:36","slug":"dogada-saklambac","status":"publish","type":"product","link":"https:\/\/roveyayinevi.com.tr\/index.php\/urun\/dogada-saklambac\/","title":{"rendered":"Do\u011fada Saklamba\u00e7"},"content":{"rendered":"<p>Birbirinden renkli, birbirinden canl\u0131 yeni aktivite kitab\u0131m\u0131z \u00e7ocuklar\u0131n fark etme ve sayma yeteneklerini test etmelerine yard\u0131mc\u0131 oluyor.Agnesse Baruzi taraf\u0131ndan tasarlanan tam sayfa m\u00fcthi\u015f detayl\u0131 ill\u00fcstrasyonlar, farkl\u0131 do\u011fal habitatlar\u0131 ve muhte\u015fem labirentleri resmediyor.Do\u011fada Saklamba\u00e7\u2019ta \u00e7ocuklar sayfalardaki hayvanlar\u0131n say\u0131lar\u0131n\u0131 bulup verilen alana yaz\u0131yorlar.Heyecanl\u0131 ve ayn\u0131 zamanda bilgi veren bu kitap \u00e7ocuklara e\u011flence dolu saatler vadediyor.<\/p>\n","protected":false},"excerpt":{"rendered":"<p>Birbirinden renkli, birbirinden canl\u0131 yeni aktivite kitab\u0131m\u0131z \u00e7ocuklar\u0131n fark etme ve sayma yeteneklerini test etmelerine yard\u0131mc\u0131 oluyor.Agnesse Baruzi taraf\u0131ndan tasarlanan tam sayfa m\u00fcthi\u015f detayl\u0131 ill\u00fcstrasyonlar, farkl\u0131<span class=\"excerpt-hellip\"> [\u2026]<\/span><\/p>\n","protected":false},"featured_media":0,"template":"","meta":{"_monsterinsights_skip_tracking":false,"_monsterinsights_sitenote_active":false,"_monsterinsights_sitenote_note":"","_monsterinsights_sitenote_category":0},"product_brand":[],"product_cat":[13829,12274],"product_tag":[],"class_list":{"0":"post-736496","1":"product","2":"type-product","3":"status-publish","5":"product_cat-bilimsel-kitaplar","6":"product_cat-cocuk-ve-genclik-kitaplari","7":"pa_cilt-ciltsiz","8":"pa_tur-kitap","9":"pa_yayinevi-abm-yayinevi","10":"pa_yazar-agnese-baruzzi","12":"first","13":"instock","14":"sale","15":"shipping-taxable","16":"purchasable","17":"product-type-simple"},"_links":{"self":[{"href":"https:\/\/roveyayinevi.com.tr\/index.php\/wp-json\/wp\/v2\/product\/736496","targetHints":{"allow":["GET"]}}],"collection":[{"href":"https:\/\/roveyayinevi.com.tr\/index.php\/wp-json\/wp\/v2\/product"}],"about":[{"href":"https:\/\/roveyayinevi.com.tr\/index.php\/wp-json\/wp\/v2\/types\/product"}],"wp:attachment":[{"href":"https:\/\/roveyayinevi.com.tr\/index.php\/wp-json\/wp\/v2\/media?parent=736496"}],"wp:term":[{"taxonomy":"product_brand","embeddable":true,"href":"https:\/\/roveyayinevi.com.tr\/index.php\/wp-json\/wp\/v2\/product_brand?post=736496"},{"taxonomy":"product_cat","embeddable":true,"href":"https:\/\/roveyayinevi.com.tr\/index.php\/wp-json\/wp\/v2\/product_cat?post=736496"},{"taxonomy":"product_tag","embeddable":true,"href":"https:\/\/roveyayinevi.com.tr\/index.php\/wp-json\/wp\/v2\/product_tag?post=736496"}],"curies":[{"name":"wp","href":"https:\/\/api.w.org\/{rel}","templated":true}]}}