{"id":736493,"date":"2025-08-27T23:09:06","date_gmt":"2025-08-27T20:09:06","guid":{"rendered":"https:\/\/roveyayinevi.com.tr\/index.php\/urun\/okul-radyosu-yayinda\/"},"modified":"2026-04-16T02:45:36","modified_gmt":"2026-04-15T23:45:36","slug":"okul-radyosu-yayinda","status":"publish","type":"product","link":"https:\/\/roveyayinevi.com.tr\/index.php\/urun\/okul-radyosu-yayinda\/","title":{"rendered":"Okul Radyosu Yay\u0131nda"},"content":{"rendered":"<p>Yenilenen format\u0131yla kitap raflar\u0131nda yerini alan macerasever ikili Usra ve Mercan ayn\u0131 okulda farkl\u0131 s\u0131n\u0131flarda okuyan,birbirini tan\u0131mayan iki ayr\u0131 kahramand\u0131r. Usra,okulun foto\u011fraf\u00e7\u0131 \u00f6\u011frencisidir ve her hafta farkl\u0131 temelarda sadece foto\u011fraflardan olu\u015fan bir pano haz\u0131rlamaktad\u0131r.Bu panoyu haz\u0131rlarken hayat\u0131 boyunca unutamayaca\u011f\u0131 kareler yakalayacakt\u0131r.Bu s\u0131rada arkada\u015f\u0131 Papatya\u2019n\u0131n nadir g\u00f6r\u00fclen bir hastal\u0131\u011f\u0131 oldu\u011funu \u00f6\u011frenecektir.Konu\u015fkanl\u0131\u011f\u0131 ve g\u00fcler y\u00fcz\u00fc ile okulun bilindik \u00f6\u011frencilerinden olan Mercan ise,tarih ve arkeolojiye merakl\u0131 G\u00f6khan\u2019la birlikte farkl\u0131 maceralara yelken a\u00e7acakt\u0131r. \u0130\u00e7 i\u00e7e ge\u00e7mi\u015f gizemli olaylar\u0131 \u00e7\u00f6zmek  Amac\u0131yla b\u00fct\u00fcn tehlikeleri g\u00f6ze alan Kahramanlar\u0131m\u0131z i\u00e7in okul Ya\u015famlar\u0131nda yeni bir d\u00f6nem ba\u015flayacak ve olaylara farkl\u0131 bir g\u00f6zle bakmay\u0131 \u00f6\u011freneceklerdir.<\/p>\n","protected":false},"excerpt":{"rendered":"<p>Yenilenen format\u0131yla kitap raflar\u0131nda yerini alan macerasever ikili Usra ve Mercan ayn\u0131 okulda farkl\u0131 s\u0131n\u0131flarda okuyan,birbirini tan\u0131mayan iki ayr\u0131 kahramand\u0131r. Usra,okulun foto\u011fraf\u00e7\u0131 \u00f6\u011frencisidir ve her hafta<span class=\"excerpt-hellip\"> [\u2026]<\/span><\/p>\n","protected":false},"featured_media":0,"template":"","meta":{"_monsterinsights_skip_tracking":false,"_monsterinsights_sitenote_active":false,"_monsterinsights_sitenote_note":"","_monsterinsights_sitenote_category":0},"product_brand":[],"product_cat":[12275,12274],"product_tag":[],"class_list":{"0":"post-736493","1":"product","2":"type-product","3":"status-publish","5":"product_cat-6-12-yas-kitaplari","6":"product_cat-cocuk-ve-genclik-kitaplari","7":"pa_cilt-ciltsiz","8":"pa_tur-kitap","9":"pa_yayinevi-abm-yayinevi","10":"pa_yazar-ulker-kurtcan","12":"first","13":"instock","14":"sale","15":"shipping-taxable","16":"purchasable","17":"product-type-simple"},"_links":{"self":[{"href":"https:\/\/roveyayinevi.com.tr\/index.php\/wp-json\/wp\/v2\/product\/736493","targetHints":{"allow":["GET"]}}],"collection":[{"href":"https:\/\/roveyayinevi.com.tr\/index.php\/wp-json\/wp\/v2\/product"}],"about":[{"href":"https:\/\/roveyayinevi.com.tr\/index.php\/wp-json\/wp\/v2\/types\/product"}],"wp:attachment":[{"href":"https:\/\/roveyayinevi.com.tr\/index.php\/wp-json\/wp\/v2\/media?parent=736493"}],"wp:term":[{"taxonomy":"product_brand","embeddable":true,"href":"https:\/\/roveyayinevi.com.tr\/index.php\/wp-json\/wp\/v2\/product_brand?post=736493"},{"taxonomy":"product_cat","embeddable":true,"href":"https:\/\/roveyayinevi.com.tr\/index.php\/wp-json\/wp\/v2\/product_cat?post=736493"},{"taxonomy":"product_tag","embeddable":true,"href":"https:\/\/roveyayinevi.com.tr\/index.php\/wp-json\/wp\/v2\/product_tag?post=736493"}],"curies":[{"name":"wp","href":"https:\/\/api.w.org\/{rel}","templated":true}]}}