{"id":736490,"date":"2025-08-27T23:09:03","date_gmt":"2025-08-27T20:09:03","guid":{"rendered":"https:\/\/roveyayinevi.com.tr\/index.php\/urun\/sevgi-kadar-tatli\/"},"modified":"2026-04-16T02:45:36","modified_gmt":"2026-04-15T23:45:36","slug":"sevgi-kadar-tatli","status":"publish","type":"product","link":"https:\/\/roveyayinevi.com.tr\/index.php\/urun\/sevgi-kadar-tatli\/","title":{"rendered":"Sevgi Kadar Tatl\u0131"},"content":{"rendered":"<p>Gonca, haftan\u0131n \u00fc\u00e7 g\u00fcn\u00fc b\u00fcy\u00fckannesinin evine giderdi. Birlikte \u00f6yle iyi vakit ge\u00e7irirlerdi ki! Gonca\u2019n\u0131n do\u011fum g\u00fcn\u00fcnde de beraber olacaklard\u0131. B\u00fcy\u00fckannenin harika bir plan\u0131 vard\u0131: Birlikte, sevgi kadar tatl\u0131 bir pasta yapmak. Hem de b\u00fcy\u00fckannenin \u00e7ok \u00f6zel tarifiyle!         B\u00fcy\u00fckannelerle torunlar\u0131 aras\u0131ndaki \u00f6zel ba\u011f\u0131 konu alan, sevgi dolu bir hik\u00e2ye. <\/p>\n","protected":false},"excerpt":{"rendered":"<p>Gonca, haftan\u0131n \u00fc\u00e7 g\u00fcn\u00fc b\u00fcy\u00fckannesinin evine giderdi. Birlikte \u00f6yle iyi vakit ge\u00e7irirlerdi ki! Gonca\u2019n\u0131n do\u011fum g\u00fcn\u00fcnde de beraber olacaklard\u0131. B\u00fcy\u00fckannenin harika bir plan\u0131 vard\u0131: Birlikte, sevgi<span class=\"excerpt-hellip\"> [\u2026]<\/span><\/p>\n","protected":false},"featured_media":0,"template":"","meta":{"_monsterinsights_skip_tracking":false,"_monsterinsights_sitenote_active":false,"_monsterinsights_sitenote_note":"","_monsterinsights_sitenote_category":0},"product_brand":[],"product_cat":[12274,12518],"product_tag":[],"class_list":{"0":"post-736490","1":"product","2":"type-product","3":"status-publish","5":"product_cat-cocuk-ve-genclik-kitaplari","6":"product_cat-okul-oncesi-kitaplar","7":"pa_cilt-ciltsiz","8":"pa_tur-kitap","9":"pa_yayinevi-is-bankasi-kultur-yayinlari","10":"pa_yazar-susie-linn","12":"first","13":"instock","14":"sale","15":"shipping-taxable","16":"purchasable","17":"product-type-simple"},"_links":{"self":[{"href":"https:\/\/roveyayinevi.com.tr\/index.php\/wp-json\/wp\/v2\/product\/736490","targetHints":{"allow":["GET"]}}],"collection":[{"href":"https:\/\/roveyayinevi.com.tr\/index.php\/wp-json\/wp\/v2\/product"}],"about":[{"href":"https:\/\/roveyayinevi.com.tr\/index.php\/wp-json\/wp\/v2\/types\/product"}],"wp:attachment":[{"href":"https:\/\/roveyayinevi.com.tr\/index.php\/wp-json\/wp\/v2\/media?parent=736490"}],"wp:term":[{"taxonomy":"product_brand","embeddable":true,"href":"https:\/\/roveyayinevi.com.tr\/index.php\/wp-json\/wp\/v2\/product_brand?post=736490"},{"taxonomy":"product_cat","embeddable":true,"href":"https:\/\/roveyayinevi.com.tr\/index.php\/wp-json\/wp\/v2\/product_cat?post=736490"},{"taxonomy":"product_tag","embeddable":true,"href":"https:\/\/roveyayinevi.com.tr\/index.php\/wp-json\/wp\/v2\/product_tag?post=736490"}],"curies":[{"name":"wp","href":"https:\/\/api.w.org\/{rel}","templated":true}]}}