{"id":736489,"date":"2025-08-27T23:09:02","date_gmt":"2025-08-27T20:09:02","guid":{"rendered":"https:\/\/roveyayinevi.com.tr\/index.php\/urun\/tarcin-ve-buyuk-tartisma\/"},"modified":"2026-04-16T02:45:36","modified_gmt":"2026-04-15T23:45:36","slug":"tarcin-ve-buyuk-tartisma","status":"publish","type":"product","link":"https:\/\/roveyayinevi.com.tr\/index.php\/urun\/tarcin-ve-buyuk-tartisma\/","title":{"rendered":"Tar\u00e7\u0131n ve B\u00fcy\u00fck Tart\u0131\u015fma"},"content":{"rendered":"<p>\u00c7ok iyi arkada\u015f olan Tar\u00e7\u0131n ile Badem, ne oynayacaklar\u0131na karar veremedikleri i\u00e7in tart\u0131\u015fmaya ba\u015flad\u0131lar. Bir s\u00fcre sonra pasta yapmaya karar verdiler. Ne var ki al\u0131\u015fveri\u015fe gittiklerinde malzeme listesini evde unuttuklar\u0131n\u0131 anlay\u0131nca i\u015fler yine kar\u0131\u015ft\u0131. Bu tart\u0131\u015fma nas\u0131l tatl\u0131ya ba\u011flan\u0131r? <\/p>\n","protected":false},"excerpt":{"rendered":"<p>\u00c7ok iyi arkada\u015f olan Tar\u00e7\u0131n ile Badem, ne oynayacaklar\u0131na karar veremedikleri i\u00e7in tart\u0131\u015fmaya ba\u015flad\u0131lar. Bir s\u00fcre sonra pasta yapmaya karar verdiler. Ne var ki al\u0131\u015fveri\u015fe gittiklerinde<span class=\"excerpt-hellip\"> [\u2026]<\/span><\/p>\n","protected":false},"featured_media":0,"template":"","meta":{"_monsterinsights_skip_tracking":false,"_monsterinsights_sitenote_active":false,"_monsterinsights_sitenote_note":"","_monsterinsights_sitenote_category":0},"product_brand":[],"product_cat":[12274,12518],"product_tag":[],"class_list":{"0":"post-736489","1":"product","2":"type-product","3":"status-publish","5":"product_cat-cocuk-ve-genclik-kitaplari","6":"product_cat-okul-oncesi-kitaplar","7":"pa_cilt-ciltsiz","8":"pa_tur-kitap","9":"pa_yayinevi-is-bankasi-kultur-yayinlari","10":"pa_yazar-andreas-konig","12":"first","13":"instock","14":"sale","15":"shipping-taxable","16":"purchasable","17":"product-type-simple"},"_links":{"self":[{"href":"https:\/\/roveyayinevi.com.tr\/index.php\/wp-json\/wp\/v2\/product\/736489","targetHints":{"allow":["GET"]}}],"collection":[{"href":"https:\/\/roveyayinevi.com.tr\/index.php\/wp-json\/wp\/v2\/product"}],"about":[{"href":"https:\/\/roveyayinevi.com.tr\/index.php\/wp-json\/wp\/v2\/types\/product"}],"wp:attachment":[{"href":"https:\/\/roveyayinevi.com.tr\/index.php\/wp-json\/wp\/v2\/media?parent=736489"}],"wp:term":[{"taxonomy":"product_brand","embeddable":true,"href":"https:\/\/roveyayinevi.com.tr\/index.php\/wp-json\/wp\/v2\/product_brand?post=736489"},{"taxonomy":"product_cat","embeddable":true,"href":"https:\/\/roveyayinevi.com.tr\/index.php\/wp-json\/wp\/v2\/product_cat?post=736489"},{"taxonomy":"product_tag","embeddable":true,"href":"https:\/\/roveyayinevi.com.tr\/index.php\/wp-json\/wp\/v2\/product_tag?post=736489"}],"curies":[{"name":"wp","href":"https:\/\/api.w.org\/{rel}","templated":true}]}}