{"id":736484,"date":"2025-08-27T23:08:56","date_gmt":"2025-08-27T20:08:56","guid":{"rendered":"https:\/\/roveyayinevi.com.tr\/index.php\/urun\/hepimiz-gokyuzu-olmak-istedik-krallar-ve-soytarilari-hava-ciltli\/"},"modified":"2026-04-16T02:45:36","modified_gmt":"2026-04-15T23:45:36","slug":"hepimiz-gokyuzu-olmak-istedik-krallar-ve-soytarilari-hava-ciltli","status":"publish","type":"product","link":"https:\/\/roveyayinevi.com.tr\/index.php\/urun\/hepimiz-gokyuzu-olmak-istedik-krallar-ve-soytarilari-hava-ciltli\/","title":{"rendered":"Hepimiz G\u00f6ky\u00fcz\u00fc Olmak \u0130stedik &#8211; Krallar ve Soytar\u0131lar\u0131 Hava (Ciltli)"},"content":{"rendered":"<p>\u201cErkekler sava\u015f\u0131 ba\u015flat\u0131r, kad\u0131nlar m\u00fccadele eder, kazan\u0131r ya da kaybederler; zaferleri erkekler kutlar, ziyafeti kad\u0131nlar haz\u0131rlar ve sonra erkeklere hizmet ederler. Sava\u015flar \u00e7o\u011fu zaman kad\u0131nlar y\u00fcz\u00fcnden ba\u015flar ama hi\u00e7bir zaman kad\u0131nlar i\u00e7in \u00e7ekilmez k\u0131l\u0131\u00e7lar; bu erkeklerin kendini kan\u0131tlama m\u00fccadelesidir.\u201dV\u00e2ris yeniden do\u011fdu\u011funda \u015feytan emirleri kimden ald\u0131\u011f\u0131n\u0131 hat\u0131rlayacak.A\u015fktan ka\u00e7mak zorundas\u0131n, krall\u0131\u011f\u0131na sahip \u00e7\u0131kmal\u0131s\u0131n.Diyar ikiye b\u00f6l\u00fcn\u00fcyor, taraf\u0131n\u0131 se\u00e7mek zorundas\u0131n.Gazap \u00e7anlar\u0131 ve yas notalar\u0131.Krallar ve soytar\u0131lar\u0131.Hava, su, toprak, ate\u015f.Oyun yeniden kuruluyor ama art\u0131k ta\u015flar\u0131 v\u00e2risler tutuyor.<\/p>\n","protected":false},"excerpt":{"rendered":"<p>\u201cErkekler sava\u015f\u0131 ba\u015flat\u0131r, kad\u0131nlar m\u00fccadele eder, kazan\u0131r ya da kaybederler; zaferleri erkekler kutlar, ziyafeti kad\u0131nlar haz\u0131rlar ve sonra erkeklere hizmet ederler. Sava\u015flar \u00e7o\u011fu zaman kad\u0131nlar y\u00fcz\u00fcnden<span class=\"excerpt-hellip\"> [\u2026]<\/span><\/p>\n","protected":false},"featured_media":0,"template":"","meta":{"_monsterinsights_skip_tracking":false,"_monsterinsights_sitenote_active":false,"_monsterinsights_sitenote_note":"","_monsterinsights_sitenote_category":0},"product_brand":[],"product_cat":[12291,14777],"product_tag":[],"class_list":{"0":"post-736484","1":"product","2":"type-product","3":"status-publish","5":"product_cat-edebiyat","6":"product_cat-fantastik","7":"pa_cilt-ciltli","8":"pa_tur-kitap","9":"pa_yayinevi-marti-yayinlari","10":"pa_yazar-n-g-kabal","12":"first","13":"instock","14":"sale","15":"shipping-taxable","16":"purchasable","17":"product-type-simple"},"_links":{"self":[{"href":"https:\/\/roveyayinevi.com.tr\/index.php\/wp-json\/wp\/v2\/product\/736484","targetHints":{"allow":["GET"]}}],"collection":[{"href":"https:\/\/roveyayinevi.com.tr\/index.php\/wp-json\/wp\/v2\/product"}],"about":[{"href":"https:\/\/roveyayinevi.com.tr\/index.php\/wp-json\/wp\/v2\/types\/product"}],"wp:attachment":[{"href":"https:\/\/roveyayinevi.com.tr\/index.php\/wp-json\/wp\/v2\/media?parent=736484"}],"wp:term":[{"taxonomy":"product_brand","embeddable":true,"href":"https:\/\/roveyayinevi.com.tr\/index.php\/wp-json\/wp\/v2\/product_brand?post=736484"},{"taxonomy":"product_cat","embeddable":true,"href":"https:\/\/roveyayinevi.com.tr\/index.php\/wp-json\/wp\/v2\/product_cat?post=736484"},{"taxonomy":"product_tag","embeddable":true,"href":"https:\/\/roveyayinevi.com.tr\/index.php\/wp-json\/wp\/v2\/product_tag?post=736484"}],"curies":[{"name":"wp","href":"https:\/\/api.w.org\/{rel}","templated":true}]}}