{"id":736455,"date":"2025-08-27T23:08:25","date_gmt":"2025-08-27T20:08:25","guid":{"rendered":"https:\/\/roveyayinevi.com.tr\/index.php\/urun\/gece-savaslari\/"},"modified":"2026-04-16T02:45:34","modified_gmt":"2026-04-15T23:45:34","slug":"gece-savaslari","status":"publish","type":"product","link":"https:\/\/roveyayinevi.com.tr\/index.php\/urun\/gece-savaslari\/","title":{"rendered":"Gece Sava\u015flar\u0131"},"content":{"rendered":"<p>\u00c7al\u0131\u015fmalar\u0131, mikro-tarih yakla\u015f\u0131m\u0131na \u00f6nderlik eden, tarihin k\u0131y\u0131s\u0131nda b\u0131rak\u0131lan insanlar\u0131n pe\u015fine d\u00fc\u015fmesiyle tan\u0131nan k\u00fclt\u00fcr tarih\u00e7isi Carlo Ginzburg, Engizisyon ar\u015fivlerine dayanarak kuzey \u0130talya\u2019daki Friuli b\u00f6lgesi k\u00f6yl\u00fcleri aras\u0131nda yayg\u0131n bir tar\u0131m k\u00fclt\u00fcn\u00fcn izini s\u00fcr\u00fcyor.   16. ve 17. y\u00fczy\u0131llarda cad\u0131 olduklar\u0131 gerek\u00e7esiyle Engizisyon\u2019a ihbar edilen Friuli k\u00f6yl\u00fclerinin verdikleri ifadeleri ustal\u0131kla \u00e7\u00f6z\u00fcmleyen Ginzburg, cad\u0131lara ve b\u00fcy\u00fcc\u00fclere kar\u015f\u0131 hasatlar\u0131n\u0131 korumak i\u00e7in sava\u015fan \u201cBenandanti\u201d adl\u0131 gizli bir toplulu\u011fu ke\u015ffediyor.   Ginzburg, \u201cZarla do\u011fmu\u015f olmak\u201d nedeniyle yazg\u0131l\u0131 olduklar\u0131 kaderi ya\u015fayan Benandanti toplulu\u011funun, Ural-Altay k\u00f6kenli bir t\u00fcr \u015eamanizmin kal\u0131nt\u0131lar\u0131n\u0131 bar\u0131nd\u0131r\u0131yor olabilece\u011fini s\u00f6yl\u00fcyor. <\/p>\n","protected":false},"excerpt":{"rendered":"<p>\u00c7al\u0131\u015fmalar\u0131, mikro-tarih yakla\u015f\u0131m\u0131na \u00f6nderlik eden, tarihin k\u0131y\u0131s\u0131nda b\u0131rak\u0131lan insanlar\u0131n pe\u015fine d\u00fc\u015fmesiyle tan\u0131nan k\u00fclt\u00fcr tarih\u00e7isi Carlo Ginzburg, Engizisyon ar\u015fivlerine dayanarak kuzey \u0130talya\u2019daki Friuli b\u00f6lgesi k\u00f6yl\u00fcleri aras\u0131nda yayg\u0131n<span class=\"excerpt-hellip\"> [\u2026]<\/span><\/p>\n","protected":false},"featured_media":0,"template":"","meta":{"_monsterinsights_skip_tracking":false,"_monsterinsights_sitenote_active":false,"_monsterinsights_sitenote_note":"","_monsterinsights_sitenote_category":0},"product_brand":[],"product_cat":[12370,12304],"product_tag":[],"class_list":{"0":"post-736455","1":"product","2":"type-product","3":"status-publish","5":"product_cat-arastirma-inceleme","6":"product_cat-tarih","7":"pa_cilt-ciltsiz","8":"pa_tur-kitap","9":"pa_yayinevi-pinhan-yayincilik","10":"pa_yazar-carlo-ginzburg","12":"first","13":"instock","14":"sale","15":"shipping-taxable","16":"purchasable","17":"product-type-simple"},"_links":{"self":[{"href":"https:\/\/roveyayinevi.com.tr\/index.php\/wp-json\/wp\/v2\/product\/736455","targetHints":{"allow":["GET"]}}],"collection":[{"href":"https:\/\/roveyayinevi.com.tr\/index.php\/wp-json\/wp\/v2\/product"}],"about":[{"href":"https:\/\/roveyayinevi.com.tr\/index.php\/wp-json\/wp\/v2\/types\/product"}],"wp:attachment":[{"href":"https:\/\/roveyayinevi.com.tr\/index.php\/wp-json\/wp\/v2\/media?parent=736455"}],"wp:term":[{"taxonomy":"product_brand","embeddable":true,"href":"https:\/\/roveyayinevi.com.tr\/index.php\/wp-json\/wp\/v2\/product_brand?post=736455"},{"taxonomy":"product_cat","embeddable":true,"href":"https:\/\/roveyayinevi.com.tr\/index.php\/wp-json\/wp\/v2\/product_cat?post=736455"},{"taxonomy":"product_tag","embeddable":true,"href":"https:\/\/roveyayinevi.com.tr\/index.php\/wp-json\/wp\/v2\/product_tag?post=736455"}],"curies":[{"name":"wp","href":"https:\/\/api.w.org\/{rel}","templated":true}]}}