{"id":736448,"date":"2025-08-27T23:08:18","date_gmt":"2025-08-27T20:08:18","guid":{"rendered":"https:\/\/roveyayinevi.com.tr\/index.php\/urun\/sherlock-holmes-suresiz-ajanda-ciltli-zamansiz-yazarlar-serisi\/"},"modified":"2026-04-16T02:45:34","modified_gmt":"2026-04-15T23:45:34","slug":"sherlock-holmes-suresiz-ajanda-ciltli-zamansiz-yazarlar-serisi","status":"publish","type":"product","link":"https:\/\/roveyayinevi.com.tr\/index.php\/urun\/sherlock-holmes-suresiz-ajanda-ciltli-zamansiz-yazarlar-serisi\/","title":{"rendered":"Sherlock Holmes S\u00fcresiz Ajanda (Ciltli) &#8211; Zamans\u0131z Yazarlar Serisi"},"content":{"rendered":"<p>Bilgisiyle, g\u00f6zlem g\u00fcc\u00fcyle, yetene\u011fiyle ve en \u00f6nemlisi zek\u00e2s\u0131yla tan\u0131nm\u0131\u015f \u00fcnl\u00fc dedektif Sherlock Holmes\u2019un al\u0131nt\u0131lar\u0131ndan olu\u015fturdu\u011fumuz bu s\u00fcresiz ajanda yan\u0131nda ta\u015f\u0131yaca\u011f\u0131n muhte\u015fem bir arkada\u015f olacak! <\/p>\n","protected":false},"excerpt":{"rendered":"<p>Bilgisiyle, g\u00f6zlem g\u00fcc\u00fcyle, yetene\u011fiyle ve en \u00f6nemlisi zek\u00e2s\u0131yla tan\u0131nm\u0131\u015f \u00fcnl\u00fc dedektif Sherlock Holmes\u2019un al\u0131nt\u0131lar\u0131ndan olu\u015fturdu\u011fumuz bu s\u00fcresiz ajanda yan\u0131nda ta\u015f\u0131yaca\u011f\u0131n muhte\u015fem bir arkada\u015f olacak!<\/p>\n","protected":false},"featured_media":0,"template":"","meta":{"_monsterinsights_skip_tracking":false,"_monsterinsights_sitenote_active":false,"_monsterinsights_sitenote_note":"","_monsterinsights_sitenote_category":0},"product_brand":[],"product_cat":[28265,15563],"product_tag":[],"class_list":{"0":"post-736448","1":"product","2":"type-product","3":"status-publish","5":"product_cat-diger-hobi","6":"product_cat-hobi","7":"pa_cilt-ciltli","8":"pa_tur-kitap20","9":"pa_yayinevi-ren-kitap","10":"pa_yazar-serdar-gokmen","12":"first","13":"instock","14":"sale","15":"shipping-taxable","16":"purchasable","17":"product-type-simple"},"_links":{"self":[{"href":"https:\/\/roveyayinevi.com.tr\/index.php\/wp-json\/wp\/v2\/product\/736448","targetHints":{"allow":["GET"]}}],"collection":[{"href":"https:\/\/roveyayinevi.com.tr\/index.php\/wp-json\/wp\/v2\/product"}],"about":[{"href":"https:\/\/roveyayinevi.com.tr\/index.php\/wp-json\/wp\/v2\/types\/product"}],"wp:attachment":[{"href":"https:\/\/roveyayinevi.com.tr\/index.php\/wp-json\/wp\/v2\/media?parent=736448"}],"wp:term":[{"taxonomy":"product_brand","embeddable":true,"href":"https:\/\/roveyayinevi.com.tr\/index.php\/wp-json\/wp\/v2\/product_brand?post=736448"},{"taxonomy":"product_cat","embeddable":true,"href":"https:\/\/roveyayinevi.com.tr\/index.php\/wp-json\/wp\/v2\/product_cat?post=736448"},{"taxonomy":"product_tag","embeddable":true,"href":"https:\/\/roveyayinevi.com.tr\/index.php\/wp-json\/wp\/v2\/product_tag?post=736448"}],"curies":[{"name":"wp","href":"https:\/\/api.w.org\/{rel}","templated":true}]}}