{"id":736437,"date":"2025-08-27T23:08:07","date_gmt":"2025-08-27T20:08:07","guid":{"rendered":"https:\/\/roveyayinevi.com.tr\/index.php\/urun\/turk-sanat-muzigi-teorisi-ve-solfej\/"},"modified":"2026-04-16T02:45:03","modified_gmt":"2026-04-15T23:45:03","slug":"turk-sanat-muzigi-teorisi-ve-solfej","status":"publish","type":"product","link":"https:\/\/roveyayinevi.com.tr\/index.php\/urun\/turk-sanat-muzigi-teorisi-ve-solfej\/","title":{"rendered":"T\u00fcrk Sanat M\u00fczi\u011fi Teorisi Ve Solfej"},"content":{"rendered":"<p>M\u00fczi\u011fin kuramsal yap\u0131 ta\u015flar\u0131n\u0131n tan\u0131nmas\u0131, bir m\u00fczik t\u00fcr\u00fcn\u00fc daha iyi anlamak, ifade etmek ve icra edebilmek i\u00e7in \u00f6nemli bir unsur ve gerekliliktir. M\u00fczi\u011fin t\u00fcm alt t\u00fcrlerinde oldu\u011fu gibi T\u00fcrk m\u00fczi\u011finin \u00f6nemli bir t\u00fcr\u00fc olan T\u00fcrk Sanat M\u00fczi\u011fini (TSM) de di\u011fer t\u00fcrlerden ay\u0131ran \u00f6nemli yap\u0131sal farkl\u0131l\u0131klar vard\u0131r.   \u0130\u015fte bu kitap, TSM\u2019nin teorik yap\u0131s\u0131n\u0131 a\u00e7\u0131klamak ve TSM repertuvar\u0131nda yer alan ba\u015fl\u0131ca eserlerden bir solfej da\u011farc\u0131\u011f\u0131 olu\u015fturmak amac\u0131yla haz\u0131rlanm\u0131\u015ft\u0131r. T\u00fcrk Sanat M\u00fczi\u011fi Teorisi ve Solfej Kitab\u0131 iki b\u00f6l\u00fcmden olu\u015fmaktad\u0131r. \u0130lk b\u00f6l\u00fcmde T\u00fcrk m\u00fczi\u011fi ses sistemi, de\u011fi\u015ftirici i\u015faretler, T\u00fcrk m\u00fczi\u011finde kullan\u0131lan baz\u0131 usuller ve makamsal yap\u0131y\u0131 olu\u015fturan unsurlar anlat\u0131lmaktad\u0131r. Bu b\u00f6l\u00fcmde 12 adet makam\u0131n yap\u0131s\u0131 a\u00e7\u0131klanm\u0131\u015f, her makam\u0131n ard\u0131ndan o makamda bestelenmi\u015f solfej \u00e7al\u0131\u015fmalar\u0131na yer verilmi\u015ftir.   \u0130kinci b\u00f6l\u00fcmde ise TRT\u2019nin s\u00f6zl\u00fc eserler ve saz eserleri repertuvarlar\u0131ndan se\u00e7ilmi\u015f 123 adet eser, i\u00e7erdikleri nota de\u011ferleri, aral\u0131klar, ses alanlar\u0131, makam ge\u00e7i\u015fleri gibi unsurlara g\u00f6re kolaydan zora do\u011fru s\u0131ralanarak bir solfej repertuvar\u0131 olu\u015fturulmu\u015ftur. Solfejlere nefes yerleri eklenmi\u015f bu sayede ifadeyi g\u00fc\u00e7lendirme ve c\u00fcmleleme gibi konular\u0131n desteklenmesi ama\u00e7lanm\u0131\u015ft\u0131r. Kitab\u0131m\u0131z\u0131n, b\u00fct\u00fcn m\u00fczik \u00f6\u011frencilerine, m\u00fczisyenlere ve m\u00fczik e\u011fitimcilerine TSM teorisi alan\u0131nda bir kaynak olaca\u011f\u0131, ayn\u0131 zamanda kitapta yer alan farkl\u0131 makam, form ve usulde \u00f6rneklenen eserler yoluyla TSM bestecilerini ve eserlerini tan\u0131malar\u0131na katk\u0131 sa\u011flayaca\u011f\u0131 umulmaktad\u0131r. Yararl\u0131 olmas\u0131 dile\u011fiyle\u2026 <\/p>\n","protected":false},"excerpt":{"rendered":"<p>M\u00fczi\u011fin kuramsal yap\u0131 ta\u015flar\u0131n\u0131n tan\u0131nmas\u0131, bir m\u00fczik t\u00fcr\u00fcn\u00fc daha iyi anlamak, ifade etmek ve icra edebilmek i\u00e7in \u00f6nemli bir unsur ve gerekliliktir. M\u00fczi\u011fin t\u00fcm alt t\u00fcrlerinde<span class=\"excerpt-hellip\"> [\u2026]<\/span><\/p>\n","protected":false},"featured_media":0,"template":"","meta":{"_monsterinsights_skip_tracking":false,"_monsterinsights_sitenote_active":false,"_monsterinsights_sitenote_note":"","_monsterinsights_sitenote_category":0},"product_brand":[],"product_cat":[14591,14556],"product_tag":[],"class_list":{"0":"post-736437","1":"product","2":"type-product","3":"status-publish","5":"product_cat-genel-kavramlar-kuram-ve-tarihce","6":"product_cat-muzik","7":"pa_cilt-ciltsiz","8":"pa_tur-kitap","9":"pa_yayinevi-muzik-egitimi-yayinlari","10":"pa_yazar-ozan-belge","12":"first","13":"instock","14":"sale","15":"shipping-taxable","16":"purchasable","17":"product-type-simple"},"_links":{"self":[{"href":"https:\/\/roveyayinevi.com.tr\/index.php\/wp-json\/wp\/v2\/product\/736437","targetHints":{"allow":["GET"]}}],"collection":[{"href":"https:\/\/roveyayinevi.com.tr\/index.php\/wp-json\/wp\/v2\/product"}],"about":[{"href":"https:\/\/roveyayinevi.com.tr\/index.php\/wp-json\/wp\/v2\/types\/product"}],"wp:attachment":[{"href":"https:\/\/roveyayinevi.com.tr\/index.php\/wp-json\/wp\/v2\/media?parent=736437"}],"wp:term":[{"taxonomy":"product_brand","embeddable":true,"href":"https:\/\/roveyayinevi.com.tr\/index.php\/wp-json\/wp\/v2\/product_brand?post=736437"},{"taxonomy":"product_cat","embeddable":true,"href":"https:\/\/roveyayinevi.com.tr\/index.php\/wp-json\/wp\/v2\/product_cat?post=736437"},{"taxonomy":"product_tag","embeddable":true,"href":"https:\/\/roveyayinevi.com.tr\/index.php\/wp-json\/wp\/v2\/product_tag?post=736437"}],"curies":[{"name":"wp","href":"https:\/\/api.w.org\/{rel}","templated":true}]}}