{"id":736425,"date":"2025-08-27T23:07:21","date_gmt":"2025-08-27T20:07:21","guid":{"rendered":"https:\/\/roveyayinevi.com.tr\/index.php\/urun\/eren-keskin\/"},"modified":"2026-04-16T02:45:02","modified_gmt":"2026-04-15T23:45:02","slug":"eren-keskin","status":"publish","type":"product","link":"https:\/\/roveyayinevi.com.tr\/index.php\/urun\/eren-keskin\/","title":{"rendered":"Eren Keskin"},"content":{"rendered":"<p>\u201cSolcu bir i\u015fkence ma\u011fdurunu savunurken b\u00f6l\u00fcc\u00fc \u00f6rg\u00fct \u00fcyesi, t\u00fcrbanl\u0131 k\u0131z\u0131n hakk\u0131n\u0131 savunurken irticac\u0131, travestiyi savunurken ahl\u00e2k d\u00fc\u015fman\u0131 ilan edilirler. Bir yere ka\u00e7mazlar. Hep burada, inad\u0131na vah\u015fetin menzilinde dikilirler.\u201d Y\u0131ld\u0131r\u0131m T\u00fcrker\u2019in Keskin Bir Hayat\u2019\u0131n \u00f6ns\u00f6z\u00fcnde \u00e7izdi\u011fi bu \u201cinsan haklar\u0131 savunucusu\u201d portresi, herkesten \u00e7ok Eren Keskin\u2019e uyuyor. Bircan De\u011firmenci\u2019nin \u00e7al\u0131\u015fmas\u0131, Eren Keskin\u2019in insan haklar\u0131 m\u00fccadelesinin her cephesinde s\u00fcren hayat hik\u00e2yesini kat ediyor. Mutlu bir \u00e7ocukluk ge\u00e7irmenin arma\u011fan\u0131yla ba\u015flayan, b\u00fct\u00fcn ma\u011fdurlarla dayan\u0131\u015fman\u0131n, her haks\u0131zl\u0131\u011f\u0131n, insan onurunu zedeleyen her \u015feyin kar\u015f\u0131s\u0131na dikilmenin sorumlulu\u011fuyla ya\u015fanan bir hayat\u2026 Faili me\u00e7hul cinayetlerden, katliamlara, cinsel \u015fiddet g\u00f6renlere, Ermeni meselesine, \u201cherkesin avukat\u0131\u201d olma bilinciyle y\u00fcr\u00fct\u00fclen bitimsiz bir hakikat ve adalet u\u011fra\u015f\u0131\u2026 Bask\u0131lar, karalamalar kar\u015f\u0131s\u0131nda dostluklarla sa\u011falarak\u2026 Eren Keskin\u2019in \u201cinsanl\u0131k kahramanl\u0131\u011f\u0131na\u201d \u00f6rnek hayat hik\u00e2yesini sunan Keskin Bir Hayat, ayn\u0131 zamanda T\u00fcrkiye insan haklar\u0131 hareketinin yakla\u015f\u0131k otuz y\u0131ll\u0131k bir d\u00f6neminin muhasebesidir.<\/p>\n","protected":false},"excerpt":{"rendered":"<p>\u201cSolcu bir i\u015fkence ma\u011fdurunu savunurken b\u00f6l\u00fcc\u00fc \u00f6rg\u00fct \u00fcyesi, t\u00fcrbanl\u0131 k\u0131z\u0131n hakk\u0131n\u0131 savunurken irticac\u0131, travestiyi savunurken ahl\u00e2k d\u00fc\u015fman\u0131 ilan edilirler. Bir yere ka\u00e7mazlar. Hep burada, inad\u0131na vah\u015fetin<span class=\"excerpt-hellip\"> [\u2026]<\/span><\/p>\n","protected":false},"featured_media":0,"template":"","meta":{"_monsterinsights_skip_tracking":false,"_monsterinsights_sitenote_active":false,"_monsterinsights_sitenote_note":"","_monsterinsights_sitenote_category":0},"product_brand":[],"product_cat":[14009,12291],"product_tag":[],"class_list":{"0":"post-736425","1":"product","2":"type-product","3":"status-publish","5":"product_cat-biyografi-otobiyografi-edebiyat","6":"product_cat-edebiyat","7":"pa_cilt-ciltsiz","8":"pa_tur-kitap","9":"pa_yayinevi-iletisim-yayinlari","10":"pa_yazar-bircan-degirmenci","12":"first","13":"instock","14":"sale","15":"shipping-taxable","16":"purchasable","17":"product-type-simple"},"_links":{"self":[{"href":"https:\/\/roveyayinevi.com.tr\/index.php\/wp-json\/wp\/v2\/product\/736425","targetHints":{"allow":["GET"]}}],"collection":[{"href":"https:\/\/roveyayinevi.com.tr\/index.php\/wp-json\/wp\/v2\/product"}],"about":[{"href":"https:\/\/roveyayinevi.com.tr\/index.php\/wp-json\/wp\/v2\/types\/product"}],"wp:attachment":[{"href":"https:\/\/roveyayinevi.com.tr\/index.php\/wp-json\/wp\/v2\/media?parent=736425"}],"wp:term":[{"taxonomy":"product_brand","embeddable":true,"href":"https:\/\/roveyayinevi.com.tr\/index.php\/wp-json\/wp\/v2\/product_brand?post=736425"},{"taxonomy":"product_cat","embeddable":true,"href":"https:\/\/roveyayinevi.com.tr\/index.php\/wp-json\/wp\/v2\/product_cat?post=736425"},{"taxonomy":"product_tag","embeddable":true,"href":"https:\/\/roveyayinevi.com.tr\/index.php\/wp-json\/wp\/v2\/product_tag?post=736425"}],"curies":[{"name":"wp","href":"https:\/\/api.w.org\/{rel}","templated":true}]}}