{"id":736421,"date":"2025-08-27T23:07:17","date_gmt":"2025-08-27T20:07:17","guid":{"rendered":"https:\/\/roveyayinevi.com.tr\/index.php\/urun\/huzursuz-bir-ruhun-panoramasi\/"},"modified":"2026-04-16T02:45:02","modified_gmt":"2026-04-15T23:45:02","slug":"huzursuz-bir-ruhun-panoramasi","status":"publish","type":"product","link":"https:\/\/roveyayinevi.com.tr\/index.php\/urun\/huzursuz-bir-ruhun-panoramasi\/","title":{"rendered":"Huzursuz Bir Ruhun Panoramas\u0131"},"content":{"rendered":"<p>Huzursuz Bir Ruhun Panoramas\u0131, cumhuriyet d\u00f6neminin kanonik yazarlar\u0131ndan Yakup Kadri Karaosmano\u011flu\u2019nun o verimli huzursuzlu\u011funa aynalar tutuyor. Onun a\u015fka, ink\u0131l\u00e2ba, Bat\u0131\u2019ya, kad\u0131nlara, mek\u00e2na, millete, siyasete, Atat\u00fcrk\u2019e, dine, Bekta\u015fili\u011fe ve daha bir\u00e7ok \u015feye -mesela can s\u0131k\u0131nt\u0131s\u0131na- bak\u0131\u015f\u0131na tutulan aynalar, bunlar. Bu geni\u015f bak\u0131\u015f, cumhuriyet tarihinin zihniyet d\u00fcnyas\u0131nda kapsaml\u0131 bir ke\u015fif turu anlam\u0131na geliyor. Yakup Kadri\u2019nin edebi dilini, edebiyat\u0131n\u0131n kaynaklar\u0131n\u0131 ve a\u00e7\u0131l\u0131mlar\u0131n\u0131 da ihmal etmeden\u2026 Yal\u00e7\u0131n \u00c7akmak ve \u00d6zge Dikmen\u2019in haz\u0131rlad\u0131\u011f\u0131 derlemede ayr\u0131ca Ba\u015fak Ac\u0131nan, Demo Ahmet Aslan, Esra Dicle Ba\u015fbu\u011f, Emre Bay\u0131n, Murat Belge, Tan\u0131l Bora, Murat Cankara, Funda \u015eenol Cantek, Hasan Cu\u015fa, Yavuz \u00c7obano\u011flu, Deniz Depe, Hakan Kaynar, Erol K\u00f6ro\u011flu, Haluk \u00d6ner, Mehmet \u00d6zden, Bar\u0131\u015f \u00d6zkul, Can \u015eahin, Burcu \u015eahin, \u0130brahim \u015eahin, Zeynep Uysal, Gaye Belk\u0131z Yeter \u015eahin, Sabanur Y\u0131lmaz ve G\u00fcl Mete Yuva\u2019n\u0131n katk\u0131lar\u0131 yer ald\u0131. \u201cEdebiyat\u0131n\u0131n da ya\u015f\u0131tlar\u0131, \u00e7a\u011fda\u015flar\u0131yla kar\u015f\u0131la\u015ft\u0131r\u0131ld\u0131\u011f\u0131nda bir farkl\u0131l\u0131k g\u00f6sterdi\u011fini s\u00f6yleyebilirim. Tam istedi\u011fi gibi yazabilseydi ne olurdu? Edebiyat a\u00e7\u0131s\u0131ndan daha mutlu sonu\u00e7lar \u00fcretir miydi? Hep O \u015eark\u0131 bence bunun m\u00fcmk\u00fcn oldu\u011funu g\u00f6steriyor. Ama \u00fclkesinin kaderi onu Proust\u2019un de\u011fil, Balzac\u2019\u0131n kaptan\u0131 oldu\u011fu tak\u0131ma y\u00f6nlendirdi ve burada Yakup Kadri d\u0131\u015far\u0131dan gelen d\u00fcrt\u00fcklemelerle zaman zaman dozu y\u00fckselen milliyet\u00e7ili\u011fi denetleyebildi\u011fi zamanlarda d\u00fczeyli bir edebiyat adam\u0131 olmay\u0131 ba\u015fard\u0131.\u201d MURAT BELGE<\/p>\n","protected":false},"excerpt":{"rendered":"<p>Huzursuz Bir Ruhun Panoramas\u0131, cumhuriyet d\u00f6neminin kanonik yazarlar\u0131ndan Yakup Kadri Karaosmano\u011flu\u2019nun o verimli huzursuzlu\u011funa aynalar tutuyor. Onun a\u015fka, ink\u0131l\u00e2ba, Bat\u0131\u2019ya, kad\u0131nlara, mek\u00e2na, millete, siyasete, Atat\u00fcrk\u2019e, dine,<span class=\"excerpt-hellip\"> [\u2026]<\/span><\/p>\n","protected":false},"featured_media":0,"template":"","meta":{"_monsterinsights_skip_tracking":false,"_monsterinsights_sitenote_active":false,"_monsterinsights_sitenote_note":"","_monsterinsights_sitenote_category":0},"product_brand":[],"product_cat":[13072,12291],"product_tag":[],"class_list":{"0":"post-736421","1":"product","2":"type-product","3":"status-publish","5":"product_cat-arastirma-inceleme-referans","6":"product_cat-edebiyat","7":"pa_cilt-ciltsiz","8":"pa_tur-kitap","9":"pa_yayinevi-iletisim-yayinlari","10":"pa_yazar-yalcin-cakmak-ozge-dikmen","12":"first","13":"instock","14":"sale","15":"shipping-taxable","16":"purchasable","17":"product-type-simple"},"_links":{"self":[{"href":"https:\/\/roveyayinevi.com.tr\/index.php\/wp-json\/wp\/v2\/product\/736421","targetHints":{"allow":["GET"]}}],"collection":[{"href":"https:\/\/roveyayinevi.com.tr\/index.php\/wp-json\/wp\/v2\/product"}],"about":[{"href":"https:\/\/roveyayinevi.com.tr\/index.php\/wp-json\/wp\/v2\/types\/product"}],"wp:attachment":[{"href":"https:\/\/roveyayinevi.com.tr\/index.php\/wp-json\/wp\/v2\/media?parent=736421"}],"wp:term":[{"taxonomy":"product_brand","embeddable":true,"href":"https:\/\/roveyayinevi.com.tr\/index.php\/wp-json\/wp\/v2\/product_brand?post=736421"},{"taxonomy":"product_cat","embeddable":true,"href":"https:\/\/roveyayinevi.com.tr\/index.php\/wp-json\/wp\/v2\/product_cat?post=736421"},{"taxonomy":"product_tag","embeddable":true,"href":"https:\/\/roveyayinevi.com.tr\/index.php\/wp-json\/wp\/v2\/product_tag?post=736421"}],"curies":[{"name":"wp","href":"https:\/\/api.w.org\/{rel}","templated":true}]}}