{"id":736420,"date":"2025-08-27T23:07:16","date_gmt":"2025-08-27T20:07:16","guid":{"rendered":"https:\/\/roveyayinevi.com.tr\/index.php\/urun\/kendi-hayatinda-olme-vakti\/"},"modified":"2026-04-16T02:45:02","modified_gmt":"2026-04-15T23:45:02","slug":"kendi-hayatinda-olme-vakti","status":"publish","type":"product","link":"https:\/\/roveyayinevi.com.tr\/index.php\/urun\/kendi-hayatinda-olme-vakti\/","title":{"rendered":"Kendi Hayat\u0131nda \u00d6lme Vakti"},"content":{"rendered":"<p>D\u00fc\u015f\u00fcnce, ayd\u0131nlat\u0131c\u0131 kahkahamla sona erdi: \u0130nsan kolayc\u0131 bir varl\u0131kt\u0131, kendisinin mimar\u0131 olmay\u0131 \u00f6\u011frenmeye \u00e7al\u0131\u015fmak yerine, sorunlar\u0131na ba\u015fkas\u0131n\u0131n hayat\u0131nda cevap ar\u0131yordu. \u0130nsan\u0131n kendi hayat\u0131nda ya\u015famas\u0131 ne zordu.\u201d Uzun s\u00fcredir yazamayan tan\u0131nm\u0131\u015f bir yazar, ya\u015fad\u0131\u011f\u0131 hayal k\u0131r\u0131kl\u0131\u011f\u0131n\u0131n ard\u0131ndan, ger\u00e7ekleri ve ge\u00e7mi\u015fini zihnindeki tabuta kilitleyip, b\u00fcy\u00fck kentin ke\u015fmeke\u015finden uzakla\u015f\u0131r. Solu\u011fu do\u011fan\u0131n h\u0131r\u00e7\u0131n, r\u00fczg\u00e2rl\u0131 k\u0131y\u0131s\u0131ndaki \u00fccra bir sahil kasabas\u0131nda al\u0131r. Bu g\u00f6\u00e7, ac\u0131n\u0131n krall\u0131\u011f\u0131nda ya\u015fayanlarla, hayat\u0131n ger\u00e7ek soylular\u0131n\u0131 bulu\u015fturan efsunlu bir hik\u00e2yenin kap\u0131lar\u0131n\u0131 aralar\u2026 Mehmet Ero\u011flu, mitolojinin ve Antik\u00e7a\u011f tragedyalar\u0131n\u0131n kahramanlar\u0131n\u0131 iki katmanda geli\u015fen \u00f6yk\u00fclerle g\u00fcn\u00fcm\u00fcze ta\u015f\u0131yor. Bizleri varl\u0131\u011f\u0131ndan bihaber oldu\u011fumuz hayatlarla tan\u0131\u015ft\u0131r\u0131yor. Tutkulu \u00e2\u015f\u0131klar\u0131, budalalar\u0131, soylular\u0131, g\u00f6\u00e7menleri, adalet arayanlar\u0131 anlat\u0131yor. Hem \u015fimdiye hem de gelece\u011fe ait bir edebiyat \u015f\u00f6leni sunuyor. Kendi Hayat\u0131nda \u00d6lme Vakti, insan denilen mahlukun gizli k\u00f6\u015felerine, derinlerine usta bir kaptan\u0131n k\u0131lavuzlu\u011funda yap\u0131lan, be\u015f mevsim s\u00fcren bir kent-deniz yolculu\u011funun roman\u0131. Yaln\u0131zl\u0131\u011f\u0131n en k\u0131\u015fk\u0131rt\u0131c\u0131, en b\u00fcy\u00fcleyici hali. \u201cHayat\u0131n, edebiyat ser\u00fcvenleri gibi g\u00f6rkemli bir sonu olabilece\u011fi umudu o kadar da saf\u00e7a bir umut de\u011filmi\u015f\u2026\u201d<\/p>\n","protected":false},"excerpt":{"rendered":"<p>D\u00fc\u015f\u00fcnce, ayd\u0131nlat\u0131c\u0131 kahkahamla sona erdi: \u0130nsan kolayc\u0131 bir varl\u0131kt\u0131, kendisinin mimar\u0131 olmay\u0131 \u00f6\u011frenmeye \u00e7al\u0131\u015fmak yerine, sorunlar\u0131na ba\u015fkas\u0131n\u0131n hayat\u0131nda cevap ar\u0131yordu. \u0130nsan\u0131n kendi hayat\u0131nda ya\u015famas\u0131 ne zordu.\u201d<span class=\"excerpt-hellip\"> [\u2026]<\/span><\/p>\n","protected":false},"featured_media":0,"template":"","meta":{"_monsterinsights_skip_tracking":false,"_monsterinsights_sitenote_active":false,"_monsterinsights_sitenote_note":"","_monsterinsights_sitenote_category":0},"product_brand":[],"product_cat":[12291,12711],"product_tag":[],"class_list":{"0":"post-736420","1":"product","2":"type-product","3":"status-publish","5":"product_cat-edebiyat","6":"product_cat-roman-oyku","7":"pa_cilt-ciltsiz","8":"pa_tur-kitap","9":"pa_yayinevi-iletisim-yayinlari","10":"pa_yazar-mehmet-eroglu","12":"first","13":"instock","14":"sale","15":"shipping-taxable","16":"purchasable","17":"product-type-simple"},"_links":{"self":[{"href":"https:\/\/roveyayinevi.com.tr\/index.php\/wp-json\/wp\/v2\/product\/736420","targetHints":{"allow":["GET"]}}],"collection":[{"href":"https:\/\/roveyayinevi.com.tr\/index.php\/wp-json\/wp\/v2\/product"}],"about":[{"href":"https:\/\/roveyayinevi.com.tr\/index.php\/wp-json\/wp\/v2\/types\/product"}],"wp:attachment":[{"href":"https:\/\/roveyayinevi.com.tr\/index.php\/wp-json\/wp\/v2\/media?parent=736420"}],"wp:term":[{"taxonomy":"product_brand","embeddable":true,"href":"https:\/\/roveyayinevi.com.tr\/index.php\/wp-json\/wp\/v2\/product_brand?post=736420"},{"taxonomy":"product_cat","embeddable":true,"href":"https:\/\/roveyayinevi.com.tr\/index.php\/wp-json\/wp\/v2\/product_cat?post=736420"},{"taxonomy":"product_tag","embeddable":true,"href":"https:\/\/roveyayinevi.com.tr\/index.php\/wp-json\/wp\/v2\/product_tag?post=736420"}],"curies":[{"name":"wp","href":"https:\/\/api.w.org\/{rel}","templated":true}]}}