{"id":736419,"date":"2025-08-27T23:07:15","date_gmt":"2025-08-27T20:07:15","guid":{"rendered":"https:\/\/roveyayinevi.com.tr\/index.php\/urun\/heybe-sosyal-hizmet-ve-sosyal-politika-dergisi-sayi-2-aralik-2021\/"},"modified":"2026-04-16T02:45:02","modified_gmt":"2026-04-15T23:45:02","slug":"heybe-sosyal-hizmet-ve-sosyal-politika-dergisi-sayi-2-aralik-2021","status":"publish","type":"product","link":"https:\/\/roveyayinevi.com.tr\/index.php\/urun\/heybe-sosyal-hizmet-ve-sosyal-politika-dergisi-sayi-2-aralik-2021\/","title":{"rendered":"Heybe Sosyal Hizmet ve Sosyal Politika Dergisi Say\u0131 2 &#8211; Aral\u0131k 2021"},"content":{"rendered":"<p>Bu say\u0131da, ruh sa\u011fl\u0131\u011f\u0131 sistemi i\u00e7erisinde insan haklar\u0131 konusunu, sistemdeki farkl\u0131 akt\u00f6rlerin perspektifi ile tart\u0131\u015fmaya a\u00e7mak istedik. Ruh sa\u011fl\u0131\u011f\u0131 sistemi, ruhsal hastal\u0131k tan\u0131s\u0131 alm\u0131\u015f ki\u015filerin insan haklar\u0131n\u0131n hayata ge\u00e7irilmesi konusunda nerede durmaktad\u0131r? Sistem, bizzat kendi uygulamalar\u0131 ile insan haklar\u0131 ihlallerini nas\u0131l ger\u00e7ekle\u015ftirmektedir? Bu kapsamda, ruh sa\u011fl\u0131\u011f\u0131 hizmetini sunanlar, hizmet alanlar ve onlara e\u015flik edenler (aileler), sistemde ya\u015fan\u0131lan insan haklar\u0131 ihlallerine ili\u015fkin de\u011ferlendirmelerini, haklar\u0131n ger\u00e7ekle\u015ftirilmesine olanak sa\u011flayacak \u00f6nerilerini ve olumlu deneyimlerini aktard\u0131lar. \u0130nsan haklar\u0131 konusunu ele al\u0131rken ruh sa\u011fl\u0131\u011f\u0131 sistemine ili\u015fkin hizmet alma deneyimlerinin merkezde olmas\u0131n\u0131 hedefledik. Bu nedenle, hizmet alanlar\u0131n ve bu s\u00fcre\u00e7te onlara e\u015flik edenlerin deneyimlerine yer verdik. Ruh sa\u011fl\u0131\u011f\u0131 alan\u0131nda \u00e7al\u0131\u015fan farkl\u0131 meslek gruplar\u0131n\u0131n bak\u0131\u015f a\u00e7\u0131s\u0131n\u0131n yans\u0131t\u0131lmas\u0131yla, profesyoneller aras\u0131nda ortak bir dil olu\u015fturma ve insan haklar\u0131na ili\u015fkin tart\u0131\u015fmalar\u0131 ortakla\u015ft\u0131rmay\u0131 hedefliyoruz. Bu say\u0131n\u0131n, ruh sa\u011fl\u0131\u011f\u0131 sistemi i\u00e7erisinde yer alan taraflar\u0131n deneyim ve perspektifleri arac\u0131l\u0131\u011f\u0131yla insan haklar\u0131 vurgusunun daha g\u00fc\u00e7l\u00fc oldu\u011fu bir sistemin in\u015fas\u0131na katk\u0131 sa\u011flamas\u0131 dile\u011fimizle&#8230; <\/p>\n","protected":false},"excerpt":{"rendered":"<p>Bu say\u0131da, ruh sa\u011fl\u0131\u011f\u0131 sistemi i\u00e7erisinde insan haklar\u0131 konusunu, sistemdeki farkl\u0131 akt\u00f6rlerin perspektifi ile tart\u0131\u015fmaya a\u00e7mak istedik. Ruh sa\u011fl\u0131\u011f\u0131 sistemi, ruhsal hastal\u0131k tan\u0131s\u0131 alm\u0131\u015f ki\u015filerin insan<span class=\"excerpt-hellip\"> [\u2026]<\/span><\/p>\n","protected":false},"featured_media":0,"template":"","meta":{"_monsterinsights_skip_tracking":false,"_monsterinsights_sitenote_active":false,"_monsterinsights_sitenote_note":"","_monsterinsights_sitenote_category":0},"product_brand":[],"product_cat":[13527],"product_tag":[],"class_list":{"0":"post-736419","1":"product","2":"type-product","3":"status-publish","5":"product_cat-sureli-yayinlar","6":"pa_cilt-ciltsiz","7":"pa_tur-dergi","8":"pa_yayinevi-nika-yayinevi","9":"pa_yazar-nika-yayinevi-kolektif","11":"first","12":"instock","13":"sale","14":"shipping-taxable","15":"purchasable","16":"product-type-simple"},"_links":{"self":[{"href":"https:\/\/roveyayinevi.com.tr\/index.php\/wp-json\/wp\/v2\/product\/736419","targetHints":{"allow":["GET"]}}],"collection":[{"href":"https:\/\/roveyayinevi.com.tr\/index.php\/wp-json\/wp\/v2\/product"}],"about":[{"href":"https:\/\/roveyayinevi.com.tr\/index.php\/wp-json\/wp\/v2\/types\/product"}],"wp:attachment":[{"href":"https:\/\/roveyayinevi.com.tr\/index.php\/wp-json\/wp\/v2\/media?parent=736419"}],"wp:term":[{"taxonomy":"product_brand","embeddable":true,"href":"https:\/\/roveyayinevi.com.tr\/index.php\/wp-json\/wp\/v2\/product_brand?post=736419"},{"taxonomy":"product_cat","embeddable":true,"href":"https:\/\/roveyayinevi.com.tr\/index.php\/wp-json\/wp\/v2\/product_cat?post=736419"},{"taxonomy":"product_tag","embeddable":true,"href":"https:\/\/roveyayinevi.com.tr\/index.php\/wp-json\/wp\/v2\/product_tag?post=736419"}],"curies":[{"name":"wp","href":"https:\/\/api.w.org\/{rel}","templated":true}]}}