{"id":736416,"date":"2025-08-27T23:07:12","date_gmt":"2025-08-27T20:07:12","guid":{"rendered":"https:\/\/roveyayinevi.com.tr\/index.php\/urun\/profesyonel-hirsiz\/"},"modified":"2026-04-16T02:45:02","modified_gmt":"2026-04-15T23:45:02","slug":"profesyonel-hirsiz","status":"publish","type":"product","link":"https:\/\/roveyayinevi.com.tr\/index.php\/urun\/profesyonel-hirsiz\/","title":{"rendered":"Profesyonel H\u0131rs\u0131z"},"content":{"rendered":"<p>Cep\u00e7iler, \u00e7orcular, yankesiciler, d\u00fczenbazlar, ayan ablalar, silkeleyiciler, \u00e7eteler, i\u015fbitiriciler, patronlar, namuslu ve namussuz aynas\u0131zlar, savc\u0131lar, h\u00e2kimler, enayiler ve organize i\u015fler: H\u0131rs\u0131zl\u0131k, m\u00fclkiyet kadar eski bir olgu. Hatta bug\u00fcn \u2018\u00e7al\u0131yor ama \u00e7al\u0131\u015f\u0131yor\u2019 denilerek siyaset\u00e7ilerin ola\u011fan faaliyetinin bir par\u00e7as\u0131 haline bile getirilmi\u015f durumda. 20. y\u00fczy\u0131l\u0131n en etkili kriminologlar\u0131ndan say\u0131lan Edwin Sutherland\u2019in, \u015eikago\u2019da h\u0131rs\u0131zl\u0131k mesle\u011fini y\u00fcr\u00fcten \u00fcnl\u00fc Chic Conwell\u2019le yapt\u0131\u011f\u0131 i\u015fbirli\u011finin \u00fcr\u00fcn\u00fc olan bu klasikle\u015fmi\u015f kitap, okuru yeralt\u0131 ve su\u00e7 d\u00fcnyas\u0131n\u0131n kuytu k\u00f6\u015felerinde bir yolculu\u011fa \u00e7\u0131kar\u0131yor. H\u0131rs\u0131zlar \u00e2leminde d\u00f6nen dolaplar\u0131n, h\u0131rs\u0131zlar ile kolluk kuvvetleri, siyaset\u00e7iler ve b\u00fcrokratlar aras\u0131ndaki girift ili\u015fkilerin, dostluklar\u0131n ve d\u00fc\u015fmanl\u0131klar\u0131n etkileyici bir portresini sunuyor. H\u0131rs\u0131zl\u0131\u011f\u0131n nas\u0131l dallan\u0131p budakland\u0131\u011f\u0131n\u0131, h\u0131rs\u0131zlar toplulu\u011funun kendi ahlak kurallar\u0131, ileti\u015fim dilleri ve g\u00f6rg\u00fc kurallar\u0131n\u0131n bulundu\u011funu g\u00f6zler \u00f6n\u00fcne seriyor. H\u0131rs\u0131zlar ile toplumun yerle\u015fik kurumlar\u0131 aras\u0131ndaki ili\u015fkinin bir d\u00fc\u015fmanl\u0131k ili\u015fkisinden \u00e7ok daha fazlas\u0131 oldu\u011funu ortaya koyuyor.<\/p>\n","protected":false},"excerpt":{"rendered":"<p>Cep\u00e7iler, \u00e7orcular, yankesiciler, d\u00fczenbazlar, ayan ablalar, silkeleyiciler, \u00e7eteler, i\u015fbitiriciler, patronlar, namuslu ve namussuz aynas\u0131zlar, savc\u0131lar, h\u00e2kimler, enayiler ve organize i\u015fler: H\u0131rs\u0131zl\u0131k, m\u00fclkiyet kadar eski bir olgu.<span class=\"excerpt-hellip\"> [\u2026]<\/span><\/p>\n","protected":false},"featured_media":0,"template":"","meta":{"_monsterinsights_skip_tracking":false,"_monsterinsights_sitenote_active":false,"_monsterinsights_sitenote_note":"","_monsterinsights_sitenote_category":0},"product_brand":[],"product_cat":[12835,12324],"product_tag":[],"class_list":{"0":"post-736416","1":"product","2":"type-product","3":"status-publish","5":"product_cat-genel-sosyoloji","6":"product_cat-sosyoloji","7":"pa_cilt-ciltsiz","8":"pa_tur-kitap","9":"pa_yayinevi-fol-kitap","10":"pa_yazar-edwin-h-sutherland","12":"first","13":"instock","14":"sale","15":"shipping-taxable","16":"purchasable","17":"product-type-simple"},"_links":{"self":[{"href":"https:\/\/roveyayinevi.com.tr\/index.php\/wp-json\/wp\/v2\/product\/736416","targetHints":{"allow":["GET"]}}],"collection":[{"href":"https:\/\/roveyayinevi.com.tr\/index.php\/wp-json\/wp\/v2\/product"}],"about":[{"href":"https:\/\/roveyayinevi.com.tr\/index.php\/wp-json\/wp\/v2\/types\/product"}],"wp:attachment":[{"href":"https:\/\/roveyayinevi.com.tr\/index.php\/wp-json\/wp\/v2\/media?parent=736416"}],"wp:term":[{"taxonomy":"product_brand","embeddable":true,"href":"https:\/\/roveyayinevi.com.tr\/index.php\/wp-json\/wp\/v2\/product_brand?post=736416"},{"taxonomy":"product_cat","embeddable":true,"href":"https:\/\/roveyayinevi.com.tr\/index.php\/wp-json\/wp\/v2\/product_cat?post=736416"},{"taxonomy":"product_tag","embeddable":true,"href":"https:\/\/roveyayinevi.com.tr\/index.php\/wp-json\/wp\/v2\/product_tag?post=736416"}],"curies":[{"name":"wp","href":"https:\/\/api.w.org\/{rel}","templated":true}]}}