{"id":736410,"date":"2025-08-27T23:07:07","date_gmt":"2025-08-27T20:07:07","guid":{"rendered":"https:\/\/roveyayinevi.com.tr\/index.php\/urun\/olumsuz-insan\/"},"modified":"2026-04-16T02:45:01","modified_gmt":"2026-04-15T23:45:01","slug":"olumsuz-insan","status":"publish","type":"product","link":"https:\/\/roveyayinevi.com.tr\/index.php\/urun\/olumsuz-insan\/","title":{"rendered":"\u00d6l\u00fcms\u00fcz \u0130nsan"},"content":{"rendered":"<p>Ya\u015fl\u0131l\u0131\u011f\u0131n, ya\u015fl\u0131l\u0131\u011fa ba\u011fl\u0131 hastal\u0131klar\u0131n olmad\u0131\u011f\u0131 bir ya\u015fam\u0131n t\u00fcm olas\u0131l\u0131klar\u0131n\u0131 \u00d6l\u00fcms\u00fcz \u0130nsan\u2019da bulacaks\u0131n\u0131z.   \u201c\u00d6l\u00fcms\u00fcz \u0130nsan \u00e7ok yak\u0131nda uzun \u00f6m\u00fcrl\u00fcl\u00fc\u011f\u00fcn h\u0131zdan nas\u0131l ka\u00e7abilece\u011fini ve sonsuza dek ya\u015fayabilece\u011fimizi a\u00e7\u0131k\u00e7a anlat\u0131yor.\u201d   Ray Kurzweil Singularity \u00dcniversitesi\u2019nin e\u015f kurucusu   Ya\u015flanma ve \u00f6l\u00fcm, insan hayat\u0131n\u0131n en b\u00fcy\u00fck korkular\u0131ndan. Bu yads\u0131namaz sona \u00e7\u00f6z\u00fcm bulmak m\u00fcmk\u00fcn m\u00fc? Jos\u00e9 Cordeiro ve David Wood bu can al\u0131c\u0131 soruya parmak bas\u0131yor ve insan\u0131n \u00f6l\u00fcml\u00fc olmaya mahk\u00fbm olmad\u0131\u011f\u0131n\u0131 bilimsel olarak ele al\u0131yor.   Gelecekte bizi neler bekliyor? \u00d6l\u00fcms\u00fcz \u0130nsan biyolojik \u00f6l\u00fcms\u00fczl\u00fc\u011f\u00fcn nas\u0131l bir se\u00e7enek haline gelebilece\u011fini, ya\u015flanman\u0131n da bir hastal\u0131k oldu\u011funu ve tedavi edilebilece\u011fini, \u00f6l\u00fcml\u00fcl\u00fc\u011f\u00fcn bilimsel olarak nas\u0131l sonland\u0131r\u0131laca\u011f\u0131n\u0131 a\u00e7\u0131kl\u0131yor. Bu gelece\u011fe ula\u015fmak i\u00e7in yap\u0131lan ara\u015ft\u0131rmalar\u0131, teknolojik ilerlemeleri, bilimin biyolojik ya\u015flanmay\u0131 durdurmaya ne kadar yak\u0131n oldu\u011funu sade bir dille anlat\u0131yor. <\/p>\n","protected":false},"excerpt":{"rendered":"<p>Ya\u015fl\u0131l\u0131\u011f\u0131n, ya\u015fl\u0131l\u0131\u011fa ba\u011fl\u0131 hastal\u0131klar\u0131n olmad\u0131\u011f\u0131 bir ya\u015fam\u0131n t\u00fcm olas\u0131l\u0131klar\u0131n\u0131 \u00d6l\u00fcms\u00fcz \u0130nsan\u2019da bulacaks\u0131n\u0131z. \u201c\u00d6l\u00fcms\u00fcz \u0130nsan \u00e7ok yak\u0131nda uzun \u00f6m\u00fcrl\u00fcl\u00fc\u011f\u00fcn h\u0131zdan nas\u0131l ka\u00e7abilece\u011fini ve sonsuza dek ya\u015fayabilece\u011fimizi a\u00e7\u0131k\u00e7a<span class=\"excerpt-hellip\"> [\u2026]<\/span><\/p>\n","protected":false},"featured_media":0,"template":"","meta":{"_monsterinsights_skip_tracking":false,"_monsterinsights_sitenote_active":false,"_monsterinsights_sitenote_note":"","_monsterinsights_sitenote_category":0},"product_brand":[],"product_cat":[13005,13006],"product_tag":[],"class_list":{"0":"post-736410","1":"product","2":"type-product","3":"status-publish","5":"product_cat-bilim-muhendislik","6":"product_cat-populer-bilim","7":"pa_cilt-ciltsiz","8":"pa_tur-kitap","9":"pa_yayinevi-nemesis-kitap","10":"pa_yazar-jose-cordeiro-david-wood","12":"first","13":"instock","14":"sale","15":"shipping-taxable","16":"purchasable","17":"product-type-simple"},"_links":{"self":[{"href":"https:\/\/roveyayinevi.com.tr\/index.php\/wp-json\/wp\/v2\/product\/736410","targetHints":{"allow":["GET"]}}],"collection":[{"href":"https:\/\/roveyayinevi.com.tr\/index.php\/wp-json\/wp\/v2\/product"}],"about":[{"href":"https:\/\/roveyayinevi.com.tr\/index.php\/wp-json\/wp\/v2\/types\/product"}],"wp:attachment":[{"href":"https:\/\/roveyayinevi.com.tr\/index.php\/wp-json\/wp\/v2\/media?parent=736410"}],"wp:term":[{"taxonomy":"product_brand","embeddable":true,"href":"https:\/\/roveyayinevi.com.tr\/index.php\/wp-json\/wp\/v2\/product_brand?post=736410"},{"taxonomy":"product_cat","embeddable":true,"href":"https:\/\/roveyayinevi.com.tr\/index.php\/wp-json\/wp\/v2\/product_cat?post=736410"},{"taxonomy":"product_tag","embeddable":true,"href":"https:\/\/roveyayinevi.com.tr\/index.php\/wp-json\/wp\/v2\/product_tag?post=736410"}],"curies":[{"name":"wp","href":"https:\/\/api.w.org\/{rel}","templated":true}]}}