{"id":736400,"date":"2025-08-27T23:06:55","date_gmt":"2025-08-27T20:06:55","guid":{"rendered":"https:\/\/roveyayinevi.com.tr\/index.php\/urun\/peranin-dev-sandigi\/"},"modified":"2026-04-16T02:45:01","modified_gmt":"2026-04-15T23:45:01","slug":"peranin-dev-sandigi","status":"publish","type":"product","link":"https:\/\/roveyayinevi.com.tr\/index.php\/urun\/peranin-dev-sandigi\/","title":{"rendered":"Pera\u2019n\u0131n Dev Sand\u0131\u011f\u0131"},"content":{"rendered":"<p>Sand\u0131kta bir k\u0131p\u0131rt\u0131 daha hissetti\u2026 \u00c7ok c\u0131l\u0131z bir ses \u201cPera!\u201d diye seslendi. Hayalleri utanga\u00e7 bir halde ona bak\u0131yordu. Uzun zamand\u0131r hayallerini d\u00fc\u015f\u00fcnmedi\u011fini fark etti. Onlar\u0131 ne de \u00e7ok \u00f6zlemi\u015fti! \u00d6p\u00fc\u015f\u00fcp sar\u0131ld\u0131lar ve birlikte d\u00fc\u015f\u00fcncelere dald\u0131lar\u2026 Saatlerce hayal kurdular: Ormana gitmeyi, bisiklete binmeyi, \u015fark\u0131lar s\u00f6yleyip dans etmeyi hayal ettiler. Pera hep yan\u0131nda ta\u015f\u0131d\u0131\u011f\u0131 sand\u0131\u011f\u0131n\u0131 a\u00e7maya karar verince i\u00e7inden neler \u00e7\u0131kt\u0131 neler?   Sezen Aksu Ta\u015fy\u00fcrek\u2019in yaz\u0131p resimledi\u011fi Pera\u2019n\u0131n Dev Sand\u0131\u011f\u0131 her ya\u015fa laz\u0131m s\u0131cac\u0131k bir hik\u00e2ye\u2026 <\/p>\n","protected":false},"excerpt":{"rendered":"<p>Sand\u0131kta bir k\u0131p\u0131rt\u0131 daha hissetti\u2026 \u00c7ok c\u0131l\u0131z bir ses \u201cPera!\u201d diye seslendi. Hayalleri utanga\u00e7 bir halde ona bak\u0131yordu. Uzun zamand\u0131r hayallerini d\u00fc\u015f\u00fcnmedi\u011fini fark etti. Onlar\u0131 ne<span class=\"excerpt-hellip\"> [\u2026]<\/span><\/p>\n","protected":false},"featured_media":0,"template":"","meta":{"_monsterinsights_skip_tracking":false,"_monsterinsights_sitenote_active":false,"_monsterinsights_sitenote_note":"","_monsterinsights_sitenote_category":0},"product_brand":[],"product_cat":[12913,12274],"product_tag":[],"class_list":{"0":"post-736400","1":"product","2":"type-product","3":"status-publish","5":"product_cat-3-6-yas-kitaplari","6":"product_cat-cocuk-ve-genclik-kitaplari","7":"pa_cilt-ciltsiz","8":"pa_tur-kitap","9":"pa_yayinevi-yapi-kredi-yayinlari","10":"pa_yazar-sezen-aksu-tasyurek","12":"first","13":"instock","14":"sale","15":"shipping-taxable","16":"purchasable","17":"product-type-simple"},"_links":{"self":[{"href":"https:\/\/roveyayinevi.com.tr\/index.php\/wp-json\/wp\/v2\/product\/736400","targetHints":{"allow":["GET"]}}],"collection":[{"href":"https:\/\/roveyayinevi.com.tr\/index.php\/wp-json\/wp\/v2\/product"}],"about":[{"href":"https:\/\/roveyayinevi.com.tr\/index.php\/wp-json\/wp\/v2\/types\/product"}],"wp:attachment":[{"href":"https:\/\/roveyayinevi.com.tr\/index.php\/wp-json\/wp\/v2\/media?parent=736400"}],"wp:term":[{"taxonomy":"product_brand","embeddable":true,"href":"https:\/\/roveyayinevi.com.tr\/index.php\/wp-json\/wp\/v2\/product_brand?post=736400"},{"taxonomy":"product_cat","embeddable":true,"href":"https:\/\/roveyayinevi.com.tr\/index.php\/wp-json\/wp\/v2\/product_cat?post=736400"},{"taxonomy":"product_tag","embeddable":true,"href":"https:\/\/roveyayinevi.com.tr\/index.php\/wp-json\/wp\/v2\/product_tag?post=736400"}],"curies":[{"name":"wp","href":"https:\/\/api.w.org\/{rel}","templated":true}]}}