{"id":736396,"date":"2025-08-27T23:06:51","date_gmt":"2025-08-27T20:06:51","guid":{"rendered":"https:\/\/roveyayinevi.com.tr\/index.php\/urun\/gecikmeye-ovgu\/"},"modified":"2026-04-16T02:45:01","modified_gmt":"2026-04-15T23:45:01","slug":"gecikmeye-ovgu","status":"publish","type":"product","link":"https:\/\/roveyayinevi.com.tr\/index.php\/urun\/gecikmeye-ovgu\/","title":{"rendered":"Gecikmeye \u00d6vg\u00fc"},"content":{"rendered":"<p>\u00c7a\u011f\u0131m\u0131z\u0131n hastal\u0131\u011f\u0131: Zamans\u0131zl\u0131k, her yere ve her \u015feye ge\u00e7 kalma korkusu&#8230; Oysa ge\u00e7 kalmak iyidir.   H\u00e9l\u00e8ne L\u2019Heuillet Gecikmeye \u00d6vg\u00fc\u2019de \u00e7ocuklukta \u0131srar etmek, uykusuzluk, annelik, \u00e7al\u0131\u015fma ya\u015fam\u0131n\u0131n kat\u0131 kurallar\u0131 gibi olgular \u00fczerinden zaman(s\u0131zl\u0131\u011f)\u0131n hissedilen y\u00fczlerini tasvir ediyor ve hayat\u0131 daha iyi anlamak i\u00e7in ge\u00e7 kalmaya davet ediyor bizi.   \u201cGe\u00e7 kalmak tam bir saplant\u0131ya d\u00f6n\u00fc\u015ft\u00fc. \u00d6yle ki her \u015fey bizi erkencili\u011fe s\u00fcr\u00fckl\u00fcyor. G\u00fcn\u00fcm\u00fczde \u00e7ocuklar bile \u00e7ocukluktan \u00e7\u0131kmak i\u00e7in acele etmeliler; h\u0131zl\u0131 gitmeliler \u2013 okumay\u0131 h\u0131zl\u0131ca \u00f6\u011frenmeli, h\u0131zl\u0131ca \u2018temel bilgilere h\u00e2kim olmal\u0131\u2019, oradan oraya h\u0131zl\u0131 gitmeliler. \u2018Erken geli\u015fen\u2019 bir \u00e7ocuk sahibi olmak b\u00fct\u00fcn ebeveynlerin hayali. Ama yayg\u0131nla\u015fan erken geli\u015fmi\u015flik, giderek daha s\u0131k g\u00f6r\u00fclen erken ergenlik ve erken menopoz olarak da kendini g\u00f6sterdi\u011finde oturup a\u011fl\u0131yoruz.\u201d <\/p>\n","protected":false},"excerpt":{"rendered":"<p>\u00c7a\u011f\u0131m\u0131z\u0131n hastal\u0131\u011f\u0131: Zamans\u0131zl\u0131k, her yere ve her \u015feye ge\u00e7 kalma korkusu&#8230; Oysa ge\u00e7 kalmak iyidir. H\u00e9l\u00e8ne L\u2019Heuillet Gecikmeye \u00d6vg\u00fc\u2019de \u00e7ocuklukta \u0131srar etmek, uykusuzluk, annelik, \u00e7al\u0131\u015fma ya\u015fam\u0131n\u0131n<span class=\"excerpt-hellip\"> [\u2026]<\/span><\/p>\n","protected":false},"featured_media":0,"template":"","meta":{"_monsterinsights_skip_tracking":false,"_monsterinsights_sitenote_active":false,"_monsterinsights_sitenote_note":"","_monsterinsights_sitenote_category":0},"product_brand":[],"product_cat":[20502,12357],"product_tag":[],"class_list":{"0":"post-736396","1":"product","2":"type-product","3":"status-publish","5":"product_cat-basvuru-kitaplari-psikoloji","6":"product_cat-psikoloji","7":"pa_cilt-ciltsiz","8":"pa_tur-kitap","9":"pa_yayinevi-yapi-kredi-yayinlari","10":"pa_yazar-helene-lheuillet","12":"first","13":"instock","14":"sale","15":"shipping-taxable","16":"purchasable","17":"product-type-simple"},"_links":{"self":[{"href":"https:\/\/roveyayinevi.com.tr\/index.php\/wp-json\/wp\/v2\/product\/736396","targetHints":{"allow":["GET"]}}],"collection":[{"href":"https:\/\/roveyayinevi.com.tr\/index.php\/wp-json\/wp\/v2\/product"}],"about":[{"href":"https:\/\/roveyayinevi.com.tr\/index.php\/wp-json\/wp\/v2\/types\/product"}],"wp:attachment":[{"href":"https:\/\/roveyayinevi.com.tr\/index.php\/wp-json\/wp\/v2\/media?parent=736396"}],"wp:term":[{"taxonomy":"product_brand","embeddable":true,"href":"https:\/\/roveyayinevi.com.tr\/index.php\/wp-json\/wp\/v2\/product_brand?post=736396"},{"taxonomy":"product_cat","embeddable":true,"href":"https:\/\/roveyayinevi.com.tr\/index.php\/wp-json\/wp\/v2\/product_cat?post=736396"},{"taxonomy":"product_tag","embeddable":true,"href":"https:\/\/roveyayinevi.com.tr\/index.php\/wp-json\/wp\/v2\/product_tag?post=736396"}],"curies":[{"name":"wp","href":"https:\/\/api.w.org\/{rel}","templated":true}]}}