{"id":736385,"date":"2025-08-27T23:06:38","date_gmt":"2025-08-27T20:06:38","guid":{"rendered":"https:\/\/roveyayinevi.com.tr\/index.php\/urun\/yasam-dongusu\/"},"modified":"2026-04-16T02:45:00","modified_gmt":"2026-04-15T23:45:00","slug":"yasam-dongusu","status":"publish","type":"product","link":"https:\/\/roveyayinevi.com.tr\/index.php\/urun\/yasam-dongusu\/","title":{"rendered":"Ya\u015fam D\u00f6ng\u00fcs\u00fc"},"content":{"rendered":"<p>\u201cYa\u015fam D\u00f6ng\u00fcs\u00fc\u2019nde ya\u015fam s\u00fcrenizi uzatman\u0131n ve her g\u00fcn\u00fcn\u00fcz\u00fc sa\u011fl\u0131kl\u0131 ve zinde ge\u00e7irmenin nas\u0131l m\u00fcmk\u00fcn oldu\u011funu bilimsel a\u00e7\u0131klamalar ve uygulanabilir y\u00f6ntemlerle ke\u015ffedeceksiniz.\u201d-Dr. Mark HymanGelece\u011fe ho\u015f geldiniz!Biliminsanlar\u0131 y\u0131llarca ya\u015flanman\u0131n sebeplerini arad\u0131 ve sonunda kimsenin ya\u015fl\u0131l\u0131ktan \u00f6lmedi\u011fi fikrine ula\u015ft\u0131lar. Bu d\u00fc\u015f\u00fcnceye g\u00f6re insanlar ya\u015fa ba\u011fl\u0131 hastal\u0131klardan \u00f6l\u00fcrler. \u00c7\u00fcnk\u00fc ya\u015flanma ve \u00f6l\u00fcm ka\u00e7\u0131n\u0131lmaz sondur. Peki, bu ger\u00e7ekten do\u011fru mu? Ya\u015flanma hakk\u0131nda bildi\u011fimiz her \u015fey yanl\u0131\u015f olabilir mi? Ya\u015fl\u0131l\u0131k asl\u0131nda bir hastal\u0131k m\u0131? Ya\u015flanman\u0131n tedavisi m\u00fcmk\u00fcn m\u00fc?Ya\u015fam D\u00f6ng\u00fcs\u00fc\u2019nde, genetik ve ya\u015flanma konusunda d\u00fcnyan\u0131n \u00f6nde gelen otoritelerinden biri olan ve hayat\u0131n\u0131 insanlar\u0131n daha uzun, daha sa\u011fl\u0131kl\u0131 ve hastal\u0131ks\u0131z ya\u015famalar\u0131n\u0131 sa\u011flamaya adayan David A. Sinclair t\u00fcm bu sorulara a\u00e7\u0131kl\u0131k getiriyor. Yazar\u0131n Harvard T\u0131p Fak\u00fcltesi\u2019ndeki laboratuvar\u0131nda yapt\u0131\u011f\u0131 onlarca ara\u015ft\u0131rma, ya\u015flanman\u0131n asl\u0131nda tedavi edilebilir bir hastal\u0131k oldu\u011funu ortaya koydu. Genetik yap\u0131m\u0131zda var olan ve ya\u015famda kar\u015f\u0131la\u015ft\u0131\u011f\u0131m\u0131z zorluklara h\u00fccrelerimizin i\u00e7inde kar\u015f\u0131 koyan bir hayatta kalma devresi, zamanla i\u015fleyi\u015finde ortaya \u00e7\u0131kan bozulmalarla bizi ya\u015fland\u0131r\u0131r. Ancak bu bozulmalar\u0131 tersine \u00e7evirmek ve sadece ya\u015fam s\u00fcremizi de\u011fil, sa\u011fl\u0131kl\u0131 ge\u00e7irdi\u011fimiz y\u0131llar\u0131n say\u0131s\u0131n\u0131 art\u0131rmak da m\u00fcmk\u00fcn.T\u0131bbi \u00e7al\u0131\u015fmalar\u0131n \u00f6n saflar\u0131nda yer alan ara\u015ft\u0131rmac\u0131lar\u0131n ke\u015ffetti\u011fi en son bulgulardan yararlanan Sinclair, \u015fa\u015f\u0131rt\u0131c\u0131 ve \u00e7ok basit y\u00f6ntemler payla\u015farak daha uzun bir ya\u015fam i\u00e7in genetik saati tersine \u00e7evirmenin bilimsel kan\u0131tlara dayanan yol haritas\u0131n\u0131 \u00f6n\u00fcm\u00fcze seriyor. TIME dergisinin \u201cD\u00fcnyadaki En Etkili 100 Ki\u015fisi\u201d listesinde yer alan David A. Sinclair\u2019\u0131n vizyonu, insanlar\u0131n uzun y\u0131llar sa\u011fl\u0131kl\u0131 ya\u015fad\u0131\u011f\u0131 bir d\u00fcnyan\u0131n nas\u0131l bir yer olaca\u011f\u0131n\u0131 ve oraya ula\u015fmak i\u00e7in neler yapmam\u0131z gerekti\u011fini g\u00f6steriyor.<\/p>\n","protected":false},"excerpt":{"rendered":"<p>\u201cYa\u015fam D\u00f6ng\u00fcs\u00fc\u2019nde ya\u015fam s\u00fcrenizi uzatman\u0131n ve her g\u00fcn\u00fcn\u00fcz\u00fc sa\u011fl\u0131kl\u0131 ve zinde ge\u00e7irmenin nas\u0131l m\u00fcmk\u00fcn oldu\u011funu bilimsel a\u00e7\u0131klamalar ve uygulanabilir y\u00f6ntemlerle ke\u015ffedeceksiniz.\u201d-Dr. Mark HymanGelece\u011fe ho\u015f geldiniz!Biliminsanlar\u0131 y\u0131llarca<span class=\"excerpt-hellip\"> [\u2026]<\/span><\/p>\n","protected":false},"featured_media":0,"template":"","meta":{"_monsterinsights_skip_tracking":false,"_monsterinsights_sitenote_active":false,"_monsterinsights_sitenote_note":"","_monsterinsights_sitenote_category":0},"product_brand":[],"product_cat":[16965,13365],"product_tag":[],"class_list":{"0":"post-736385","1":"product","2":"type-product","3":"status-publish","5":"product_cat-genel-saglik-kitaplari","6":"product_cat-saglik","7":"pa_cilt-ciltsiz","8":"pa_tur-kitap","9":"pa_yayinevi-epsilon-yayinlari","10":"pa_yazar-david-a-sinclair-matthew-d-laplante","12":"first","13":"instock","14":"sale","15":"shipping-taxable","16":"purchasable","17":"product-type-simple"},"_links":{"self":[{"href":"https:\/\/roveyayinevi.com.tr\/index.php\/wp-json\/wp\/v2\/product\/736385","targetHints":{"allow":["GET"]}}],"collection":[{"href":"https:\/\/roveyayinevi.com.tr\/index.php\/wp-json\/wp\/v2\/product"}],"about":[{"href":"https:\/\/roveyayinevi.com.tr\/index.php\/wp-json\/wp\/v2\/types\/product"}],"wp:attachment":[{"href":"https:\/\/roveyayinevi.com.tr\/index.php\/wp-json\/wp\/v2\/media?parent=736385"}],"wp:term":[{"taxonomy":"product_brand","embeddable":true,"href":"https:\/\/roveyayinevi.com.tr\/index.php\/wp-json\/wp\/v2\/product_brand?post=736385"},{"taxonomy":"product_cat","embeddable":true,"href":"https:\/\/roveyayinevi.com.tr\/index.php\/wp-json\/wp\/v2\/product_cat?post=736385"},{"taxonomy":"product_tag","embeddable":true,"href":"https:\/\/roveyayinevi.com.tr\/index.php\/wp-json\/wp\/v2\/product_tag?post=736385"}],"curies":[{"name":"wp","href":"https:\/\/api.w.org\/{rel}","templated":true}]}}