{"id":736378,"date":"2025-08-27T23:06:30","date_gmt":"2025-08-27T20:06:30","guid":{"rendered":"https:\/\/roveyayinevi.com.tr\/index.php\/urun\/asyanin-gecitleri\/"},"modified":"2026-04-16T02:45:00","modified_gmt":"2026-04-15T23:45:00","slug":"asyanin-gecitleri","status":"publish","type":"product","link":"https:\/\/roveyayinevi.com.tr\/index.php\/urun\/asyanin-gecitleri\/","title":{"rendered":"Asya&#8217;n\u0131n Ge\u00e7itleri"},"content":{"rendered":"<p>Avrupa\u2019n\u0131n do\u011fu s\u0131n\u0131rlar\u0131n\u0131n genellikle Ural Da\u011flar\u0131 boyunca uzand\u0131\u011f\u0131 kabul edilir. Ancak Urallar ne Himalayalar ne de Alpler veya Pireneler gibidir. Ne \u201cAsya\u2019ya\u201d bir engel vazifesi g\u00f6r\u00fcr ne de \u201cAvrupa\u2019ya\u201d bir s\u0131n\u0131r \u00e7eker. Aksine nispeten al\u00e7ak bir tepeler dizisidir ve tarih boyunca her iki taraftaki topluluklar hem ortak kimlikleri hem de ortak bir tarihi payla\u015fm\u0131\u015flard\u0131r. Do\u011fal engellerin yoklu\u011funda, yapay engeller tesis edilmeye \u00e7al\u0131\u015f\u0131lm\u0131\u015f ama bunlar\u0131n \u00e7o\u011fu sonunda u\u011frad\u0131klar\u0131 akametleriyle kayda ge\u00e7mi\u015flerdir. B\u00fcy\u00fck Orta Avrasya steplerinin do\u011fu otlaklar\u0131 neredeyse kesintisiz bir \u015fekilde Balkanlar\u2019dan Mo\u011folistan\u2019a kadar uzan\u0131r. Bundan dolay\u0131 Avrupa\u2019n\u0131n ge\u00e7itleri ilk\u00e7a\u011f\u0131n ba\u015f\u0131ndan beri ard\u0131na kadar halklar\u0131n yer de\u011fi\u015ftirmesine a\u00e7\u0131kt\u0131r: Avrupa\u2019n\u0131n Asya\u2019yla en uzun \u201chududu\u201d boyunca bir s\u0131n\u0131r yoktur. Engelsiz stepler s\u00fcrekli olarak Avrupa\u2019n\u0131n kaderini \u015fekillendirmi\u015ftir. Ge\u00e7itler h\u00e2l\u00e2 eskisi gibi ard\u0131na kadar a\u00e7\u0131kt\u0131r. D\u00f6rt ciltlik Avrupa\u2019daki Asya ve Bat\u0131\u2019n\u0131n \u015eekilleni\u015fi adl\u0131 dizinin yazar\u0131 arkeolog Warwick Ball dizinin bu d\u00f6rd\u00fcnc\u00fc cildinde de ezber bozuyor. Bilindi\u011fi gibi Do\u011fu-Bat\u0131 ula\u015f\u0131m yollar\u0131n\u0131n en \u00fcnl\u00fcs\u00fc \u201c\u0130pek Yolu\u2019dur\u201d. Oysa Warwick Ball\u2019a g\u00f6re bu bir efsanedir ve b\u00f6yle bir yola veya rotaya de\u011finen hi\u00e7bir antik kaynak yoktur. Bu terim 1877\u2019de Richthofen Baronu unvanl\u0131 Ferdinand adl\u0131 bir Alman Orta Asya co\u011frafyac\u0131s\u0131 taraf\u0131ndan icat edilmi\u015ftir. Warwick Ball\u2019un, bunun gibi Amazonlar\u2019dan Kral Arthur\u2019un Excalibur adl\u0131 k\u0131l\u0131c\u0131na kadar bir\u00e7ok efsaneyi de ele ald\u0131\u011f\u0131 bu eserini, etkisi alt\u0131nda kalaca\u011f\u0131n\u0131z her zamanki \u00fcslubu sayesinde keyifle okuyacaks\u0131n\u0131z. <\/p>\n","protected":false},"excerpt":{"rendered":"<p>Avrupa\u2019n\u0131n do\u011fu s\u0131n\u0131rlar\u0131n\u0131n genellikle Ural Da\u011flar\u0131 boyunca uzand\u0131\u011f\u0131 kabul edilir. Ancak Urallar ne Himalayalar ne de Alpler veya Pireneler gibidir. Ne \u201cAsya\u2019ya\u201d bir engel vazifesi g\u00f6r\u00fcr<span class=\"excerpt-hellip\"> [\u2026]<\/span><\/p>\n","protected":false},"featured_media":0,"template":"","meta":{"_monsterinsights_skip_tracking":false,"_monsterinsights_sitenote_active":false,"_monsterinsights_sitenote_note":"","_monsterinsights_sitenote_category":0},"product_brand":[],"product_cat":[12370,12304],"product_tag":[],"class_list":{"0":"post-736378","1":"product","2":"type-product","3":"status-publish","5":"product_cat-arastirma-inceleme","6":"product_cat-tarih","7":"pa_cilt-ciltsiz","8":"pa_tur-kitap","9":"pa_yayinevi-ayrinti-yayinlari","10":"pa_yazar-warwick-ball","12":"first","13":"instock","14":"sale","15":"shipping-taxable","16":"purchasable","17":"product-type-simple"},"_links":{"self":[{"href":"https:\/\/roveyayinevi.com.tr\/index.php\/wp-json\/wp\/v2\/product\/736378","targetHints":{"allow":["GET"]}}],"collection":[{"href":"https:\/\/roveyayinevi.com.tr\/index.php\/wp-json\/wp\/v2\/product"}],"about":[{"href":"https:\/\/roveyayinevi.com.tr\/index.php\/wp-json\/wp\/v2\/types\/product"}],"wp:attachment":[{"href":"https:\/\/roveyayinevi.com.tr\/index.php\/wp-json\/wp\/v2\/media?parent=736378"}],"wp:term":[{"taxonomy":"product_brand","embeddable":true,"href":"https:\/\/roveyayinevi.com.tr\/index.php\/wp-json\/wp\/v2\/product_brand?post=736378"},{"taxonomy":"product_cat","embeddable":true,"href":"https:\/\/roveyayinevi.com.tr\/index.php\/wp-json\/wp\/v2\/product_cat?post=736378"},{"taxonomy":"product_tag","embeddable":true,"href":"https:\/\/roveyayinevi.com.tr\/index.php\/wp-json\/wp\/v2\/product_tag?post=736378"}],"curies":[{"name":"wp","href":"https:\/\/api.w.org\/{rel}","templated":true}]}}