{"id":736377,"date":"2025-08-27T23:06:29","date_gmt":"2025-08-27T20:06:29","guid":{"rendered":"https:\/\/roveyayinevi.com.tr\/index.php\/urun\/ben-kisaca-serlok-1-zihin-acligi\/"},"modified":"2026-04-16T02:45:00","modified_gmt":"2026-04-15T23:45:00","slug":"ben-kisaca-serlok-1-zihin-acligi","status":"publish","type":"product","link":"https:\/\/roveyayinevi.com.tr\/index.php\/urun\/ben-kisaca-serlok-1-zihin-acligi\/","title":{"rendered":"Ben K\u0131saca \u015eerLok &#8211; 1 Zihin A\u00e7l\u0131\u011f\u0131"},"content":{"rendered":"<p>\u015eermin Lokman; gizemli olaylar\u0131, zor sorular\u0131 ve \u00e7\u00f6z\u00fcms\u00fcz g\u00f6r\u00fcnen sorunlar\u0131 \u00e7\u00f6zmeye bay\u0131lan bir ortaokul \u00f6\u011frencisi, yani k\u0131sacas\u0131 \u015eerLok! Okulun duvar\u0131na ast\u0131\u011f\u0131 Problem Kutusu\u2019na at\u0131lan sorulara, bulmacalara ve yard\u0131m taleplerine b\u00fcy\u00fck bir i\u015ftahla cevap veriyor. Fakat gizemli olaylara olan bu merak\u0131 onu okulda pop\u00fcler biri haline getirirken ayn\u0131 zamanda ba\u015f\u0131na t\u00fcrl\u00fc i\u015fler a\u00e7mak \u00fczere&#8230; \u015eermin ve kedisi Dr. Watson\u2019la birlikte siz de gizem dolu olaylar\u0131n arka y\u00fczlerini ve zorlu sorular\u0131 \u00e7\u00f6zmeye ne dersiniz? Ba\u011flant\u0131lar\u0131 kurun, alternatifleri d\u00fc\u015f\u00fcn\u00fcn, tahminler y\u00fcr\u00fct\u00fcn, g\u00f6r\u00fcnmeyeni g\u00f6r\u00fcn ve \u015eermin gibi harika bir dedektif oldu\u011funuzu kan\u0131tlay\u0131n! <\/p>\n","protected":false},"excerpt":{"rendered":"<p>\u015eermin Lokman; gizemli olaylar\u0131, zor sorular\u0131 ve \u00e7\u00f6z\u00fcms\u00fcz g\u00f6r\u00fcnen sorunlar\u0131 \u00e7\u00f6zmeye bay\u0131lan bir ortaokul \u00f6\u011frencisi, yani k\u0131sacas\u0131 \u015eerLok! Okulun duvar\u0131na ast\u0131\u011f\u0131 Problem Kutusu\u2019na at\u0131lan sorulara, bulmacalara<span class=\"excerpt-hellip\"> [\u2026]<\/span><\/p>\n","protected":false},"featured_media":0,"template":"","meta":{"_monsterinsights_skip_tracking":false,"_monsterinsights_sitenote_active":false,"_monsterinsights_sitenote_note":"","_monsterinsights_sitenote_category":0},"product_brand":[],"product_cat":[12275,12274],"product_tag":[],"class_list":{"0":"post-736377","1":"product","2":"type-product","3":"status-publish","5":"product_cat-6-12-yas-kitaplari","6":"product_cat-cocuk-ve-genclik-kitaplari","7":"pa_cilt-ciltsiz","8":"pa_tur-kitap","9":"pa_yayinevi-ithaki-yayinlari","10":"pa_yazar-asaf-ekin-yesil","12":"first","13":"instock","14":"sale","15":"shipping-taxable","16":"purchasable","17":"product-type-simple"},"_links":{"self":[{"href":"https:\/\/roveyayinevi.com.tr\/index.php\/wp-json\/wp\/v2\/product\/736377","targetHints":{"allow":["GET"]}}],"collection":[{"href":"https:\/\/roveyayinevi.com.tr\/index.php\/wp-json\/wp\/v2\/product"}],"about":[{"href":"https:\/\/roveyayinevi.com.tr\/index.php\/wp-json\/wp\/v2\/types\/product"}],"wp:attachment":[{"href":"https:\/\/roveyayinevi.com.tr\/index.php\/wp-json\/wp\/v2\/media?parent=736377"}],"wp:term":[{"taxonomy":"product_brand","embeddable":true,"href":"https:\/\/roveyayinevi.com.tr\/index.php\/wp-json\/wp\/v2\/product_brand?post=736377"},{"taxonomy":"product_cat","embeddable":true,"href":"https:\/\/roveyayinevi.com.tr\/index.php\/wp-json\/wp\/v2\/product_cat?post=736377"},{"taxonomy":"product_tag","embeddable":true,"href":"https:\/\/roveyayinevi.com.tr\/index.php\/wp-json\/wp\/v2\/product_tag?post=736377"}],"curies":[{"name":"wp","href":"https:\/\/api.w.org\/{rel}","templated":true}]}}