{"id":736374,"date":"2025-08-27T23:06:26","date_gmt":"2025-08-27T20:06:26","guid":{"rendered":"https:\/\/roveyayinevi.com.tr\/index.php\/urun\/saturn-evleri-2-cilt\/"},"modified":"2026-04-06T02:59:59","modified_gmt":"2026-04-05T23:59:59","slug":"saturn-evleri-2-cilt","status":"publish","type":"product","link":"https:\/\/roveyayinevi.com.tr\/index.php\/urun\/saturn-evleri-2-cilt\/","title":{"rendered":"Sat\u00fcrn Evleri 2. Cilt"},"content":{"rendered":"<p>D\u00fcnya koruma alan\u0131 ilan edilmi\u015f ve terk edilmi\u015fti. \u0130nsanlar art\u0131k 35 kilometre yukar\u0131da, halka \u015feklinde in\u015fa edilmi\u015f bir yap\u0131da ya\u015f\u0131yordu.   Mitsu, bir \u00e7aylak pencere temizleyicisi olman\u0131n zorluklar\u0131yla m\u00fccadele ederken bir yandan da eski arkada\u015flar\u0131n\u0131n g\u00f6z\u00fcnden kaybetti\u011fi babas\u0131n\u0131 tan\u0131yacakt\u0131. <\/p>\n","protected":false},"excerpt":{"rendered":"<p>D\u00fcnya koruma alan\u0131 ilan edilmi\u015f ve terk edilmi\u015fti. \u0130nsanlar art\u0131k 35 kilometre yukar\u0131da, halka \u015feklinde in\u015fa edilmi\u015f bir yap\u0131da ya\u015f\u0131yordu. Mitsu, bir \u00e7aylak pencere temizleyicisi olman\u0131n<span class=\"excerpt-hellip\"> [\u2026]<\/span><\/p>\n","protected":false},"featured_media":0,"template":"","meta":{"_monsterinsights_skip_tracking":false,"_monsterinsights_sitenote_active":false,"_monsterinsights_sitenote_note":"","_monsterinsights_sitenote_category":0},"product_brand":[],"product_cat":[12416,12291],"product_tag":[],"class_list":{"0":"post-736374","1":"product","2":"type-product","3":"status-publish","5":"product_cat-cizgi-roman","6":"product_cat-edebiyat","7":"pa_cilt-ciltsiz","8":"pa_tur-kitap","9":"pa_yayinevi-ithaki-yayinlari","10":"pa_yazar-hisae-ivaoka","12":"first","13":"instock","14":"sale","15":"shipping-taxable","16":"purchasable","17":"product-type-simple"},"_links":{"self":[{"href":"https:\/\/roveyayinevi.com.tr\/index.php\/wp-json\/wp\/v2\/product\/736374","targetHints":{"allow":["GET"]}}],"collection":[{"href":"https:\/\/roveyayinevi.com.tr\/index.php\/wp-json\/wp\/v2\/product"}],"about":[{"href":"https:\/\/roveyayinevi.com.tr\/index.php\/wp-json\/wp\/v2\/types\/product"}],"wp:attachment":[{"href":"https:\/\/roveyayinevi.com.tr\/index.php\/wp-json\/wp\/v2\/media?parent=736374"}],"wp:term":[{"taxonomy":"product_brand","embeddable":true,"href":"https:\/\/roveyayinevi.com.tr\/index.php\/wp-json\/wp\/v2\/product_brand?post=736374"},{"taxonomy":"product_cat","embeddable":true,"href":"https:\/\/roveyayinevi.com.tr\/index.php\/wp-json\/wp\/v2\/product_cat?post=736374"},{"taxonomy":"product_tag","embeddable":true,"href":"https:\/\/roveyayinevi.com.tr\/index.php\/wp-json\/wp\/v2\/product_tag?post=736374"}],"curies":[{"name":"wp","href":"https:\/\/api.w.org\/{rel}","templated":true}]}}