{"id":736350,"date":"2025-08-27T23:06:00","date_gmt":"2025-08-27T20:06:00","guid":{"rendered":"https:\/\/roveyayinevi.com.tr\/index.php\/urun\/zuhre\/"},"modified":"2026-04-16T02:44:59","modified_gmt":"2026-04-15T23:44:59","slug":"zuhre","status":"publish","type":"product","link":"https:\/\/roveyayinevi.com.tr\/index.php\/urun\/zuhre\/","title":{"rendered":"Z\u00fchre"},"content":{"rendered":"<p>Elif TAPA, 1981 y\u0131l\u0131nda, iki \u00e7ocuklu bir ailenin tek k\u0131z evlad\u0131 olarak Trabzon\u2019da d\u00fcnyaya geldi. Bir erkek karde\u015f sahibi olan Elif TAPA; anaokul, ilkokul, ortaokul ve lise e\u011fitimini Trabzon\u2019daki merkez devlet okullar\u0131nda tamamlad\u0131. Yabanc\u0131 dili \u0130ngilizce olan Elif TAPA, \u00fcniversite e\u011fitimini yine Trabzon\u2019da tamamlad\u0131. Karadeniz Teknik \u00dcniversitesi \u0130ktisadi ve \u0130dari Bilimler Fak\u00fcltesi \u0130\u015fletme B\u00f6l\u00fcm\u00fcn\u00fc (Lisans) 2010 y\u0131l\u0131nda bitirdi. Mezun olduktan sonra farkl\u0131 sekt\u00f6rlerde k\u0131sa s\u00fcreli olarak \u00e7al\u0131\u015ft\u0131.   \u00c7ocukluk y\u0131llar\u0131ndan itibaren kitaba ve kaleme olan sevgisi adeta bir tutku haline gelen Elif TAPA; okuyarak, ara\u015ft\u0131rarak, \u00f6\u011frenerek ve farkl\u0131 alanlarda kendini geli\u015ftirerek \u00e7izgisinde ilerlemi\u015f, zamanla sa\u011fl\u0131kl\u0131, bilin\u00e7li bir esneklik ve kendine has bir \u00f6zg\u00fcnl\u00fck kazanm\u0131\u015ft\u0131r.   \u015eiirleri haricinde yaz\u0131lar\u0131n\u0131 da g\u00fcndeme ta\u015f\u0131may\u0131 planlayan Elif TAPA; inovatif bir yarat\u0131c\u0131l\u0131kla, iktisadi olarak da aktif ve verimli olabilece\u011fi alanlarda rol almay\u0131 tercih etmi\u015ftir. Sahip oldu\u011fu her t\u00fcrl\u00fc de\u011feri ve niteli\u011fi geli\u015ftirmi\u015f ve s\u00fcrekli olarak kendini g\u00fcncellemi\u015ftir.  \u00dcreterek ve yazarak, eserleriyle okurlar\u0131na ula\u015fmay\u0131 ba\u015faran Elif TAPA,  ayn\u0131 zamanda kendine ait i\u015f projesi \u00fcretimi, i\u015f fikirleri gibi geni\u015f kapsaml\u0131 \u00f6zel i\u015fini de geli\u015ftirerek \u00e7al\u0131\u015fmaya devam etmektedir. <\/p>\n","protected":false},"excerpt":{"rendered":"<p>Elif TAPA, 1981 y\u0131l\u0131nda, iki \u00e7ocuklu bir ailenin tek k\u0131z evlad\u0131 olarak Trabzon\u2019da d\u00fcnyaya geldi. Bir erkek karde\u015f sahibi olan Elif TAPA; anaokul, ilkokul, ortaokul ve<span class=\"excerpt-hellip\"> [\u2026]<\/span><\/p>\n","protected":false},"featured_media":0,"template":"","meta":{"_monsterinsights_skip_tracking":false,"_monsterinsights_sitenote_active":false,"_monsterinsights_sitenote_note":"","_monsterinsights_sitenote_category":0},"product_brand":[],"product_cat":[12291,12509],"product_tag":[],"class_list":{"0":"post-736350","1":"product","2":"type-product","3":"status-publish","5":"product_cat-edebiyat","6":"product_cat-siir","7":"pa_cilt-ciltsiz","8":"pa_tur-kitap","9":"pa_yayinevi-luna-yayinlari","10":"pa_yazar-elif-tapa","12":"first","13":"instock","14":"sale","15":"shipping-taxable","16":"purchasable","17":"product-type-simple"},"_links":{"self":[{"href":"https:\/\/roveyayinevi.com.tr\/index.php\/wp-json\/wp\/v2\/product\/736350","targetHints":{"allow":["GET"]}}],"collection":[{"href":"https:\/\/roveyayinevi.com.tr\/index.php\/wp-json\/wp\/v2\/product"}],"about":[{"href":"https:\/\/roveyayinevi.com.tr\/index.php\/wp-json\/wp\/v2\/types\/product"}],"wp:attachment":[{"href":"https:\/\/roveyayinevi.com.tr\/index.php\/wp-json\/wp\/v2\/media?parent=736350"}],"wp:term":[{"taxonomy":"product_brand","embeddable":true,"href":"https:\/\/roveyayinevi.com.tr\/index.php\/wp-json\/wp\/v2\/product_brand?post=736350"},{"taxonomy":"product_cat","embeddable":true,"href":"https:\/\/roveyayinevi.com.tr\/index.php\/wp-json\/wp\/v2\/product_cat?post=736350"},{"taxonomy":"product_tag","embeddable":true,"href":"https:\/\/roveyayinevi.com.tr\/index.php\/wp-json\/wp\/v2\/product_tag?post=736350"}],"curies":[{"name":"wp","href":"https:\/\/api.w.org\/{rel}","templated":true}]}}