{"id":736347,"date":"2025-08-27T23:05:56","date_gmt":"2025-08-27T20:05:56","guid":{"rendered":"https:\/\/roveyayinevi.com.tr\/index.php\/urun\/gezegen-x\/"},"modified":"2026-04-16T02:44:59","modified_gmt":"2026-04-15T23:44:59","slug":"gezegen-x","status":"publish","type":"product","link":"https:\/\/roveyayinevi.com.tr\/index.php\/urun\/gezegen-x\/","title":{"rendered":"Gezegen X"},"content":{"rendered":"<p>\u00d6zen \u015eahin, \u00e7ocuklar i\u00e7in hayal g\u00fcc\u00fcn\u00fcn s\u0131n\u0131rlar\u0131n\u0131 zorlayan s\u0131cac\u0131k bir \u00f6yk\u00fc yazd\u0131. Arkada\u015fl\u0131k, do\u011fa, \u00e7evre bilinci, hayvanseverlik, yard\u0131mla\u015fma, iyi insan olman\u0131n kazand\u0131rd\u0131klar\u0131, k\u00fcresel sorunlara duyars\u0131z kalmama gibi konular\u0131n \u00f6zenle i\u015flendi\u011fi Gezegen X \u00e7ocuklara soluksuz ve heyecan dolu bir okuma s\u00fcreci vadediyor. Evrenin gizemlerini masals\u0131 bir anlat\u0131mla ele alan Gezegen X; sempatik \u00e7izimleri, bilgi ve fark\u0131ndal\u0131\u011f\u0131 artt\u0131rmaya y\u00f6nelik i\u00e7eri\u011fi ve ak\u0131c\u0131 anlat\u0131m\u0131yla k\u00fc\u00e7\u00fck okurlar\u0131n\u0131 bekliyor. <\/p>\n","protected":false},"excerpt":{"rendered":"<p>\u00d6zen \u015eahin, \u00e7ocuklar i\u00e7in hayal g\u00fcc\u00fcn\u00fcn s\u0131n\u0131rlar\u0131n\u0131 zorlayan s\u0131cac\u0131k bir \u00f6yk\u00fc yazd\u0131. Arkada\u015fl\u0131k, do\u011fa, \u00e7evre bilinci, hayvanseverlik, yard\u0131mla\u015fma, iyi insan olman\u0131n kazand\u0131rd\u0131klar\u0131, k\u00fcresel sorunlara duyars\u0131z kalmama<span class=\"excerpt-hellip\"> [\u2026]<\/span><\/p>\n","protected":false},"featured_media":0,"template":"","meta":{"_monsterinsights_skip_tracking":false,"_monsterinsights_sitenote_active":false,"_monsterinsights_sitenote_note":"","_monsterinsights_sitenote_category":0},"product_brand":[],"product_cat":[12274,12284],"product_tag":[],"class_list":{"0":"post-736347","1":"product","2":"type-product","3":"status-publish","5":"product_cat-cocuk-ve-genclik-kitaplari","6":"product_cat-hikayeler","7":"pa_cilt-ciltsiz","8":"pa_tur-kitap","9":"pa_yayinevi-luna-cocuk-yayinlari","10":"pa_yazar-ozen-sahin","12":"first","13":"instock","14":"sale","15":"shipping-taxable","16":"purchasable","17":"product-type-simple"},"_links":{"self":[{"href":"https:\/\/roveyayinevi.com.tr\/index.php\/wp-json\/wp\/v2\/product\/736347","targetHints":{"allow":["GET"]}}],"collection":[{"href":"https:\/\/roveyayinevi.com.tr\/index.php\/wp-json\/wp\/v2\/product"}],"about":[{"href":"https:\/\/roveyayinevi.com.tr\/index.php\/wp-json\/wp\/v2\/types\/product"}],"wp:attachment":[{"href":"https:\/\/roveyayinevi.com.tr\/index.php\/wp-json\/wp\/v2\/media?parent=736347"}],"wp:term":[{"taxonomy":"product_brand","embeddable":true,"href":"https:\/\/roveyayinevi.com.tr\/index.php\/wp-json\/wp\/v2\/product_brand?post=736347"},{"taxonomy":"product_cat","embeddable":true,"href":"https:\/\/roveyayinevi.com.tr\/index.php\/wp-json\/wp\/v2\/product_cat?post=736347"},{"taxonomy":"product_tag","embeddable":true,"href":"https:\/\/roveyayinevi.com.tr\/index.php\/wp-json\/wp\/v2\/product_tag?post=736347"}],"curies":[{"name":"wp","href":"https:\/\/api.w.org\/{rel}","templated":true}]}}