{"id":736316,"date":"2025-08-27T23:05:25","date_gmt":"2025-08-27T20:05:25","guid":{"rendered":"https:\/\/roveyayinevi.com.tr\/index.php\/urun\/da-vincinin-darphanesi\/"},"modified":"2026-04-03T02:51:25","modified_gmt":"2026-04-02T23:51:25","slug":"da-vincinin-darphanesi","status":"publish","type":"product","link":"https:\/\/roveyayinevi.com.tr\/index.php\/urun\/da-vincinin-darphanesi\/","title":{"rendered":"Da Vinci&#8217;nin Darphanesi"},"content":{"rendered":"<p>\u201cS\u0131ra d\u0131\u015f\u0131 bir kalpazanl\u0131k ser\u00fcveni.\u201d Giancarlo, \u201cHedef \u00fcretim 10 milyon liret!\u201d dedi\u011finde, Alberto ald\u0131\u011f\u0131 emre istinaden \u201cTamam patron\u201d diyerek ivedilikle makinelerin ba\u015f\u0131na ge\u00e7ti. Makineler, ayn\u0131 bir k\u00f6stekli saatin mekanizmas\u0131 gibi tak\u0131r tak\u0131r \u00e7al\u0131\u015f\u0131yordu. \u00c7\u0131kan sesler Giancarlo i\u00e7in adeta b\u00fcy\u00fcl\u00fc bir terapi gibiydi. Oturdu\u011fu koltukta g\u00f6zlerini kapatarak kendisine k\u0131sa bir mola verdi ve zihninde \u00e7almaya ba\u015flayan orkestraya konsantre oldu\u2026 \u0130talya Merkez Bankas\u0131 darphane \u00e7al\u0131\u015fan\u0131 Giancarlo\u2019nun macera dolu hayat hik\u00e2yesi\u2026 Giancarlo Machiavelli, yetimlik ve \u00f6ks\u00fczl\u00fckten gelen ya\u015fam m\u00fccadelesi, tehlikeli ancak bir o kadar d\u00e2hice planlanan kalpazanl\u0131k giri\u015fimi ve hayran kalaca\u011f\u0131n\u0131z zek\u00e2s\u0131 sayesinde kendisi gibi bir\u00e7ok insan\u0131n hayata tutunmas\u0131n\u0131 sa\u011fl\u0131yor. Bak\u0131rhan\u2019\u0131n benzersiz kaleminden sat\u0131rlara, nabz\u0131 y\u00fcksek aksiyon sahneleri ile birlikte mafyan\u0131n, emniyetin, din ve devlet b\u00fcy\u00fcklerinin de dahil oldu\u011fu koca bir kaos d\u00f6k\u00fcl\u00fcyor. Ya\u015fanan t\u00fcm bu karma\u015fa, olay ak\u0131\u015f\u0131 ve ustaca i\u015flenmi\u015f s\u00fcr\u00fckleyici kurgunun sonunda ise sizleri, hayrete d\u00fc\u015f\u00fcrecek bir final bekliyor. \u0130brahim Bak\u0131rhan\u2019\u0131n, \u00e7ok sevilen kitab\u0131 Kimsesizler Adas\u0131\u2019n\u0131n ard\u0131ndan, bir solukta okuyup bitirece\u011finiz Da Vinci\u2019nin Darphanesi ile \u0130talya tarihinde \u00e7\u0131kaca\u011f\u0131n\u0131z e\u015fsiz bir yolculu\u011fa haz\u0131r olun!<\/p>\n","protected":false},"excerpt":{"rendered":"<p>\u201cS\u0131ra d\u0131\u015f\u0131 bir kalpazanl\u0131k ser\u00fcveni.\u201d Giancarlo, \u201cHedef \u00fcretim 10 milyon liret!\u201d dedi\u011finde, Alberto ald\u0131\u011f\u0131 emre istinaden \u201cTamam patron\u201d diyerek ivedilikle makinelerin ba\u015f\u0131na ge\u00e7ti. Makineler, ayn\u0131 bir<span class=\"excerpt-hellip\"> [\u2026]<\/span><\/p>\n","protected":false},"featured_media":0,"template":"","meta":{"_monsterinsights_skip_tracking":false,"_monsterinsights_sitenote_active":false,"_monsterinsights_sitenote_note":"","_monsterinsights_sitenote_category":0},"product_brand":[],"product_cat":[12291,12711],"product_tag":[],"class_list":{"0":"post-736316","1":"product","2":"type-product","3":"status-publish","5":"product_cat-edebiyat","6":"product_cat-roman-oyku","7":"pa_cilt-ciltsiz","8":"pa_tur-kitap","9":"pa_yayinevi-inkilap-kitabevi","10":"pa_yazar-ibrahim-bakirhan","12":"first","13":"instock","14":"sale","15":"shipping-taxable","16":"purchasable","17":"product-type-simple"},"_links":{"self":[{"href":"https:\/\/roveyayinevi.com.tr\/index.php\/wp-json\/wp\/v2\/product\/736316","targetHints":{"allow":["GET"]}}],"collection":[{"href":"https:\/\/roveyayinevi.com.tr\/index.php\/wp-json\/wp\/v2\/product"}],"about":[{"href":"https:\/\/roveyayinevi.com.tr\/index.php\/wp-json\/wp\/v2\/types\/product"}],"wp:attachment":[{"href":"https:\/\/roveyayinevi.com.tr\/index.php\/wp-json\/wp\/v2\/media?parent=736316"}],"wp:term":[{"taxonomy":"product_brand","embeddable":true,"href":"https:\/\/roveyayinevi.com.tr\/index.php\/wp-json\/wp\/v2\/product_brand?post=736316"},{"taxonomy":"product_cat","embeddable":true,"href":"https:\/\/roveyayinevi.com.tr\/index.php\/wp-json\/wp\/v2\/product_cat?post=736316"},{"taxonomy":"product_tag","embeddable":true,"href":"https:\/\/roveyayinevi.com.tr\/index.php\/wp-json\/wp\/v2\/product_tag?post=736316"}],"curies":[{"name":"wp","href":"https:\/\/api.w.org\/{rel}","templated":true}]}}