{"id":736312,"date":"2025-08-27T23:05:20","date_gmt":"2025-08-27T20:05:20","guid":{"rendered":"https:\/\/roveyayinevi.com.tr\/index.php\/urun\/deri-ticareti-seruvenleri\/"},"modified":"2026-04-08T02:53:47","modified_gmt":"2026-04-07T23:53:47","slug":"deri-ticareti-seruvenleri","status":"publish","type":"product","link":"https:\/\/roveyayinevi.com.tr\/index.php\/urun\/deri-ticareti-seruvenleri\/","title":{"rendered":"Deri Ticareti Ser\u00fcvenleri"},"content":{"rendered":"<p>20. y\u00fczy\u0131l \u0130ngiliz \u015fiirinin \u00f6nde gelen adlar\u0131ndan Dylan Thomas\u2019\u0131n etkileyici \u00f6yk\u00fc derlemesi Deri Ticareti Ser\u00fcvenleri. Rastlant\u0131lara b\u0131rak\u0131lm\u0131\u015f se\u00e7imlerin, ak\u0131\u015f\u0131na b\u0131rak\u0131lm\u0131\u015f hayatlar\u0131n gitti\u011fi yollara kar\u0131\u015f\u0131yoruz kitapta. Bazen Jarvis tepelerinde \u0130sa\u2019n\u0131n ard\u0131ndan gidiyor, bazense kitaba ismini veren tamamlanmam\u0131\u015f roman\u0131n kahraman\u0131 Samuel Bennet\u2019e yolda\u015f oluyoruz. Londra\u2019ya hen\u00fcz gelip ilkgen\u00e7lik sanc\u0131lar\u0131 i\u00e7inde debelenen, kafas\u0131ndaki d\u00fc\u015fler ile ger\u00e7ekler aras\u0131ndaki k\u00f6pr\u00fcde iki ileri bir geri yol alan Samuel, parma\u011f\u0131na s\u0131k\u0131\u015f\u0131p onu komik duruma d\u00fc\u015f\u00fcren \u015fi\u015feyle beraber ba\u015flayan abs\u00fcrt olaylar silsilesiyle, hepimizi tahmin edilemez bir yola davet ediyor.Dylan Thomas, Deri Ticareti Ser\u00fcvenleri\u2019ndeki \u00f6yk\u00fclerinin her c\u00fcmlesinde yeni d\u00fc\u015flerle solu\u011fumuzu kesmekten hi\u00e7 mi hi\u00e7 imtina etmiyor.<\/p>\n","protected":false},"excerpt":{"rendered":"<p>20. y\u00fczy\u0131l \u0130ngiliz \u015fiirinin \u00f6nde gelen adlar\u0131ndan Dylan Thomas\u2019\u0131n etkileyici \u00f6yk\u00fc derlemesi Deri Ticareti Ser\u00fcvenleri. Rastlant\u0131lara b\u0131rak\u0131lm\u0131\u015f se\u00e7imlerin, ak\u0131\u015f\u0131na b\u0131rak\u0131lm\u0131\u015f hayatlar\u0131n gitti\u011fi yollara kar\u0131\u015f\u0131yoruz kitapta. Bazen<span class=\"excerpt-hellip\"> [\u2026]<\/span><\/p>\n","protected":false},"featured_media":0,"template":"","meta":{"_monsterinsights_skip_tracking":false,"_monsterinsights_sitenote_active":false,"_monsterinsights_sitenote_note":"","_monsterinsights_sitenote_category":0},"product_brand":[],"product_cat":[12291,12711],"product_tag":[],"class_list":{"0":"post-736312","1":"product","2":"type-product","3":"status-publish","5":"product_cat-edebiyat","6":"product_cat-roman-oyku","7":"pa_cilt-ciltsiz","8":"pa_tur-kitap","9":"pa_yayinevi-kirmizi-kedi-yayinevi","10":"pa_yazar-dylan-thomas","12":"first","13":"instock","14":"sale","15":"shipping-taxable","16":"purchasable","17":"product-type-simple"},"_links":{"self":[{"href":"https:\/\/roveyayinevi.com.tr\/index.php\/wp-json\/wp\/v2\/product\/736312","targetHints":{"allow":["GET"]}}],"collection":[{"href":"https:\/\/roveyayinevi.com.tr\/index.php\/wp-json\/wp\/v2\/product"}],"about":[{"href":"https:\/\/roveyayinevi.com.tr\/index.php\/wp-json\/wp\/v2\/types\/product"}],"wp:attachment":[{"href":"https:\/\/roveyayinevi.com.tr\/index.php\/wp-json\/wp\/v2\/media?parent=736312"}],"wp:term":[{"taxonomy":"product_brand","embeddable":true,"href":"https:\/\/roveyayinevi.com.tr\/index.php\/wp-json\/wp\/v2\/product_brand?post=736312"},{"taxonomy":"product_cat","embeddable":true,"href":"https:\/\/roveyayinevi.com.tr\/index.php\/wp-json\/wp\/v2\/product_cat?post=736312"},{"taxonomy":"product_tag","embeddable":true,"href":"https:\/\/roveyayinevi.com.tr\/index.php\/wp-json\/wp\/v2\/product_tag?post=736312"}],"curies":[{"name":"wp","href":"https:\/\/api.w.org\/{rel}","templated":true}]}}