{"id":736308,"date":"2025-08-27T23:05:16","date_gmt":"2025-08-27T20:05:16","guid":{"rendered":"https:\/\/roveyayinevi.com.tr\/index.php\/urun\/balkanlar-tarihi\/"},"modified":"2026-04-16T02:44:57","modified_gmt":"2026-04-15T23:44:57","slug":"balkanlar-tarihi","status":"publish","type":"product","link":"https:\/\/roveyayinevi.com.tr\/index.php\/urun\/balkanlar-tarihi\/","title":{"rendered":"Balkanlar Tarihi"},"content":{"rendered":"<p>Tarihsel ba\u011flamda bak\u0131ld\u0131\u011f\u0131nda, Balkanlar tam olarak tan\u0131mlanamayan, \u00fcrk\u00fct\u00fcc\u00fc bir b\u00f6lge olarak haf\u0131zalara kaz\u0131nm\u0131\u015f ve \u00e7o\u011fu zaman olumsuz noktalar\u0131 ile de\u011ferlendirilen, etnik \u00e7at\u0131\u015fmalar\u0131n oldu\u011fu, her daim yeni \u00e7at\u0131\u015fmalara gebe olan k\u00fc\u00e7\u00fck bir b\u00f6lge olarak g\u00f6r\u00fclm\u00fc\u015ft\u00fcr. Balkanlar Tarihi, Balkanlar\u0131 olumlu y\u00f6nleri ile ele alarak k\u00fclt\u00fcrel, tarihsel ve sosyal \u00f6zellikleri \u00f6n plana \u00e7\u0131kart\u0131yor ve b\u00f6lgedeki uyumu bizlere g\u00f6stermeyi ama\u00e7l\u0131yor. \u00dcnl\u00fc tarih\u00e7i Andrew Wachtel b\u00f6lgeyi d\u00fcnyan\u0131n en b\u00fcy\u00fck d\u00f6rt medeniyetinin birbiri ard\u0131na yerle\u015fti\u011fi, karma\u015f\u0131k, dinamik, bazen kolayca alev alan, \u00e7ok katmanl\u0131 yerel bir medeniyet olarak tan\u0131ml\u0131yor. Balkanlar, Antik Yunan ve Roma, Bizans \u0130mparatorlu\u011fu, Osmanl\u0131 \u0130mparatorlu\u011fu ve Katolik Avrupa k\u00fclt\u00fcrlerinin birbirleriyle kar\u015f\u0131la\u015ft\u0131\u011f\u0131, \u00e7at\u0131\u015ft\u0131\u011f\u0131, bazen de i\u00e7 i\u00e7e ge\u00e7ti\u011fi bir b\u00f6lgedir. Balkan tarihi, yerel halk\u0131n b\u00f6lgeye daha sonra gelen \u00e7e\u015fitli medeniyetlerden \u00f6d\u00fcn\u00e7 ald\u0131klar\u0131 geleneklerin toplam\u0131ndan olu\u015ftu\u011fu i\u00e7in d\u00fcnyadaki en ilgin\u00e7 ve karma\u015f\u0131k b\u00f6lgelerden biridir.<\/p>\n","protected":false},"excerpt":{"rendered":"<p>Tarihsel ba\u011flamda bak\u0131ld\u0131\u011f\u0131nda, Balkanlar tam olarak tan\u0131mlanamayan, \u00fcrk\u00fct\u00fcc\u00fc bir b\u00f6lge olarak haf\u0131zalara kaz\u0131nm\u0131\u015f ve \u00e7o\u011fu zaman olumsuz noktalar\u0131 ile de\u011ferlendirilen, etnik \u00e7at\u0131\u015fmalar\u0131n oldu\u011fu, her daim yeni<span class=\"excerpt-hellip\"> [\u2026]<\/span><\/p>\n","protected":false},"featured_media":0,"template":"","meta":{"_monsterinsights_skip_tracking":false,"_monsterinsights_sitenote_active":false,"_monsterinsights_sitenote_note":"","_monsterinsights_sitenote_category":0},"product_brand":[],"product_cat":[12370,12304],"product_tag":[],"class_list":{"0":"post-736308","1":"product","2":"type-product","3":"status-publish","5":"product_cat-arastirma-inceleme","6":"product_cat-tarih","7":"pa_cilt-ciltsiz","8":"pa_tur-kitap","9":"pa_yayinevi-inkilap-kitabevi","10":"pa_yazar-andrew-baruch-wachtel","12":"first","13":"instock","14":"sale","15":"shipping-taxable","16":"purchasable","17":"product-type-simple"},"_links":{"self":[{"href":"https:\/\/roveyayinevi.com.tr\/index.php\/wp-json\/wp\/v2\/product\/736308","targetHints":{"allow":["GET"]}}],"collection":[{"href":"https:\/\/roveyayinevi.com.tr\/index.php\/wp-json\/wp\/v2\/product"}],"about":[{"href":"https:\/\/roveyayinevi.com.tr\/index.php\/wp-json\/wp\/v2\/types\/product"}],"wp:attachment":[{"href":"https:\/\/roveyayinevi.com.tr\/index.php\/wp-json\/wp\/v2\/media?parent=736308"}],"wp:term":[{"taxonomy":"product_brand","embeddable":true,"href":"https:\/\/roveyayinevi.com.tr\/index.php\/wp-json\/wp\/v2\/product_brand?post=736308"},{"taxonomy":"product_cat","embeddable":true,"href":"https:\/\/roveyayinevi.com.tr\/index.php\/wp-json\/wp\/v2\/product_cat?post=736308"},{"taxonomy":"product_tag","embeddable":true,"href":"https:\/\/roveyayinevi.com.tr\/index.php\/wp-json\/wp\/v2\/product_tag?post=736308"}],"curies":[{"name":"wp","href":"https:\/\/api.w.org\/{rel}","templated":true}]}}

<p>Tarihsel bağlamda bakıldığında, Balkanlar tam olarak tanımlanamayan, ürkütücü bir bölge olarak hafızalara kazınmış ve çoğu zaman olumsuz noktaları ile değerlendirilen, etnik çatışmaların olduğu, her daim yeni çatışmalara gebe olan küçük bir bölge olarak görülmüştür. Balkanlar Tarihi, Balkanları olumlu yönleri ile ele alarak kültürel, tarihsel ve sosyal özellikleri ön plana çıkartıyor ve bölgedeki uyumu bizlere göstermeyi amaçlıyor. Ünlü tarihçi Andrew Wachtel bölgeyi dünyanın en büyük dört medeniyetinin birbiri ardına yerleştiği, karmaşık, dinamik, bazen kolayca alev alan, çok katmanlı yerel bir medeniyet olarak tanımlıyor. Balkanlar, Antik Yunan ve Roma, Bizans İmparatorluğu, Osmanlı İmparatorluğu ve Katolik Avrupa kültürlerinin birbirleriyle karşılaştığı, çatıştığı, bazen de iç içe geçtiği bir bölgedir. Balkan tarihi, yerel halkın bölgeye daha sonra gelen çeşitli medeniyetlerden ödünç aldıkları geleneklerin toplamından oluştuğu için dünyadaki en ilginç ve karmaşık bölgelerden biridir.</p>

<p>Tarihsel bağlamda bakıldığında, Balkanlar tam olarak tanımlanamayan, ürkütücü bir bölge olarak hafızalara kazınmış ve çoğu zaman olumsuz noktaları ile değerlendirilen, etnik çatışmaların olduğu, her daim yeni<span class="excerpt-hellip"> […]</span></p>
