{"id":736306,"date":"2025-08-27T23:05:14","date_gmt":"2025-08-27T20:05:14","guid":{"rendered":"https:\/\/roveyayinevi.com.tr\/index.php\/urun\/babamin-yeri\/"},"modified":"2026-04-16T02:44:57","modified_gmt":"2026-04-15T23:44:57","slug":"babamin-yeri","status":"publish","type":"product","link":"https:\/\/roveyayinevi.com.tr\/index.php\/urun\/babamin-yeri\/","title":{"rendered":"Babam\u0131n Yeri"},"content":{"rendered":"<p>Ernaux\u2019nun babas\u0131, k\u0131z\u0131 \u00f6\u011fretmenlik s\u0131navlar\u0131n\u0131 verdikten iki ay sonra \u00f6l\u00fcr. Yazar bu \u00f6l\u00fcm\u00fcn ard\u0131ndan, yetersiz e\u011fitim g\u00f6rm\u00fc\u015f, \u00e7ocuklu\u011fundan beri de\u011feri ancak kas g\u00fcc\u00fcyle \u00f6l\u00e7\u00fclm\u00fc\u015f babas\u0131n\u0131n i\u015f\u00e7ilikten k\u00fc\u00e7\u00fck esnafl\u0131\u011fa ge\u00e7i\u015fini, onun toplumsal konumunu ve kendisiyle ili\u015fkisini e\u015feler. Sat\u0131rlara d\u00f6k\u00fclenlerse dramatik hat\u0131ralar de\u011fil, bir portre \u00fczerinden anlat\u0131lan bir \u201cs\u0131n\u0131f\u201d hik\u00e2yesidir.   Babam\u0131n Yeri, bir adam\u0131n hem toplumun hem de k\u0131z\u0131n\u0131n g\u00f6z\u00fcndeki \u201cyer\u201dini irdeleyen, son derece ki\u015fisel bir konuyu sak\u0131nmadan, alabildi\u011fine yal\u0131n bir \u00fcslupla evrensele d\u00f6n\u00fc\u015ft\u00fcrerek aktaran bir metin.   \u201cDuygular\u0131n ve ketumlu\u011fun i\u00e7 i\u00e7e ge\u00e7ti\u011fi muazzam bir edeb\u00ee ba\u015far\u0131.\u201d Le Monde   \u201cErnaux, Simone de Beauvoir\u2019dan bir neslin tarihini tutan vakan\u00fcvis rol\u00fcn\u00fc miras ald\u0131.\u201d Margaret Drabble  <\/p>\n","protected":false},"excerpt":{"rendered":"<p>Ernaux\u2019nun babas\u0131, k\u0131z\u0131 \u00f6\u011fretmenlik s\u0131navlar\u0131n\u0131 verdikten iki ay sonra \u00f6l\u00fcr. Yazar bu \u00f6l\u00fcm\u00fcn ard\u0131ndan, yetersiz e\u011fitim g\u00f6rm\u00fc\u015f, \u00e7ocuklu\u011fundan beri de\u011feri ancak kas g\u00fcc\u00fcyle \u00f6l\u00e7\u00fclm\u00fc\u015f babas\u0131n\u0131n i\u015f\u00e7ilikten<span class=\"excerpt-hellip\"> [\u2026]<\/span><\/p>\n","protected":false},"featured_media":0,"template":"","meta":{"_monsterinsights_skip_tracking":false,"_monsterinsights_sitenote_active":false,"_monsterinsights_sitenote_note":"","_monsterinsights_sitenote_category":0},"product_brand":[],"product_cat":[12291,12711],"product_tag":[],"class_list":{"0":"post-736306","1":"product","2":"type-product","3":"status-publish","5":"product_cat-edebiyat","6":"product_cat-roman-oyku","7":"pa_cilt-ciltsiz","8":"pa_tur-kitap","9":"pa_yayinevi-can-yayinlari","10":"pa_yazar-annie-ernaux","12":"first","13":"instock","14":"sale","15":"shipping-taxable","16":"purchasable","17":"product-type-simple"},"_links":{"self":[{"href":"https:\/\/roveyayinevi.com.tr\/index.php\/wp-json\/wp\/v2\/product\/736306","targetHints":{"allow":["GET"]}}],"collection":[{"href":"https:\/\/roveyayinevi.com.tr\/index.php\/wp-json\/wp\/v2\/product"}],"about":[{"href":"https:\/\/roveyayinevi.com.tr\/index.php\/wp-json\/wp\/v2\/types\/product"}],"wp:attachment":[{"href":"https:\/\/roveyayinevi.com.tr\/index.php\/wp-json\/wp\/v2\/media?parent=736306"}],"wp:term":[{"taxonomy":"product_brand","embeddable":true,"href":"https:\/\/roveyayinevi.com.tr\/index.php\/wp-json\/wp\/v2\/product_brand?post=736306"},{"taxonomy":"product_cat","embeddable":true,"href":"https:\/\/roveyayinevi.com.tr\/index.php\/wp-json\/wp\/v2\/product_cat?post=736306"},{"taxonomy":"product_tag","embeddable":true,"href":"https:\/\/roveyayinevi.com.tr\/index.php\/wp-json\/wp\/v2\/product_tag?post=736306"}],"curies":[{"name":"wp","href":"https:\/\/api.w.org\/{rel}","templated":true}]}}