{"id":736303,"date":"2025-08-27T23:05:10","date_gmt":"2025-08-27T20:05:10","guid":{"rendered":"https:\/\/roveyayinevi.com.tr\/index.php\/urun\/bir-aci-hikaye-2\/"},"modified":"2026-04-16T02:44:57","modified_gmt":"2026-04-15T23:44:57","slug":"bir-aci-hikaye-2","status":"publish","type":"product","link":"https:\/\/roveyayinevi.com.tr\/index.php\/urun\/bir-aci-hikaye-2\/","title":{"rendered":"Bir Ac\u0131 Hikaye"},"content":{"rendered":"<p>Halid Ziya\u2019ya kadar, romanc\u0131 muhayyilesiyle do\u011fmu\u015f tek muharririmiz yoktur. Hepsi roman veya hik\u00e2ye yazmaya hevesli insanlard\u0131r. Ahmet Hamdi Tanp\u0131nar   \u201cBug\u00fcn h\u00e2l\u00e2 onun g\u00fczel simas\u0131, kara g\u00f6zleri, beyaz di\u015flerini g\u00f6steren tatl\u0131 tebess\u00fcm\u00fc, Kartaltepe kabrinin derinliklerinde ebediyen s\u00f6nm\u00fc\u015fken, ben ne zaman penceremden bah\u00e7emin kap\u0131s\u0131na baksam, Vedad geliyor, Vedad kap\u0131n\u0131n \u00f6n\u00fcnde ba\u015f\u0131n\u0131 kald\u0131r\u0131yor ve bi\u00e7are babas\u0131n\u0131 gene o tebess\u00fcm\u00fcyle selaml\u0131yor zannediyorum. Onun bu hayali hi\u00e7bir zaman g\u00f6zlerimden silinmeyecek.\u201d   Vedad U\u015fakl\u0131gil, 3 Aral\u0131k 1937 tarihinde Arnavutluk\u2019un Tiran \u015fehrinde b\u00fcy\u00fckel\u00e7ilikte g\u00f6revliyken intihar etmi\u015ftir. \u0130\u015fte Bir Ac\u0131 Hik\u00e2ye, Halid Ziya\u2019n\u0131n o\u011flu Vedad\u2019la ilgili hat\u0131ralar\u0131n\u0131 ele alan ve bu elemli hadise \u00fczerine e\u011filen bir eserdir. Evlat \u00f6l\u00fcm\u00fc gibi tahamm\u00fcl etmesi g\u00fc\u00e7 bir durumla y\u00fcz y\u00fcze gelen yazar, ya\u015fad\u0131klar\u0131n\u0131 ve \u0131st\u0131raplar\u0131n\u0131 yazarak kendini teskin etmeye \u00e7al\u0131\u015f\u0131r. Eserini yazarken nihayette kaleminden kan damlayaca\u011f\u0131n\u0131 ve derin \u0131st\u0131raplar duyaca\u011f\u0131n\u0131 bilse de hat\u0131ralar\u0131n\u0131 okurlarla payla\u015farak rahatlamak yolunu se\u00e7er. Bu t\u00fcr eserlerin bir ba\u015fka yaz\u0131l\u0131\u015f gayesi daha vard\u0131r ki o da yazar\u0131n vefat eden ki\u015fiye duydu\u011fu derin muhabbetle onu topra\u011fa teslim ettikten sonra da ya\u015fatmak istemesidir. Necati Tonga <\/p>\n","protected":false},"excerpt":{"rendered":"<p>Halid Ziya\u2019ya kadar, romanc\u0131 muhayyilesiyle do\u011fmu\u015f tek muharririmiz yoktur. Hepsi roman veya hik\u00e2ye yazmaya hevesli insanlard\u0131r. Ahmet Hamdi Tanp\u0131nar \u201cBug\u00fcn h\u00e2l\u00e2 onun g\u00fczel simas\u0131, kara g\u00f6zleri,<span class=\"excerpt-hellip\"> [\u2026]<\/span><\/p>\n","protected":false},"featured_media":0,"template":"","meta":{"_monsterinsights_skip_tracking":false,"_monsterinsights_sitenote_active":false,"_monsterinsights_sitenote_note":"","_monsterinsights_sitenote_category":0},"product_brand":[],"product_cat":[12291,12292],"product_tag":[],"class_list":{"0":"post-736303","1":"product","2":"type-product","3":"status-publish","5":"product_cat-edebiyat","6":"product_cat-turk-edebiyati","7":"pa_cilt-ciltsiz","8":"pa_tur-kitap","9":"pa_yayinevi-can-yayinlari","10":"pa_yazar-halit-ziya-usakligil","12":"first","13":"instock","14":"sale","15":"shipping-taxable","16":"purchasable","17":"product-type-simple"},"_links":{"self":[{"href":"https:\/\/roveyayinevi.com.tr\/index.php\/wp-json\/wp\/v2\/product\/736303","targetHints":{"allow":["GET"]}}],"collection":[{"href":"https:\/\/roveyayinevi.com.tr\/index.php\/wp-json\/wp\/v2\/product"}],"about":[{"href":"https:\/\/roveyayinevi.com.tr\/index.php\/wp-json\/wp\/v2\/types\/product"}],"wp:attachment":[{"href":"https:\/\/roveyayinevi.com.tr\/index.php\/wp-json\/wp\/v2\/media?parent=736303"}],"wp:term":[{"taxonomy":"product_brand","embeddable":true,"href":"https:\/\/roveyayinevi.com.tr\/index.php\/wp-json\/wp\/v2\/product_brand?post=736303"},{"taxonomy":"product_cat","embeddable":true,"href":"https:\/\/roveyayinevi.com.tr\/index.php\/wp-json\/wp\/v2\/product_cat?post=736303"},{"taxonomy":"product_tag","embeddable":true,"href":"https:\/\/roveyayinevi.com.tr\/index.php\/wp-json\/wp\/v2\/product_tag?post=736303"}],"curies":[{"name":"wp","href":"https:\/\/api.w.org\/{rel}","templated":true}]}}