{"id":736293,"date":"2025-08-27T23:05:02","date_gmt":"2025-08-27T20:05:02","guid":{"rendered":"https:\/\/roveyayinevi.com.tr\/index.php\/urun\/yapay-sinir-aglari-metodu-ile-turkiye-tavukculuk-sektoru-ihracat-tahmini-uygulamasi\/"},"modified":"2026-04-16T02:44:57","modified_gmt":"2026-04-15T23:44:57","slug":"yapay-sinir-aglari-metodu-ile-turkiye-tavukculuk-sektoru-ihracat-tahmini-uygulamasi","status":"publish","type":"product","link":"https:\/\/roveyayinevi.com.tr\/index.php\/urun\/yapay-sinir-aglari-metodu-ile-turkiye-tavukculuk-sektoru-ihracat-tahmini-uygulamasi\/","title":{"rendered":"Yapay Sinir A\u011flar\u0131 Metodu \u0130le T\u00fcrkiye Tavuk\u00e7uluk Sekt\u00f6r\u00fc \u0130hracat Tahmini Uygulamas\u0131"},"content":{"rendered":"<p>1.      B\u00d6L\u00dcM: Temel Kavramlar ve Tan\u0131mlar 2.      B\u00d6L\u00dcM: Tahmin Y\u00f6ntemleri 3.      B\u00d6L\u00dcM: Tavuk\u00e7uluk Sekt\u00f6r\u00fc Analizi 4.      B\u00d6L\u00dcM: Ysd Metodu \u0130le T\u00fcrkiye Tavuk\u00e7uluk Sekt\u00f6r\u00fc \u0130hracat Tahmin Uygulamas\u0131 <\/p>\n","protected":false},"excerpt":{"rendered":"<p>1. B\u00d6L\u00dcM: Temel Kavramlar ve Tan\u0131mlar 2. B\u00d6L\u00dcM: Tahmin Y\u00f6ntemleri 3. B\u00d6L\u00dcM: Tavuk\u00e7uluk Sekt\u00f6r\u00fc Analizi 4. B\u00d6L\u00dcM: Ysd Metodu \u0130le T\u00fcrkiye Tavuk\u00e7uluk Sekt\u00f6r\u00fc \u0130hracat Tahmin Uygulamas\u0131<\/p>\n","protected":false},"featured_media":0,"template":"","meta":{"_monsterinsights_skip_tracking":false,"_monsterinsights_sitenote_active":false,"_monsterinsights_sitenote_note":"","_monsterinsights_sitenote_category":0},"product_brand":[],"product_cat":[20333,13043],"product_tag":[],"class_list":{"0":"post-736293","1":"product","2":"type-product","3":"status-publish","5":"product_cat-diger-ekonomi","6":"product_cat-ekonomi","7":"pa_cilt-ciltsiz","8":"pa_tur-kitap","9":"pa_yayinevi-gazi-kitabevi","10":"pa_yazar-kamil-abdullah-esidir-serkan-metin","12":"first","13":"instock","14":"sale","15":"shipping-taxable","16":"purchasable","17":"product-type-simple"},"_links":{"self":[{"href":"https:\/\/roveyayinevi.com.tr\/index.php\/wp-json\/wp\/v2\/product\/736293","targetHints":{"allow":["GET"]}}],"collection":[{"href":"https:\/\/roveyayinevi.com.tr\/index.php\/wp-json\/wp\/v2\/product"}],"about":[{"href":"https:\/\/roveyayinevi.com.tr\/index.php\/wp-json\/wp\/v2\/types\/product"}],"wp:attachment":[{"href":"https:\/\/roveyayinevi.com.tr\/index.php\/wp-json\/wp\/v2\/media?parent=736293"}],"wp:term":[{"taxonomy":"product_brand","embeddable":true,"href":"https:\/\/roveyayinevi.com.tr\/index.php\/wp-json\/wp\/v2\/product_brand?post=736293"},{"taxonomy":"product_cat","embeddable":true,"href":"https:\/\/roveyayinevi.com.tr\/index.php\/wp-json\/wp\/v2\/product_cat?post=736293"},{"taxonomy":"product_tag","embeddable":true,"href":"https:\/\/roveyayinevi.com.tr\/index.php\/wp-json\/wp\/v2\/product_tag?post=736293"}],"curies":[{"name":"wp","href":"https:\/\/api.w.org\/{rel}","templated":true}]}}