{"id":736289,"date":"2025-08-27T23:04:59","date_gmt":"2025-08-27T20:04:59","guid":{"rendered":"https:\/\/roveyayinevi.com.tr\/index.php\/urun\/ekonomi-politika-ve-uygulamalarinin-ampirik-tahlili-iktisat-finans-maliye\/"},"modified":"2026-04-16T02:44:56","modified_gmt":"2026-04-15T23:44:56","slug":"ekonomi-politika-ve-uygulamalarinin-ampirik-tahlili-iktisat-finans-maliye","status":"publish","type":"product","link":"https:\/\/roveyayinevi.com.tr\/index.php\/urun\/ekonomi-politika-ve-uygulamalarinin-ampirik-tahlili-iktisat-finans-maliye\/","title":{"rendered":"Ekonomi Politika ve Uygulamalar\u0131n\u0131n Ampirik Tahlili &#8211; \u0130ktisat, Finans, Maliye"},"content":{"rendered":"<p>\u00b7         Financial Markets and Monetary Policy in Turkey in the Pandemic Period \u00b7         Determinants of Workers Remittances: The Case of OECD Countries \u00b7         Does Alcohol Consumption Affect Health Expenditures? An Evaluation in Terms of BRICS-T Countries \u00b7         OECD \u00dclkelerinde Reel Efektif D\u00f6viz Kuru ve Uluslararas\u0131 Sermaye Ak\u0131mlar\u0131 \u0130li\u015fkisinin Panel Veri Analizi \u00b7         Uluslararas\u0131 Ticaret ve \u00c7ocuk Sa\u011fl\u0131\u011f\u0131 \u0130li\u015fkisi: OECD \u00dclkeleri \u0130\u00e7in Heterojen Panel Nedensellik Analizi \u00b7         Uluslararas\u0131 Rekabet G\u00fcc\u00fc \u00dczerine Bir Uygulama: \u0130malat Sanayii \u00d6rne\u011fi \u00b7         Davran\u0131\u015fsal Finans A\u00e7\u0131s\u0131ndan Covid-19 Etkileri \u00b7         Ge\u00e7mi\u015ften G\u00fcn\u00fcm\u00fcze Ex-Post Reel Faiz Oranlar\u0131: T\u00fcrkiye \u00d6rne\u011fi \u00b7         Reel D\u00f6viz Kurlar\u0131, Belirsizlik ve T\u00fcrkiye\u2019ye Yap\u0131lan Yabanc\u0131 Yat\u0131r\u0131mlar \u00b7         Do\u011frudan Yabanc\u0131 Sermaye Yat\u0131r\u0131mlar\u0131n\u0131n Teknolojik \u00dcr\u00fcn \u0130hracat\u0131na Etkisi: T\u00fcrkiye ve BRICS \u00dclkeleri \u00dczerine \u0130nceleme \u00b7         Y\u00fcksek Katma De\u011ferli Sekt\u00f6rlerde Yeni Stratejik Varl\u0131k Arayan Do\u011frudan Yabanc\u0131 Yat\u0131r\u0131mlar ile E\u011fitim Harcamalar\u0131n\u0131n Analizi: T\u00fcrkiye \u00d6rne\u011fi \u00b7         Kat\u0131l\u0131m Bankalar\u0131nda Risk ve Mali Analiz Y\u00f6ntemlerinin Uygulanmas\u0131 \u00dczerine Bir Ara\u015ft\u0131rma \u00b7         2008 K\u00fcresel Finansal Krizinin T\u00fcrk Bankac\u0131l\u0131k Sekt\u00f6r\u00fcn\u00fcn Karl\u0131l\u0131\u011f\u0131na Etkisi \u00b7         K\u00fcreselle\u015fme Alt\u0131nda Ekonomik Karma\u015f\u0131kl\u0131k Enerji T\u00fcketimi ve \u00c7evresel Kirlilik D\u00fczeyi Aras\u0131ndaki \u0130li\u015fkinin \u0130ncelenmesi \u00b7         K\u00fcresel Dengesizliklerin Politik Ekonomisi \u00b7         Jeoekonomik G\u00fc\u00e7 M\u00fccadelesi \u00c7er\u00e7evesinde \u00c7in\u2019in K\u00fcresel G\u0131da Krizine Kar\u015f\u0131 G\u0131da Egemenli\u011fi Politikalar\u0131 \u00b7         T\u00fcrkiye\u2019de Yap\u0131sal K\u0131r\u0131lmalar Alt\u0131nda Cari A\u00e7\u0131\u011f\u0131n S\u00fcrd\u00fcr\u00fclebilirli\u011fi \u00b7         T\u00fcrkiye\u2019de Ekonomik Krizler ile D\u0131\u015f Bor\u00e7lanma \u0130li\u015fkisi \u00b7         T\u00fcrkiye\u2019de Enerji T\u00fcketimi ile Ekonomik B\u00fcy\u00fcme ve Finansal Geli\u015fme Aras\u0131ndaki \u0130li\u015fki: Ampirik Bir Analiz \u00b7         Do\u011fu Anadolu B\u00f6lgesinde TRB2 B\u00f6lgesinin Kalk\u0131nmas\u0131nda K\u00fc\u00e7\u00fckba\u015f Hayvanc\u0131l\u0131\u011f\u0131n \u00d6nemi: Mu\u015f \u0130li \u00d6rne\u011fi \u00b7         Sa\u011fl\u0131k Hizmetlerinin Bir Finansman Y\u00f6ntemi Olarak \u00d6zel Sa\u011fl\u0131k Sigortac\u0131l\u0131\u011f\u0131: T\u00fcrkiye A\u00e7\u0131s\u0131ndan Bir \u0130nceleme \u00b7         TOPSIS Modeli ile \u015eirketlerin Finansal Ba\u015far\u0131s\u0131zl\u0131k \u0130htimallerinin De\u011ferlendirilmesine Yeni Bir Bak\u0131\u015f A\u00e7\u0131s\u0131 \u00b7         T\u00fcrkiye\u2019de Gelir E\u015fitsizli\u011finin B\u00f6lgesel Analizi: E\u011fitim Gelir E\u015fitsizli\u011fini Azalt\u0131yor mu? \u00b7         Orta Gelir Tuza\u011f\u0131n\u0131n Ge\u00e7erlili\u011fi: D8 \u00dclkeleri \u00dczerine Ampirik Bir \u0130nceleme \u00b7         Gelir E\u015fitsizli\u011fi ve Kamu Sa\u011fl\u0131k Harcamalar\u0131 Aras\u0131ndaki \u0130li\u015fki: Bootstrap Panel Nedensellik Testinden Kan\u0131tlar \u00b7         Vergilendirmede Yasal G\u00fcvence ve \u0130lkeler: Yarg\u0131\u00e7 De\u011ferlendirmeleri \u00b7         Plastik Po\u015fetlerin \u00dccretlendirilmesinin Vergisel Alg\u0131s\u0131: Sakarya \u0130li \u00d6rne\u011fi \u00b7         T\u00fcrkiye\u2019de Vergi Aflar\u0131n\u0131n Vergi Geliri A\u00e7\u0131s\u0131ndan De\u011ferlendirilmesi \u00b7         TRB2 ve TRA1 B\u00f6lgelerinde Ekonomik Kalk\u0131nma ve Yoksulluk \u0130li\u015fkisi \u00dczerine Bir Ara\u015ft\u0131rma \u00b7         \u0130\u015fsizlik Oran\u0131 A\u00e7\u0131s\u0131ndan Ulusal ve Uluslararas\u0131 Kar\u015f\u0131la\u015ft\u0131rmalar \u00b7         Ekonomilerde Enerji Etkinli\u011fi Esneklik Katsay\u0131lar\u0131 \u00b7         D\u00fcnyada Ekolojik Denge \u00dczerinde \u015eoklar\u0131n Etkisinin Ampirik Analizi \u00b7         Yapay Sinir A\u011flar\u0131 ve \u00dcstel D\u00fczle\u015ftirme Y\u00f6ntemi \u00b7         \u0130klim De\u011fi\u015fikli\u011finin Ekonomik B\u00fcy\u00fcmeye Zarar\u0131 Var m\u0131d\u0131r: Geli\u015fmekte Olan \u00dclkeler \u00d6rne\u011fi \u00b7         Turizm Gelirleri ve Ekonomik B\u00fcy\u00fcme Aras\u0131ndaki \u0130li\u015fkinin Analizi: T\u00fcrkiye \u00d6rne\u011fi <\/p>\n","protected":false},"excerpt":{"rendered":"<p>\u00b7 Financial Markets and Monetary Policy in Turkey in the Pandemic Period \u00b7 Determinants of Workers Remittances: The Case of OECD Countries \u00b7 Does Alcohol Consumption<span class=\"excerpt-hellip\"> [\u2026]<\/span><\/p>\n","protected":false},"featured_media":0,"template":"","meta":{"_monsterinsights_skip_tracking":false,"_monsterinsights_sitenote_active":false,"_monsterinsights_sitenote_note":"","_monsterinsights_sitenote_category":0},"product_brand":[],"product_cat":[13043,14381],"product_tag":[],"class_list":{"0":"post-736289","1":"product","2":"type-product","3":"status-publish","5":"product_cat-ekonomi","6":"product_cat-isletme-muhasebe-maliye","7":"pa_cilt-ciltsiz","8":"pa_tur-kitap","9":"pa_yayinevi-gazi-kitabevi","10":"pa_yazar-sahin-karabulut","12":"first","13":"instock","14":"sale","15":"shipping-taxable","16":"purchasable","17":"product-type-simple"},"_links":{"self":[{"href":"https:\/\/roveyayinevi.com.tr\/index.php\/wp-json\/wp\/v2\/product\/736289","targetHints":{"allow":["GET"]}}],"collection":[{"href":"https:\/\/roveyayinevi.com.tr\/index.php\/wp-json\/wp\/v2\/product"}],"about":[{"href":"https:\/\/roveyayinevi.com.tr\/index.php\/wp-json\/wp\/v2\/types\/product"}],"wp:attachment":[{"href":"https:\/\/roveyayinevi.com.tr\/index.php\/wp-json\/wp\/v2\/media?parent=736289"}],"wp:term":[{"taxonomy":"product_brand","embeddable":true,"href":"https:\/\/roveyayinevi.com.tr\/index.php\/wp-json\/wp\/v2\/product_brand?post=736289"},{"taxonomy":"product_cat","embeddable":true,"href":"https:\/\/roveyayinevi.com.tr\/index.php\/wp-json\/wp\/v2\/product_cat?post=736289"},{"taxonomy":"product_tag","embeddable":true,"href":"https:\/\/roveyayinevi.com.tr\/index.php\/wp-json\/wp\/v2\/product_tag?post=736289"}],"curies":[{"name":"wp","href":"https:\/\/api.w.org\/{rel}","templated":true}]}}