{"id":736282,"date":"2025-08-27T23:04:51","date_gmt":"2025-08-27T20:04:51","guid":{"rendered":"https:\/\/roveyayinevi.com.tr\/index.php\/urun\/baykus\/"},"modified":"2026-04-16T02:44:56","modified_gmt":"2026-04-15T23:44:56","slug":"baykus","status":"publish","type":"product","link":"https:\/\/roveyayinevi.com.tr\/index.php\/urun\/baykus\/","title":{"rendered":"Bayku\u015f"},"content":{"rendered":"<p>Bayku\u015f\u2019un asl\u0131nda sakin ve g\u00fczel bir ya\u015fam\u0131 vard\u0131. Annesinin, ad\u0131n\u0131 Bayku\u015f koymas\u0131 biraz tuhaf olsa da \u00e7ok \u00f6nemli gibi g\u00f6r\u00fcnm\u00fcyordu. Ger\u00e7i a\u00e7\u0131k sar\u0131 sa\u00e7lar\u0131 ve dikkat \u00e7ekici y\u00fcz hatlar\u0131yla yeterince dikkat \u00e7ekiyordu, \u00fcst\u00fcne b\u00f6yle bir ad\u0131 olmas\u0131 gereksizdi. Ancak yine de s\u0131radan bir ya\u015fam\u0131 olan, s\u0131radan bir k\u0131zd\u0131. Sonra bir g\u00fcn dokundu\u011fu e\u015fyalar\u0131 dondurmaya, sa\u00e7\u0131ndan k\u0131ra\u011f\u0131 ya\u011fmaya ba\u015flad\u0131. Baz\u0131 acayip yarat\u0131klar\u0131n onu izlemesi de endi\u015felerini art\u0131r\u0131yordu. Her \u015fey daha garip olamaz derken, Bayku\u015f babas\u0131yla tan\u0131\u015ft\u0131. \u0130\u015fte o andan sonra olaylar kontrolden \u00e7\u0131kt\u0131. Kar, buz ve heyecan dolu, s\u00fcr\u00fckleyici bir macera\u2026 <\/p>\n","protected":false},"excerpt":{"rendered":"<p>Bayku\u015f\u2019un asl\u0131nda sakin ve g\u00fczel bir ya\u015fam\u0131 vard\u0131. Annesinin, ad\u0131n\u0131 Bayku\u015f koymas\u0131 biraz tuhaf olsa da \u00e7ok \u00f6nemli gibi g\u00f6r\u00fcnm\u00fcyordu. Ger\u00e7i a\u00e7\u0131k sar\u0131 sa\u00e7lar\u0131 ve dikkat<span class=\"excerpt-hellip\"> [\u2026]<\/span><\/p>\n","protected":false},"featured_media":0,"template":"","meta":{"_monsterinsights_skip_tracking":false,"_monsterinsights_sitenote_active":false,"_monsterinsights_sitenote_note":"","_monsterinsights_sitenote_category":0},"product_brand":[],"product_cat":[12274,12284],"product_tag":[],"class_list":{"0":"post-736282","1":"product","2":"type-product","3":"status-publish","5":"product_cat-cocuk-ve-genclik-kitaplari","6":"product_cat-hikayeler","7":"pa_cilt-ciltsiz","8":"pa_tur-kitap","9":"pa_yayinevi-is-bankasi-kultur-yayinlari","10":"pa_yazar-amy-wilson","12":"first","13":"instock","14":"sale","15":"shipping-taxable","16":"purchasable","17":"product-type-simple"},"_links":{"self":[{"href":"https:\/\/roveyayinevi.com.tr\/index.php\/wp-json\/wp\/v2\/product\/736282","targetHints":{"allow":["GET"]}}],"collection":[{"href":"https:\/\/roveyayinevi.com.tr\/index.php\/wp-json\/wp\/v2\/product"}],"about":[{"href":"https:\/\/roveyayinevi.com.tr\/index.php\/wp-json\/wp\/v2\/types\/product"}],"wp:attachment":[{"href":"https:\/\/roveyayinevi.com.tr\/index.php\/wp-json\/wp\/v2\/media?parent=736282"}],"wp:term":[{"taxonomy":"product_brand","embeddable":true,"href":"https:\/\/roveyayinevi.com.tr\/index.php\/wp-json\/wp\/v2\/product_brand?post=736282"},{"taxonomy":"product_cat","embeddable":true,"href":"https:\/\/roveyayinevi.com.tr\/index.php\/wp-json\/wp\/v2\/product_cat?post=736282"},{"taxonomy":"product_tag","embeddable":true,"href":"https:\/\/roveyayinevi.com.tr\/index.php\/wp-json\/wp\/v2\/product_tag?post=736282"}],"curies":[{"name":"wp","href":"https:\/\/api.w.org\/{rel}","templated":true}]}}